{"id":27708,"date":"2026-03-09T07:15:19","date_gmt":"2026-03-09T06:15:19","guid":{"rendered":"https:\/\/formandrefine.com\/materials\/bejdse\/"},"modified":"2026-03-23T11:55:36","modified_gmt":"2026-03-23T10:55:36","slug":"bejdse","status":"publish","type":"adt_materials","link":"https:\/\/formandrefine.com\/da\/materials\/bejdse\/","title":{"rendered":"Bejdse"},"content":{"rendered":"<p><span class=\"TextRun SCXW162239894 BCX0\" lang=\"DA-DK\" xml_lang=\"DA-DK\" data-contrast=\"none\"><span class=\"NormalTextRun SCXW162239894 BCX0\">I takt med at vi har introduceret flere tr\u00e6sorter i vores sortiment, er vi begyndt at a<\/span><span class=\"NormalTextRun SCXW162239894 BCX0\">rbejde med bejdser<\/span><span class=\"NormalTextRun SCXW162239894 BCX0\">. Farvepigmentet i bejdserne<\/span><span class=\"NormalTextRun SCXW162239894 BCX0\"> giver os mulighed for at udforske nye udtryk inden for vores eksisterende designs <\/span><span class=\"NormalTextRun SCXW162239894 BCX0\">og <\/span><span class=\"NormalTextRun SCXW162239894 BCX0\">understrege tr\u00e6ets naturlige kvaliteter<\/span><span class=\"NormalTextRun SCXW162239894 BCX0\">, da \u00e5restrukturen og dybden i materialet fremh\u00e6ves.<\/span> <\/span><span class=\"LineBreakBlob BlobObject DragDrop SCXW162239894 BCX0\"><span class=\"SCXW162239894 BCX0\">\u00a0<\/span><br class=\"SCXW162239894 BCX0\" \/><\/span><span class=\"LineBreakBlob BlobObject DragDrop SCXW162239894 BCX0\"><span class=\"SCXW162239894 BCX0\">\u00a0<\/span><br class=\"SCXW162239894 BCX0\" \/><\/span><span class=\"TextRun SCXW162239894 BCX0\" lang=\"DA-DK\" xml_lang=\"DA-DK\" data-contrast=\"none\"><span class=\"NormalTextRun SCXW162239894 BCX0\">Bejdsning g\u00f8r det <\/span><span class=\"NormalTextRun SCXW162239894 BCX0\">samtidig <\/span><span class=\"NormalTextRun SCXW162239894 BCX0\">muligt for os at udvide kollektionen <\/span><span class=\"NormalTextRun SCXW162239894 BCX0\">og<\/span><span class=\"NormalTextRun SCXW162239894 BCX0\"> tilf\u00f8re nye nuancer og udtryk uden at introducere helt nye konstruktion<\/span><span class=\"NormalTextRun SCXW162239894 BCX0\">s-<\/span><span class=\"NormalTextRun SCXW162239894 BCX0\"> eller produktionsmetoder. <\/span><span class=\"NormalTextRun SCXW162239894 BCX0\">Dermed<\/span><span class=\"NormalTextRun SCXW162239894 BCX0\"> underst\u00f8tter<\/span><span class=\"NormalTextRun SCXW162239894 BCX0\"> brugen af bejdser<\/span><span class=\"NormalTextRun SCXW162239894 BCX0\"> en mere bevidst anvendelse af ressourcer<\/span><span class=\"NormalTextRun SCXW162239894 BCX0\">,<\/span> <span class=\"NormalTextRun SCXW162239894 BCX0\">forl\u00e6nger <\/span><span class=\"NormalTextRun SCXW162239894 BCX0\">relevansen af eksisterende designs og skaber st\u00f8rre fleksibilitet i sortimentet.<\/span><\/span><span class=\"LineBreakBlob BlobObject DragDrop SCXW162239894 BCX0\"><span class=\"SCXW162239894 BCX0\">\u00a0<\/span><br class=\"SCXW162239894 BCX0\" \/><\/span><span class=\"LineBreakBlob BlobObject DragDrop SCXW162239894 BCX0\"><span class=\"SCXW162239894 BCX0\">\u00a0<\/span><br class=\"SCXW162239894 BCX0\" \/><\/span><span class=\"TextRun SCXW162239894 BCX0\" lang=\"DA-DK\" xml_lang=\"DA-DK\" data-contrast=\"none\"><span class=\"NormalTextRun SCXW162239894 BCX0\">Ved at arbejde med bejdser og farver direkte i tr\u00e6et skaber vi nye muligheder, samtidig med at vi fastholder vores fokus p\u00e5 materialernes \u00e6rlighed, holdbarhed og langtidsholdbart design.<\/span><\/span><span class=\"EOP SCXW162239894 BCX0\" data-ccp-props=\"{&quot;134233117&quot;:true,&quot;134233118&quot;:true}\">\u00a0<\/span><\/p>\n","protected":false},"featured_media":27679,"template":"","class_list":["post-27708","adt_materials","type-adt_materials","status-publish","has-post-thumbnail","hentry"],"acf":[],"yoast_head":"<!-- This site is optimized with the Yoast SEO plugin v25.9 - https:\/\/yoast.com\/wordpress\/plugins\/seo\/ -->\n<title>Bejdse - Form &amp; Refine<\/title>\n<meta name=\"robots\" content=\"index, follow, max-snippet:-1, max-image-preview:large, max-video-preview:-1\" \/>\n<link rel=\"canonical\" href=\"https:\/\/formandrefine.com\/da\/materials\/bejdse\/\" \/>\n<meta property=\"og:locale\" content=\"da_DK\" \/>\n<meta property=\"og:type\" content=\"article\" \/>\n<meta property=\"og:title\" content=\"Bejdse - Form &amp; Refine\" \/>\n<meta property=\"og:description\" content=\"I takt med at vi har introduceret flere tr\u00e6sorter i vores sortiment, er vi begyndt at arbejde med bejdser. Farvepigmentet i bejdserne giver os mulighed for at udforske nye udtryk inden for vores eksisterende designs og understrege tr\u00e6ets naturlige kvaliteter, da \u00e5restrukturen og dybden i materialet fremh\u00e6ves. \u00a0\u00a0Bejdsning g\u00f8r det samtidig muligt for os at [...]\" \/>\n<meta property=\"og:url\" content=\"https:\/\/formandrefine.com\/da\/materials\/bejdse\/\" \/>\n<meta property=\"og:site_name\" content=\"Form &amp; Refine\" \/>\n<meta property=\"article:modified_time\" content=\"2026-03-23T10:55:36+00:00\" \/>\n<meta property=\"og:image\" content=\"https:\/\/formandrefine.com\/wp-content\/uploads\/2026\/03\/Stain_wide-7.webp\" \/>\n\t<meta property=\"og:image:width\" content=\"1920\" \/>\n\t<meta property=\"og:image:height\" content=\"1080\" \/>\n\t<meta property=\"og:image:type\" content=\"image\/webp\" \/>\n<meta name=\"twitter:card\" content=\"summary_large_image\" \/>\n<meta name=\"twitter:label1\" content=\"Estimeret l\u00e6setid\" \/>\n\t<meta name=\"twitter:data1\" content=\"1 minut\" \/>\n<script type=\"application\/ld+json\" class=\"yoast-schema-graph\">{\"@context\":\"https:\/\/schema.org\",\"@graph\":[{\"@type\":\"WebPage\",\"@id\":\"https:\/\/formandrefine.com\/da\/materials\/bejdse\/\",\"url\":\"https:\/\/formandrefine.com\/da\/materials\/bejdse\/\",\"name\":\"Bejdse - Form &amp; Refine\",\"isPartOf\":{\"@id\":\"https:\/\/formandrefine.com\/#website\"},\"primaryImageOfPage\":{\"@id\":\"https:\/\/formandrefine.com\/da\/materials\/bejdse\/#primaryimage\"},\"image\":{\"@id\":\"https:\/\/formandrefine.com\/da\/materials\/bejdse\/#primaryimage\"},\"thumbnailUrl\":\"https:\/\/formandrefine.com\/wp-content\/uploads\/2026\/03\/Stain_wide-7.webp\",\"datePublished\":\"2026-03-09T06:15:19+00:00\",\"dateModified\":\"2026-03-23T10:55:36+00:00\",\"breadcrumb\":{\"@id\":\"https:\/\/formandrefine.com\/da\/materials\/bejdse\/#breadcrumb\"},\"inLanguage\":\"da-DK\",\"potentialAction\":[{\"@type\":\"ReadAction\",\"target\":[\"https:\/\/formandrefine.com\/da\/materials\/bejdse\/\"]}]},{\"@type\":\"ImageObject\",\"inLanguage\":\"da-DK\",\"@id\":\"https:\/\/formandrefine.com\/da\/materials\/bejdse\/#primaryimage\",\"url\":\"https:\/\/formandrefine.com\/wp-content\/uploads\/2026\/03\/Stain_wide-7.webp\",\"contentUrl\":\"https:\/\/formandrefine.com\/wp-content\/uploads\/2026\/03\/Stain_wide-7.webp\",\"width\":1920,\"height\":1080},{\"@type\":\"BreadcrumbList\",\"@id\":\"https:\/\/formandrefine.com\/da\/materials\/bejdse\/#breadcrumb\",\"itemListElement\":[{\"@type\":\"ListItem\",\"position\":1,\"name\":\"Home\",\"item\":\"https:\/\/formandrefine.com\/da\/\"},{\"@type\":\"ListItem\",\"position\":2,\"name\":\"Materials\",\"item\":\"https:\/\/formandrefine.com\/da\/materials\/\"},{\"@type\":\"ListItem\",\"position\":3,\"name\":\"Bejdse\"}]},{\"@type\":\"WebSite\",\"@id\":\"https:\/\/formandrefine.com\/#website\",\"url\":\"https:\/\/formandrefine.com\/\",\"name\":\"Form &amp; Refine\",\"description\":\"Form and Refine is a Danish design brand. We form collections of Nordic design that will refine as the years progress.\",\"potentialAction\":[{\"@type\":\"SearchAction\",\"target\":{\"@type\":\"EntryPoint\",\"urlTemplate\":\"https:\/\/formandrefine.com\/?s={search_term_string}\"},\"query-input\":{\"@type\":\"PropertyValueSpecification\",\"valueRequired\":true,\"valueName\":\"search_term_string\"}}],\"inLanguage\":\"da-DK\"}]}<\/script>\n<!-- \/ Yoast SEO plugin. -->","yoast_head_json":{"title":"Bejdse - Form &amp; Refine","robots":{"index":"index","follow":"follow","max-snippet":"max-snippet:-1","max-image-preview":"max-image-preview:large","max-video-preview":"max-video-preview:-1"},"canonical":"https:\/\/formandrefine.com\/da\/materials\/bejdse\/","og_locale":"da_DK","og_type":"article","og_title":"Bejdse - Form &amp; Refine","og_description":"I takt med at vi har introduceret flere tr\u00e6sorter i vores sortiment, er vi begyndt at arbejde med bejdser. Farvepigmentet i bejdserne giver os mulighed for at udforske nye udtryk inden for vores eksisterende designs og understrege tr\u00e6ets naturlige kvaliteter, da \u00e5restrukturen og dybden i materialet fremh\u00e6ves. \u00a0\u00a0Bejdsning g\u00f8r det samtidig muligt for os at [...]","og_url":"https:\/\/formandrefine.com\/da\/materials\/bejdse\/","og_site_name":"Form &amp; Refine","article_modified_time":"2026-03-23T10:55:36+00:00","og_image":[{"width":1920,"height":1080,"url":"https:\/\/formandrefine.com\/wp-content\/uploads\/2026\/03\/Stain_wide-7.webp","type":"image\/webp"}],"twitter_card":"summary_large_image","twitter_misc":{"Estimeret l\u00e6setid":"1 minut"},"schema":{"@context":"https:\/\/schema.org","@graph":[{"@type":"WebPage","@id":"https:\/\/formandrefine.com\/da\/materials\/bejdse\/","url":"https:\/\/formandrefine.com\/da\/materials\/bejdse\/","name":"Bejdse - Form &amp; Refine","isPartOf":{"@id":"https:\/\/formandrefine.com\/#website"},"primaryImageOfPage":{"@id":"https:\/\/formandrefine.com\/da\/materials\/bejdse\/#primaryimage"},"image":{"@id":"https:\/\/formandrefine.com\/da\/materials\/bejdse\/#primaryimage"},"thumbnailUrl":"https:\/\/formandrefine.com\/wp-content\/uploads\/2026\/03\/Stain_wide-7.webp","datePublished":"2026-03-09T06:15:19+00:00","dateModified":"2026-03-23T10:55:36+00:00","breadcrumb":{"@id":"https:\/\/formandrefine.com\/da\/materials\/bejdse\/#breadcrumb"},"inLanguage":"da-DK","potentialAction":[{"@type":"ReadAction","target":["https:\/\/formandrefine.com\/da\/materials\/bejdse\/"]}]},{"@type":"ImageObject","inLanguage":"da-DK","@id":"https:\/\/formandrefine.com\/da\/materials\/bejdse\/#primaryimage","url":"https:\/\/formandrefine.com\/wp-content\/uploads\/2026\/03\/Stain_wide-7.webp","contentUrl":"https:\/\/formandrefine.com\/wp-content\/uploads\/2026\/03\/Stain_wide-7.webp","width":1920,"height":1080},{"@type":"BreadcrumbList","@id":"https:\/\/formandrefine.com\/da\/materials\/bejdse\/#breadcrumb","itemListElement":[{"@type":"ListItem","position":1,"name":"Home","item":"https:\/\/formandrefine.com\/da\/"},{"@type":"ListItem","position":2,"name":"Materials","item":"https:\/\/formandrefine.com\/da\/materials\/"},{"@type":"ListItem","position":3,"name":"Bejdse"}]},{"@type":"WebSite","@id":"https:\/\/formandrefine.com\/#website","url":"https:\/\/formandrefine.com\/","name":"Form &amp; Refine","description":"Form and Refine is a Danish design brand. We form collections of Nordic design that will refine as the years progress.","potentialAction":[{"@type":"SearchAction","target":{"@type":"EntryPoint","urlTemplate":"https:\/\/formandrefine.com\/?s={search_term_string}"},"query-input":{"@type":"PropertyValueSpecification","valueRequired":true,"valueName":"search_term_string"}}],"inLanguage":"da-DK"}]}},"_links":{"self":[{"href":"https:\/\/formandrefine.com\/da\/wp-json\/wp\/v2\/adt_materials\/27708","targetHints":{"allow":["GET"]}}],"collection":[{"href":"https:\/\/formandrefine.com\/da\/wp-json\/wp\/v2\/adt_materials"}],"about":[{"href":"https:\/\/formandrefine.com\/da\/wp-json\/wp\/v2\/types\/adt_materials"}],"wp:featuredmedia":[{"embeddable":true,"href":"https:\/\/formandrefine.com\/da\/wp-json\/wp\/v2\/media\/27679"}],"wp:attachment":[{"href":"https:\/\/formandrefine.com\/da\/wp-json\/wp\/v2\/media?parent=27708"}],"curies":[{"name":"wp","href":"https:\/\/api.w.org\/{rel}","templated":true}]}}

<p><span class="TextRun SCXW162239894 BCX0" lang="DA-DK" xml_lang="DA-DK" data-contrast="none"><span class="NormalTextRun SCXW162239894 BCX0">I takt med at vi har introduceret flere træsorter i vores sortiment, er vi begyndt at a</span><span class="NormalTextRun SCXW162239894 BCX0">rbejde med bejdser</span><span class="NormalTextRun SCXW162239894 BCX0">. Farvepigmentet i bejdserne</span><span class="NormalTextRun SCXW162239894 BCX0"> giver os mulighed for at udforske nye udtryk inden for vores eksisterende designs </span><span class="NormalTextRun SCXW162239894 BCX0">og </span><span class="NormalTextRun SCXW162239894 BCX0">understrege træets naturlige kvaliteter</span><span class="NormalTextRun SCXW162239894 BCX0">, da årestrukturen og dybden i materialet fremhæves.</span> </span><span class="LineBreakBlob BlobObject DragDrop SCXW162239894 BCX0"><span class="SCXW162239894 BCX0"> </span><br class="SCXW162239894 BCX0" /></span><span class="LineBreakBlob BlobObject DragDrop SCXW162239894 BCX0"><span class="SCXW162239894 BCX0"> </span><br class="SCXW162239894 BCX0" /></span><span class="TextRun SCXW162239894 BCX0" lang="DA-DK" xml_lang="DA-DK" data-contrast="none"><span class="NormalTextRun SCXW162239894 BCX0">Bejdsning gør det </span><span class="NormalTextRun SCXW162239894 BCX0">samtidig </span><span class="NormalTextRun SCXW162239894 BCX0">muligt for os at udvide kollektionen </span><span class="NormalTextRun SCXW162239894 BCX0">og</span><span class="NormalTextRun SCXW162239894 BCX0"> tilføre nye nuancer og udtryk uden at introducere helt nye konstruktion</span><span class="NormalTextRun SCXW162239894 BCX0">s-</span><span class="NormalTextRun SCXW162239894 BCX0"> eller produktionsmetoder. </span><span class="NormalTextRun SCXW162239894 BCX0">Dermed</span><span class="NormalTextRun SCXW162239894 BCX0"> understøtter</span><span class="NormalTextRun SCXW162239894 BCX0"> brugen af bejdser</span><span class="NormalTextRun SCXW162239894 BCX0"> en mere bevidst anvendelse af ressourcer</span><span class="NormalTextRun SCXW162239894 BCX0">,</span> <span class="NormalTextRun SCXW162239894 BCX0">forlænger </span><span class="NormalTextRun SCXW162239894 BCX0">relevansen af eksisterende designs og skaber større fleksibilitet i sortimentet.</span></span><span class="LineBreakBlob BlobObject DragDrop SCXW162239894 BCX0"><span class="SCXW162239894 BCX0"> </span><br class="SCXW162239894 BCX0" /></span><span class="LineBreakBlob BlobObject DragDrop SCXW162239894 BCX0"><span class="SCXW162239894 BCX0"> </span><br class="SCXW162239894 BCX0" /></span><span class="TextRun SCXW162239894 BCX0" lang="DA-DK" xml_lang="DA-DK" data-contrast="none"><span class="NormalTextRun SCXW162239894 BCX0">Ved at arbejde med bejdser og farver direkte i træet skaber vi nye muligheder, samtidig med at vi fastholder vores fokus på materialernes ærlighed, holdbarhed og langtidsholdbart design.</span></span><span class="EOP SCXW162239894 BCX0" data-ccp-props="{&quot;134233117&quot;:true,&quot;134233118&quot;:true}"> </span></p>

<!-- This site is optimized with the Yoast SEO plugin v25.9 - https://yoast.com/wordpress/plugins/seo/ -->
<title>Bejdse - Form &amp; Refine</title>
<meta name="robots" content="index, follow, max-snippet:-1, max-image-preview:large, max-video-preview:-1" />
<link rel="canonical" href="https://formandrefine.com/da/materials/bejdse/" />
<meta property="og:locale" content="da_DK" />
<meta property="og:type" content="article" />
<meta property="og:title" content="Bejdse - Form &amp; Refine" />
<meta property="og:description" content="I takt med at vi har introduceret flere træsorter i vores sortiment, er vi begyndt at arbejde med bejdser. Farvepigmentet i bejdserne giver os mulighed for at udforske nye udtryk inden for vores eksisterende designs og understrege træets naturlige kvaliteter, da årestrukturen og dybden i materialet fremhæves.   Bejdsning gør det samtidig muligt for os at [...]" />
<meta property="og:url" content="https://formandrefine.com/da/materials/bejdse/" />
<meta property="og:site_name" content="Form &amp; Refine" />
<meta property="article:modified_time" content="2026-03-23T10:55:36+00:00" />
<meta property="og:image" content="https://formandrefine.com/wp-content/uploads/2026/03/Stain_wide-7.webp" />
	<meta property="og:image:width" content="1920" />
	<meta property="og:image:height" content="1080" />
	<meta property="og:image:type" content="image/webp" />
<meta name="twitter:card" content="summary_large_image" />
<meta name="twitter:label1" content="Estimeret læsetid" />
	<meta name="twitter:data1" content="1 minut" />
<script type="application/ld+json" class="yoast-schema-graph">{"@context":"https://schema.org","@graph":[{"@type":"WebPage","@id":"https://formandrefine.com/da/materials/bejdse/","url":"https://formandrefine.com/da/materials/bejdse/","name":"Bejdse - Form &amp; Refine","isPartOf":{"@id":"https://formandrefine.com/#website"},"primaryImageOfPage":{"@id":"https://formandrefine.com/da/materials/bejdse/#primaryimage"},"image":{"@id":"https://formandrefine.com/da/materials/bejdse/#primaryimage"},"thumbnailUrl":"https://formandrefine.com/wp-content/uploads/2026/03/Stain_wide-7.webp","datePublished":"2026-03-09T06:15:19+00:00","dateModified":"2026-03-23T10:55:36+00:00","breadcrumb":{"@id":"https://formandrefine.com/da/materials/bejdse/#breadcrumb"},"inLanguage":"da-DK","potentialAction":[{"@type":"ReadAction","target":["https://formandrefine.com/da/materials/bejdse/"]}]},{"@type":"ImageObject","inLanguage":"da-DK","@id":"https://formandrefine.com/da/materials/bejdse/#primaryimage","url":"https://formandrefine.com/wp-content/uploads/2026/03/Stain_wide-7.webp","contentUrl":"https://formandrefine.com/wp-content/uploads/2026/03/Stain_wide-7.webp","width":1920,"height":1080},{"@type":"BreadcrumbList","@id":"https://formandrefine.com/da/materials/bejdse/#breadcrumb","itemListElement":[{"@type":"ListItem","position":1,"name":"Home","item":"https://formandrefine.com/da/"},{"@type":"ListItem","position":2,"name":"Materials","item":"https://formandrefine.com/da/materials/"},{"@type":"ListItem","position":3,"name":"Bejdse"}]},{"@type":"WebSite","@id":"https://formandrefine.com/#website","url":"https://formandrefine.com/","name":"Form &amp; Refine","description":"Form and Refine is a Danish design brand. We form collections of Nordic design that will refine as the years progress.","potentialAction":[{"@type":"SearchAction","target":{"@type":"EntryPoint","urlTemplate":"https://formandrefine.com/?s={search_term_string}"},"query-input":{"@type":"PropertyValueSpecification","valueRequired":true,"valueName":"search_term_string"}}],"inLanguage":"da-DK"}]}</script>
<!-- / Yoast SEO plugin. -->

I takt med at vi har introduceret flere træsorter i vores sortiment, er vi begyndt at arbejde med bejdser. Farvepigmentet i bejdserne giver os mulighed for at udforske nye udtryk inden for vores eksisterende designs og understrege træets naturlige kvaliteter, da årestrukturen og dybden i materialet fremhæves.   Bejdsning gør det samtidig muligt for os at [...]
