{"id":27711,"date":"2026-03-09T07:17:49","date_gmt":"2026-03-09T06:17:49","guid":{"rendered":"https:\/\/formandrefine.com\/materials\/glas\/"},"modified":"2026-03-23T11:56:37","modified_gmt":"2026-03-23T10:56:37","slug":"glas","status":"publish","type":"adt_materials","link":"https:\/\/formandrefine.com\/da\/materials\/glas\/","title":{"rendered":"Glas"},"content":{"rendered":"<p><span data-contrast=\"none\">Glas er et materiale, der hovedsageligt best\u00e5r af sand, kombineret med andre mineraler og for\u00e6dlede materialer. Vores portugisiske producent har \u00e5rtiers erfaring med traditionelle mundbl\u00e6sningsteknikker og former det smeltede glas ved ca. 1200 \u00b0C i st\u00f8beforme med stor pr\u00e6cision og omhu. Dygtige h\u00e5ndv\u00e6rkere bruger en varm-sk\u00e6ringsteknik til at skabe glatte, afrundede kanter, og hvert stykke afk\u00f8les langsomt for at reducere indre sp\u00e6ndinger og sikre holdbarheden.<\/span><span data-ccp-props=\"{&quot;134233117&quot;:true,&quot;134233118&quot;:true}\">\u00a0<\/span><\/p>\n<p><span data-contrast=\"none\">Glas har en rig og alsidig materialekarakter. Det kan v\u00e6re transparent, mat, glat, have struktur, v\u00e6re sart og samtidig st\u00e6rkt, og s\u00e5 kan det reagere p\u00e5 lys ved at reflektere, bryde eller bl\u00f8dg\u00f8re det.\u202fDerfor har glasobjekter et let og levende udtryk.<\/span><span data-ccp-props=\"{&quot;134233117&quot;:true,&quot;134233118&quot;:true}\">\u00a0<\/span><\/p>\n<p><span data-contrast=\"none\">Overskydende klart glas fra produktionen \u2013 herunder afsk\u00e6ringer eller mindre fejl \u2013 genbruges ved at blive returneret til ovnen og omsmeltet til videre brug i fabrikken. Denne praksis sikrer en effektiv udnyttelse af materialet og medvirker til at bevare glassets klarhed og kvalitet.<\/span><span data-ccp-props=\"{&quot;134233117&quot;:true,&quot;134233118&quot;:true}\">\u00a0<\/span><\/p>\n","protected":false},"featured_media":27698,"template":"","class_list":["post-27711","adt_materials","type-adt_materials","status-publish","has-post-thumbnail","hentry"],"acf":[],"yoast_head":"<!-- This site is optimized with the Yoast SEO plugin v25.9 - https:\/\/yoast.com\/wordpress\/plugins\/seo\/ -->\n<title>Glas - Form &amp; Refine<\/title>\n<meta name=\"robots\" content=\"index, follow, max-snippet:-1, max-image-preview:large, max-video-preview:-1\" \/>\n<link rel=\"canonical\" href=\"https:\/\/formandrefine.com\/da\/materials\/glas\/\" \/>\n<meta property=\"og:locale\" content=\"da_DK\" \/>\n<meta property=\"og:type\" content=\"article\" \/>\n<meta property=\"og:title\" content=\"Glas - Form &amp; Refine\" \/>\n<meta property=\"og:description\" content=\"Glas er et materiale, der hovedsageligt best\u00e5r af sand, kombineret med andre mineraler og for\u00e6dlede materialer. Vores portugisiske producent har \u00e5rtiers erfaring med traditionelle mundbl\u00e6sningsteknikker og former det smeltede glas ved ca. 1200 \u00b0C i st\u00f8beforme med stor pr\u00e6cision og omhu. Dygtige h\u00e5ndv\u00e6rkere bruger en varm-sk\u00e6ringsteknik til at skabe glatte, afrundede kanter, og hvert stykke [...]\" \/>\n<meta property=\"og:url\" content=\"https:\/\/formandrefine.com\/da\/materials\/glas\/\" \/>\n<meta property=\"og:site_name\" content=\"Form &amp; Refine\" \/>\n<meta property=\"article:modified_time\" content=\"2026-03-23T10:56:37+00:00\" \/>\n<meta property=\"og:image\" content=\"https:\/\/formandrefine.com\/wp-content\/uploads\/2026\/03\/Glass_wide-7.webp\" \/>\n\t<meta property=\"og:image:width\" content=\"1920\" \/>\n\t<meta property=\"og:image:height\" content=\"1080\" \/>\n\t<meta property=\"og:image:type\" content=\"image\/webp\" \/>\n<meta name=\"twitter:card\" content=\"summary_large_image\" \/>\n<meta name=\"twitter:label1\" content=\"Estimeret l\u00e6setid\" \/>\n\t<meta name=\"twitter:data1\" content=\"2 minutter\" \/>\n<script type=\"application\/ld+json\" class=\"yoast-schema-graph\">{\"@context\":\"https:\/\/schema.org\",\"@graph\":[{\"@type\":\"WebPage\",\"@id\":\"https:\/\/formandrefine.com\/da\/materials\/glas\/\",\"url\":\"https:\/\/formandrefine.com\/da\/materials\/glas\/\",\"name\":\"Glas - Form &amp; Refine\",\"isPartOf\":{\"@id\":\"https:\/\/formandrefine.com\/#website\"},\"primaryImageOfPage\":{\"@id\":\"https:\/\/formandrefine.com\/da\/materials\/glas\/#primaryimage\"},\"image\":{\"@id\":\"https:\/\/formandrefine.com\/da\/materials\/glas\/#primaryimage\"},\"thumbnailUrl\":\"https:\/\/formandrefine.com\/wp-content\/uploads\/2026\/03\/Glass_wide-7.webp\",\"datePublished\":\"2026-03-09T06:17:49+00:00\",\"dateModified\":\"2026-03-23T10:56:37+00:00\",\"breadcrumb\":{\"@id\":\"https:\/\/formandrefine.com\/da\/materials\/glas\/#breadcrumb\"},\"inLanguage\":\"da-DK\",\"potentialAction\":[{\"@type\":\"ReadAction\",\"target\":[\"https:\/\/formandrefine.com\/da\/materials\/glas\/\"]}]},{\"@type\":\"ImageObject\",\"inLanguage\":\"da-DK\",\"@id\":\"https:\/\/formandrefine.com\/da\/materials\/glas\/#primaryimage\",\"url\":\"https:\/\/formandrefine.com\/wp-content\/uploads\/2026\/03\/Glass_wide-7.webp\",\"contentUrl\":\"https:\/\/formandrefine.com\/wp-content\/uploads\/2026\/03\/Glass_wide-7.webp\",\"width\":1920,\"height\":1080},{\"@type\":\"BreadcrumbList\",\"@id\":\"https:\/\/formandrefine.com\/da\/materials\/glas\/#breadcrumb\",\"itemListElement\":[{\"@type\":\"ListItem\",\"position\":1,\"name\":\"Home\",\"item\":\"https:\/\/formandrefine.com\/da\/\"},{\"@type\":\"ListItem\",\"position\":2,\"name\":\"Materials\",\"item\":\"https:\/\/formandrefine.com\/da\/materials\/\"},{\"@type\":\"ListItem\",\"position\":3,\"name\":\"Glas\"}]},{\"@type\":\"WebSite\",\"@id\":\"https:\/\/formandrefine.com\/#website\",\"url\":\"https:\/\/formandrefine.com\/\",\"name\":\"Form &amp; Refine\",\"description\":\"Form and Refine is a Danish design brand. We form collections of Nordic design that will refine as the years progress.\",\"potentialAction\":[{\"@type\":\"SearchAction\",\"target\":{\"@type\":\"EntryPoint\",\"urlTemplate\":\"https:\/\/formandrefine.com\/?s={search_term_string}\"},\"query-input\":{\"@type\":\"PropertyValueSpecification\",\"valueRequired\":true,\"valueName\":\"search_term_string\"}}],\"inLanguage\":\"da-DK\"}]}<\/script>\n<!-- \/ Yoast SEO plugin. -->","yoast_head_json":{"title":"Glas - Form &amp; Refine","robots":{"index":"index","follow":"follow","max-snippet":"max-snippet:-1","max-image-preview":"max-image-preview:large","max-video-preview":"max-video-preview:-1"},"canonical":"https:\/\/formandrefine.com\/da\/materials\/glas\/","og_locale":"da_DK","og_type":"article","og_title":"Glas - Form &amp; Refine","og_description":"Glas er et materiale, der hovedsageligt best\u00e5r af sand, kombineret med andre mineraler og for\u00e6dlede materialer. Vores portugisiske producent har \u00e5rtiers erfaring med traditionelle mundbl\u00e6sningsteknikker og former det smeltede glas ved ca. 1200 \u00b0C i st\u00f8beforme med stor pr\u00e6cision og omhu. Dygtige h\u00e5ndv\u00e6rkere bruger en varm-sk\u00e6ringsteknik til at skabe glatte, afrundede kanter, og hvert stykke [...]","og_url":"https:\/\/formandrefine.com\/da\/materials\/glas\/","og_site_name":"Form &amp; Refine","article_modified_time":"2026-03-23T10:56:37+00:00","og_image":[{"width":1920,"height":1080,"url":"https:\/\/formandrefine.com\/wp-content\/uploads\/2026\/03\/Glass_wide-7.webp","type":"image\/webp"}],"twitter_card":"summary_large_image","twitter_misc":{"Estimeret l\u00e6setid":"2 minutter"},"schema":{"@context":"https:\/\/schema.org","@graph":[{"@type":"WebPage","@id":"https:\/\/formandrefine.com\/da\/materials\/glas\/","url":"https:\/\/formandrefine.com\/da\/materials\/glas\/","name":"Glas - Form &amp; Refine","isPartOf":{"@id":"https:\/\/formandrefine.com\/#website"},"primaryImageOfPage":{"@id":"https:\/\/formandrefine.com\/da\/materials\/glas\/#primaryimage"},"image":{"@id":"https:\/\/formandrefine.com\/da\/materials\/glas\/#primaryimage"},"thumbnailUrl":"https:\/\/formandrefine.com\/wp-content\/uploads\/2026\/03\/Glass_wide-7.webp","datePublished":"2026-03-09T06:17:49+00:00","dateModified":"2026-03-23T10:56:37+00:00","breadcrumb":{"@id":"https:\/\/formandrefine.com\/da\/materials\/glas\/#breadcrumb"},"inLanguage":"da-DK","potentialAction":[{"@type":"ReadAction","target":["https:\/\/formandrefine.com\/da\/materials\/glas\/"]}]},{"@type":"ImageObject","inLanguage":"da-DK","@id":"https:\/\/formandrefine.com\/da\/materials\/glas\/#primaryimage","url":"https:\/\/formandrefine.com\/wp-content\/uploads\/2026\/03\/Glass_wide-7.webp","contentUrl":"https:\/\/formandrefine.com\/wp-content\/uploads\/2026\/03\/Glass_wide-7.webp","width":1920,"height":1080},{"@type":"BreadcrumbList","@id":"https:\/\/formandrefine.com\/da\/materials\/glas\/#breadcrumb","itemListElement":[{"@type":"ListItem","position":1,"name":"Home","item":"https:\/\/formandrefine.com\/da\/"},{"@type":"ListItem","position":2,"name":"Materials","item":"https:\/\/formandrefine.com\/da\/materials\/"},{"@type":"ListItem","position":3,"name":"Glas"}]},{"@type":"WebSite","@id":"https:\/\/formandrefine.com\/#website","url":"https:\/\/formandrefine.com\/","name":"Form &amp; Refine","description":"Form and Refine is a Danish design brand. We form collections of Nordic design that will refine as the years progress.","potentialAction":[{"@type":"SearchAction","target":{"@type":"EntryPoint","urlTemplate":"https:\/\/formandrefine.com\/?s={search_term_string}"},"query-input":{"@type":"PropertyValueSpecification","valueRequired":true,"valueName":"search_term_string"}}],"inLanguage":"da-DK"}]}},"_links":{"self":[{"href":"https:\/\/formandrefine.com\/da\/wp-json\/wp\/v2\/adt_materials\/27711","targetHints":{"allow":["GET"]}}],"collection":[{"href":"https:\/\/formandrefine.com\/da\/wp-json\/wp\/v2\/adt_materials"}],"about":[{"href":"https:\/\/formandrefine.com\/da\/wp-json\/wp\/v2\/types\/adt_materials"}],"wp:featuredmedia":[{"embeddable":true,"href":"https:\/\/formandrefine.com\/da\/wp-json\/wp\/v2\/media\/27698"}],"wp:attachment":[{"href":"https:\/\/formandrefine.com\/da\/wp-json\/wp\/v2\/media?parent=27711"}],"curies":[{"name":"wp","href":"https:\/\/api.w.org\/{rel}","templated":true}]}}

<p><span data-contrast="none">Glas er et materiale, der hovedsageligt består af sand, kombineret med andre mineraler og forædlede materialer. Vores portugisiske producent har årtiers erfaring med traditionelle mundblæsningsteknikker og former det smeltede glas ved ca. 1200 °C i støbeforme med stor præcision og omhu. Dygtige håndværkere bruger en varm-skæringsteknik til at skabe glatte, afrundede kanter, og hvert stykke afkøles langsomt for at reducere indre spændinger og sikre holdbarheden.</span><span data-ccp-props="{&quot;134233117&quot;:true,&quot;134233118&quot;:true}"> </span></p>
<p><span data-contrast="none">Glas har en rig og alsidig materialekarakter. Det kan være transparent, mat, glat, have struktur, være sart og samtidig stærkt, og så kan det reagere på lys ved at reflektere, bryde eller blødgøre det. Derfor har glasobjekter et let og levende udtryk.</span><span data-ccp-props="{&quot;134233117&quot;:true,&quot;134233118&quot;:true}"> </span></p>
<p><span data-contrast="none">Overskydende klart glas fra produktionen – herunder afskæringer eller mindre fejl – genbruges ved at blive returneret til ovnen og omsmeltet til videre brug i fabrikken. Denne praksis sikrer en effektiv udnyttelse af materialet og medvirker til at bevare glassets klarhed og kvalitet.</span><span data-ccp-props="{&quot;134233117&quot;:true,&quot;134233118&quot;:true}"> </span></p>

<!-- This site is optimized with the Yoast SEO plugin v25.9 - https://yoast.com/wordpress/plugins/seo/ -->
<title>Glas - Form &amp; Refine</title>
<meta name="robots" content="index, follow, max-snippet:-1, max-image-preview:large, max-video-preview:-1" />
<link rel="canonical" href="https://formandrefine.com/da/materials/glas/" />
<meta property="og:locale" content="da_DK" />
<meta property="og:type" content="article" />
<meta property="og:title" content="Glas - Form &amp; Refine" />
<meta property="og:description" content="Glas er et materiale, der hovedsageligt består af sand, kombineret med andre mineraler og forædlede materialer. Vores portugisiske producent har årtiers erfaring med traditionelle mundblæsningsteknikker og former det smeltede glas ved ca. 1200 °C i støbeforme med stor præcision og omhu. Dygtige håndværkere bruger en varm-skæringsteknik til at skabe glatte, afrundede kanter, og hvert stykke [...]" />
<meta property="og:url" content="https://formandrefine.com/da/materials/glas/" />
<meta property="og:site_name" content="Form &amp; Refine" />
<meta property="article:modified_time" content="2026-03-23T10:56:37+00:00" />
<meta property="og:image" content="https://formandrefine.com/wp-content/uploads/2026/03/Glass_wide-7.webp" />
	<meta property="og:image:width" content="1920" />
	<meta property="og:image:height" content="1080" />
	<meta property="og:image:type" content="image/webp" />
<meta name="twitter:card" content="summary_large_image" />
<meta name="twitter:label1" content="Estimeret læsetid" />
	<meta name="twitter:data1" content="2 minutter" />
<script type="application/ld+json" class="yoast-schema-graph">{"@context":"https://schema.org","@graph":[{"@type":"WebPage","@id":"https://formandrefine.com/da/materials/glas/","url":"https://formandrefine.com/da/materials/glas/","name":"Glas - Form &amp; Refine","isPartOf":{"@id":"https://formandrefine.com/#website"},"primaryImageOfPage":{"@id":"https://formandrefine.com/da/materials/glas/#primaryimage"},"image":{"@id":"https://formandrefine.com/da/materials/glas/#primaryimage"},"thumbnailUrl":"https://formandrefine.com/wp-content/uploads/2026/03/Glass_wide-7.webp","datePublished":"2026-03-09T06:17:49+00:00","dateModified":"2026-03-23T10:56:37+00:00","breadcrumb":{"@id":"https://formandrefine.com/da/materials/glas/#breadcrumb"},"inLanguage":"da-DK","potentialAction":[{"@type":"ReadAction","target":["https://formandrefine.com/da/materials/glas/"]}]},{"@type":"ImageObject","inLanguage":"da-DK","@id":"https://formandrefine.com/da/materials/glas/#primaryimage","url":"https://formandrefine.com/wp-content/uploads/2026/03/Glass_wide-7.webp","contentUrl":"https://formandrefine.com/wp-content/uploads/2026/03/Glass_wide-7.webp","width":1920,"height":1080},{"@type":"BreadcrumbList","@id":"https://formandrefine.com/da/materials/glas/#breadcrumb","itemListElement":[{"@type":"ListItem","position":1,"name":"Home","item":"https://formandrefine.com/da/"},{"@type":"ListItem","position":2,"name":"Materials","item":"https://formandrefine.com/da/materials/"},{"@type":"ListItem","position":3,"name":"Glas"}]},{"@type":"WebSite","@id":"https://formandrefine.com/#website","url":"https://formandrefine.com/","name":"Form &amp; Refine","description":"Form and Refine is a Danish design brand. We form collections of Nordic design that will refine as the years progress.","potentialAction":[{"@type":"SearchAction","target":{"@type":"EntryPoint","urlTemplate":"https://formandrefine.com/?s={search_term_string}"},"query-input":{"@type":"PropertyValueSpecification","valueRequired":true,"valueName":"search_term_string"}}],"inLanguage":"da-DK"}]}</script>
<!-- / Yoast SEO plugin. -->

Glas er et materiale, der hovedsageligt består af sand, kombineret med andre mineraler og forædlede materialer. Vores portugisiske producent har årtiers erfaring med traditionelle mundblæsningsteknikker og former det smeltede glas ved ca. 1200 °C i støbeforme med stor præcision og omhu. Dygtige håndværkere bruger en varm-skæringsteknik til at skabe glatte, afrundede kanter, og hvert stykke [...]
