{"id":27717,"date":"2026-03-09T07:28:34","date_gmt":"2026-03-09T06:28:34","guid":{"rendered":"https:\/\/formandrefine.com\/materials\/boeg\/"},"modified":"2026-04-21T08:33:37","modified_gmt":"2026-04-21T06:33:37","slug":"boeg","status":"publish","type":"adt_materials","link":"https:\/\/formandrefine.com\/da\/materials\/boeg\/","title":{"rendered":"B\u00f8g"},"content":{"rendered":"<p><span data-contrast=\"none\">B\u00f8g er et naturligt materiale, der kan genplantes og fornyes gennem ansvarlig skovdrift. Da tr\u00e6 er et vigtigt element i vores produkter, prioriterer vi at k\u00f8be det fra skove, der forvaltes med omtanke. Den b\u00f8g, vi bruger, kommer fra europ\u00e6iske skove, hvor vi aktivt st\u00f8tter ansvarlig skovforvaltning. Langt st\u00f8rstedelen af vores b\u00f8g stammer fra FSC\u00ae-certificerede europ\u00e6iske skove \u2013 med enkelte undtagelser.<\/span><span data-ccp-props=\"{&quot;134233117&quot;:true,&quot;134233118&quot;:true}\">\u00a0<\/span><\/p>\n<p><span data-contrast=\"none\">B\u00f8g bruges i udvalgte designs, hvor materialets egenskaber kommer bedst til udtryk. Det er en holdbar tr\u00e6sort, kendt for sin styrke, stabilitet og fine, ensartede struktur, hvilket g\u00f8r den velegnet til detaljeret h\u00e5ndv\u00e6rk og pr\u00e6cis formgivning.<\/span><span data-ccp-props=\"{&quot;134233117&quot;:true,&quot;134233118&quot;:true}\">\u00a0<\/span><\/p>\n<p><span data-contrast=\"none\">Vi arbejder prim\u00e6rt med massivt b\u00f8getr\u00e6, som giver glatte overflader og rene kanter, der fremh\u00e6ver tr\u00e6ets subtile struktur og lyse, fine tone med et bl\u00f8dt, n\u00e6sten sart udtryk. B\u00f8g egner sig b\u00e5de til drejning og b\u00f8jning, hvilket g\u00f8r det ideelt til formede og kurvede detaljer.<\/span><span data-ccp-props=\"{&quot;134233117&quot;:true,&quot;134233118&quot;:true}\">\u00a0<\/span><\/p>\n<p><span data-contrast=\"none\">Med tiden forandrer b\u00f8g sig langsomt \u2013 farven f\u00e5r en lidt dybere tone, samtidig med at dens naturlige lyshed og ensartede udtryk bevares.<\/span><\/p>\n","protected":false},"featured_media":27689,"template":"","class_list":["post-27717","adt_materials","type-adt_materials","status-publish","has-post-thumbnail","hentry"],"acf":[],"yoast_head":"<!-- This site is optimized with the Yoast SEO plugin v25.9 - https:\/\/yoast.com\/wordpress\/plugins\/seo\/ -->\n<title>B\u00f8g - Form &amp; Refine<\/title>\n<meta name=\"robots\" content=\"index, follow, max-snippet:-1, max-image-preview:large, max-video-preview:-1\" \/>\n<link rel=\"canonical\" href=\"https:\/\/formandrefine.com\/da\/materials\/boeg\/\" \/>\n<meta property=\"og:locale\" content=\"da_DK\" \/>\n<meta property=\"og:type\" content=\"article\" \/>\n<meta property=\"og:title\" content=\"B\u00f8g - Form &amp; Refine\" \/>\n<meta property=\"og:description\" content=\"B\u00f8g er et naturligt materiale, der kan genplantes og fornyes gennem ansvarlig skovdrift. Da tr\u00e6 er et vigtigt element i vores produkter, prioriterer vi at k\u00f8be det fra skove, der forvaltes med omtanke. Den b\u00f8g, vi bruger, kommer fra europ\u00e6iske skove, hvor vi aktivt st\u00f8tter ansvarlig skovforvaltning. Langt st\u00f8rstedelen af vores b\u00f8g stammer fra FSC\u00ae-certificerede [...]\" \/>\n<meta property=\"og:url\" content=\"https:\/\/formandrefine.com\/da\/materials\/boeg\/\" \/>\n<meta property=\"og:site_name\" content=\"Form &amp; Refine\" \/>\n<meta property=\"article:modified_time\" content=\"2026-04-21T06:33:37+00:00\" \/>\n<meta property=\"og:image\" content=\"https:\/\/formandrefine.com\/wp-content\/uploads\/2026\/03\/Beech_wide-7.webp\" \/>\n\t<meta property=\"og:image:width\" content=\"1920\" \/>\n\t<meta property=\"og:image:height\" content=\"1080\" \/>\n\t<meta property=\"og:image:type\" content=\"image\/webp\" \/>\n<meta name=\"twitter:card\" content=\"summary_large_image\" \/>\n<meta name=\"twitter:label1\" content=\"Estimeret l\u00e6setid\" \/>\n\t<meta name=\"twitter:data1\" content=\"2 minutter\" \/>\n<script type=\"application\/ld+json\" class=\"yoast-schema-graph\">{\"@context\":\"https:\/\/schema.org\",\"@graph\":[{\"@type\":\"WebPage\",\"@id\":\"https:\/\/formandrefine.com\/da\/materials\/boeg\/\",\"url\":\"https:\/\/formandrefine.com\/da\/materials\/boeg\/\",\"name\":\"B\u00f8g - Form &amp; Refine\",\"isPartOf\":{\"@id\":\"https:\/\/formandrefine.com\/#website\"},\"primaryImageOfPage\":{\"@id\":\"https:\/\/formandrefine.com\/da\/materials\/boeg\/#primaryimage\"},\"image\":{\"@id\":\"https:\/\/formandrefine.com\/da\/materials\/boeg\/#primaryimage\"},\"thumbnailUrl\":\"https:\/\/formandrefine.com\/wp-content\/uploads\/2026\/03\/Beech_wide-7.webp\",\"datePublished\":\"2026-03-09T06:28:34+00:00\",\"dateModified\":\"2026-04-21T06:33:37+00:00\",\"breadcrumb\":{\"@id\":\"https:\/\/formandrefine.com\/da\/materials\/boeg\/#breadcrumb\"},\"inLanguage\":\"da-DK\",\"potentialAction\":[{\"@type\":\"ReadAction\",\"target\":[\"https:\/\/formandrefine.com\/da\/materials\/boeg\/\"]}]},{\"@type\":\"ImageObject\",\"inLanguage\":\"da-DK\",\"@id\":\"https:\/\/formandrefine.com\/da\/materials\/boeg\/#primaryimage\",\"url\":\"https:\/\/formandrefine.com\/wp-content\/uploads\/2026\/03\/Beech_wide-7.webp\",\"contentUrl\":\"https:\/\/formandrefine.com\/wp-content\/uploads\/2026\/03\/Beech_wide-7.webp\",\"width\":1920,\"height\":1080},{\"@type\":\"BreadcrumbList\",\"@id\":\"https:\/\/formandrefine.com\/da\/materials\/boeg\/#breadcrumb\",\"itemListElement\":[{\"@type\":\"ListItem\",\"position\":1,\"name\":\"Home\",\"item\":\"https:\/\/formandrefine.com\/da\/\"},{\"@type\":\"ListItem\",\"position\":2,\"name\":\"Materials\",\"item\":\"https:\/\/formandrefine.com\/da\/materials\/\"},{\"@type\":\"ListItem\",\"position\":3,\"name\":\"B\u00f8g\"}]},{\"@type\":\"WebSite\",\"@id\":\"https:\/\/formandrefine.com\/#website\",\"url\":\"https:\/\/formandrefine.com\/\",\"name\":\"Form &amp; Refine\",\"description\":\"Form and Refine is a Danish design brand. We form collections of Nordic design that will refine as the years progress.\",\"potentialAction\":[{\"@type\":\"SearchAction\",\"target\":{\"@type\":\"EntryPoint\",\"urlTemplate\":\"https:\/\/formandrefine.com\/?s={search_term_string}\"},\"query-input\":{\"@type\":\"PropertyValueSpecification\",\"valueRequired\":true,\"valueName\":\"search_term_string\"}}],\"inLanguage\":\"da-DK\"}]}<\/script>\n<!-- \/ Yoast SEO plugin. -->","yoast_head_json":{"title":"B\u00f8g - Form &amp; Refine","robots":{"index":"index","follow":"follow","max-snippet":"max-snippet:-1","max-image-preview":"max-image-preview:large","max-video-preview":"max-video-preview:-1"},"canonical":"https:\/\/formandrefine.com\/da\/materials\/boeg\/","og_locale":"da_DK","og_type":"article","og_title":"B\u00f8g - Form &amp; Refine","og_description":"B\u00f8g er et naturligt materiale, der kan genplantes og fornyes gennem ansvarlig skovdrift. Da tr\u00e6 er et vigtigt element i vores produkter, prioriterer vi at k\u00f8be det fra skove, der forvaltes med omtanke. Den b\u00f8g, vi bruger, kommer fra europ\u00e6iske skove, hvor vi aktivt st\u00f8tter ansvarlig skovforvaltning. Langt st\u00f8rstedelen af vores b\u00f8g stammer fra FSC\u00ae-certificerede [...]","og_url":"https:\/\/formandrefine.com\/da\/materials\/boeg\/","og_site_name":"Form &amp; Refine","article_modified_time":"2026-04-21T06:33:37+00:00","og_image":[{"width":1920,"height":1080,"url":"https:\/\/formandrefine.com\/wp-content\/uploads\/2026\/03\/Beech_wide-7.webp","type":"image\/webp"}],"twitter_card":"summary_large_image","twitter_misc":{"Estimeret l\u00e6setid":"2 minutter"},"schema":{"@context":"https:\/\/schema.org","@graph":[{"@type":"WebPage","@id":"https:\/\/formandrefine.com\/da\/materials\/boeg\/","url":"https:\/\/formandrefine.com\/da\/materials\/boeg\/","name":"B\u00f8g - Form &amp; Refine","isPartOf":{"@id":"https:\/\/formandrefine.com\/#website"},"primaryImageOfPage":{"@id":"https:\/\/formandrefine.com\/da\/materials\/boeg\/#primaryimage"},"image":{"@id":"https:\/\/formandrefine.com\/da\/materials\/boeg\/#primaryimage"},"thumbnailUrl":"https:\/\/formandrefine.com\/wp-content\/uploads\/2026\/03\/Beech_wide-7.webp","datePublished":"2026-03-09T06:28:34+00:00","dateModified":"2026-04-21T06:33:37+00:00","breadcrumb":{"@id":"https:\/\/formandrefine.com\/da\/materials\/boeg\/#breadcrumb"},"inLanguage":"da-DK","potentialAction":[{"@type":"ReadAction","target":["https:\/\/formandrefine.com\/da\/materials\/boeg\/"]}]},{"@type":"ImageObject","inLanguage":"da-DK","@id":"https:\/\/formandrefine.com\/da\/materials\/boeg\/#primaryimage","url":"https:\/\/formandrefine.com\/wp-content\/uploads\/2026\/03\/Beech_wide-7.webp","contentUrl":"https:\/\/formandrefine.com\/wp-content\/uploads\/2026\/03\/Beech_wide-7.webp","width":1920,"height":1080},{"@type":"BreadcrumbList","@id":"https:\/\/formandrefine.com\/da\/materials\/boeg\/#breadcrumb","itemListElement":[{"@type":"ListItem","position":1,"name":"Home","item":"https:\/\/formandrefine.com\/da\/"},{"@type":"ListItem","position":2,"name":"Materials","item":"https:\/\/formandrefine.com\/da\/materials\/"},{"@type":"ListItem","position":3,"name":"B\u00f8g"}]},{"@type":"WebSite","@id":"https:\/\/formandrefine.com\/#website","url":"https:\/\/formandrefine.com\/","name":"Form &amp; Refine","description":"Form and Refine is a Danish design brand. We form collections of Nordic design that will refine as the years progress.","potentialAction":[{"@type":"SearchAction","target":{"@type":"EntryPoint","urlTemplate":"https:\/\/formandrefine.com\/?s={search_term_string}"},"query-input":{"@type":"PropertyValueSpecification","valueRequired":true,"valueName":"search_term_string"}}],"inLanguage":"da-DK"}]}},"_links":{"self":[{"href":"https:\/\/formandrefine.com\/da\/wp-json\/wp\/v2\/adt_materials\/27717","targetHints":{"allow":["GET"]}}],"collection":[{"href":"https:\/\/formandrefine.com\/da\/wp-json\/wp\/v2\/adt_materials"}],"about":[{"href":"https:\/\/formandrefine.com\/da\/wp-json\/wp\/v2\/types\/adt_materials"}],"wp:featuredmedia":[{"embeddable":true,"href":"https:\/\/formandrefine.com\/da\/wp-json\/wp\/v2\/media\/27689"}],"wp:attachment":[{"href":"https:\/\/formandrefine.com\/da\/wp-json\/wp\/v2\/media?parent=27717"}],"curies":[{"name":"wp","href":"https:\/\/api.w.org\/{rel}","templated":true}]}}

Bøg

<p><span data-contrast="none">Bøg er et naturligt materiale, der kan genplantes og fornyes gennem ansvarlig skovdrift. Da træ er et vigtigt element i vores produkter, prioriterer vi at købe det fra skove, der forvaltes med omtanke. Den bøg, vi bruger, kommer fra europæiske skove, hvor vi aktivt støtter ansvarlig skovforvaltning. Langt størstedelen af vores bøg stammer fra FSC®-certificerede europæiske skove – med enkelte undtagelser.</span><span data-ccp-props="{&quot;134233117&quot;:true,&quot;134233118&quot;:true}"> </span></p>
<p><span data-contrast="none">Bøg bruges i udvalgte designs, hvor materialets egenskaber kommer bedst til udtryk. Det er en holdbar træsort, kendt for sin styrke, stabilitet og fine, ensartede struktur, hvilket gør den velegnet til detaljeret håndværk og præcis formgivning.</span><span data-ccp-props="{&quot;134233117&quot;:true,&quot;134233118&quot;:true}"> </span></p>
<p><span data-contrast="none">Vi arbejder primært med massivt bøgetræ, som giver glatte overflader og rene kanter, der fremhæver træets subtile struktur og lyse, fine tone med et blødt, næsten sart udtryk. Bøg egner sig både til drejning og bøjning, hvilket gør det ideelt til formede og kurvede detaljer.</span><span data-ccp-props="{&quot;134233117&quot;:true,&quot;134233118&quot;:true}"> </span></p>
<p><span data-contrast="none">Med tiden forandrer bøg sig langsomt – farven får en lidt dybere tone, samtidig med at dens naturlige lyshed og ensartede udtryk bevares.</span></p>

<!-- This site is optimized with the Yoast SEO plugin v25.9 - https://yoast.com/wordpress/plugins/seo/ -->
<title>Bøg - Form &amp; Refine</title>
<meta name="robots" content="index, follow, max-snippet:-1, max-image-preview:large, max-video-preview:-1" />
<link rel="canonical" href="https://formandrefine.com/da/materials/boeg/" />
<meta property="og:locale" content="da_DK" />
<meta property="og:type" content="article" />
<meta property="og:title" content="Bøg - Form &amp; Refine" />
<meta property="og:description" content="Bøg er et naturligt materiale, der kan genplantes og fornyes gennem ansvarlig skovdrift. Da træ er et vigtigt element i vores produkter, prioriterer vi at købe det fra skove, der forvaltes med omtanke. Den bøg, vi bruger, kommer fra europæiske skove, hvor vi aktivt støtter ansvarlig skovforvaltning. Langt størstedelen af vores bøg stammer fra FSC®-certificerede [...]" />
<meta property="og:url" content="https://formandrefine.com/da/materials/boeg/" />
<meta property="og:site_name" content="Form &amp; Refine" />
<meta property="article:modified_time" content="2026-04-21T06:33:37+00:00" />
<meta property="og:image" content="https://formandrefine.com/wp-content/uploads/2026/03/Beech_wide-7.webp" />
	<meta property="og:image:width" content="1920" />
	<meta property="og:image:height" content="1080" />
	<meta property="og:image:type" content="image/webp" />
<meta name="twitter:card" content="summary_large_image" />
<meta name="twitter:label1" content="Estimeret læsetid" />
	<meta name="twitter:data1" content="2 minutter" />
<script type="application/ld+json" class="yoast-schema-graph">{"@context":"https://schema.org","@graph":[{"@type":"WebPage","@id":"https://formandrefine.com/da/materials/boeg/","url":"https://formandrefine.com/da/materials/boeg/","name":"Bøg - Form &amp; Refine","isPartOf":{"@id":"https://formandrefine.com/#website"},"primaryImageOfPage":{"@id":"https://formandrefine.com/da/materials/boeg/#primaryimage"},"image":{"@id":"https://formandrefine.com/da/materials/boeg/#primaryimage"},"thumbnailUrl":"https://formandrefine.com/wp-content/uploads/2026/03/Beech_wide-7.webp","datePublished":"2026-03-09T06:28:34+00:00","dateModified":"2026-04-21T06:33:37+00:00","breadcrumb":{"@id":"https://formandrefine.com/da/materials/boeg/#breadcrumb"},"inLanguage":"da-DK","potentialAction":[{"@type":"ReadAction","target":["https://formandrefine.com/da/materials/boeg/"]}]},{"@type":"ImageObject","inLanguage":"da-DK","@id":"https://formandrefine.com/da/materials/boeg/#primaryimage","url":"https://formandrefine.com/wp-content/uploads/2026/03/Beech_wide-7.webp","contentUrl":"https://formandrefine.com/wp-content/uploads/2026/03/Beech_wide-7.webp","width":1920,"height":1080},{"@type":"BreadcrumbList","@id":"https://formandrefine.com/da/materials/boeg/#breadcrumb","itemListElement":[{"@type":"ListItem","position":1,"name":"Home","item":"https://formandrefine.com/da/"},{"@type":"ListItem","position":2,"name":"Materials","item":"https://formandrefine.com/da/materials/"},{"@type":"ListItem","position":3,"name":"Bøg"}]},{"@type":"WebSite","@id":"https://formandrefine.com/#website","url":"https://formandrefine.com/","name":"Form &amp; Refine","description":"Form and Refine is a Danish design brand. We form collections of Nordic design that will refine as the years progress.","potentialAction":[{"@type":"SearchAction","target":{"@type":"EntryPoint","urlTemplate":"https://formandrefine.com/?s={search_term_string}"},"query-input":{"@type":"PropertyValueSpecification","valueRequired":true,"valueName":"search_term_string"}}],"inLanguage":"da-DK"}]}</script>
<!-- / Yoast SEO plugin. -->

Bøg - Form &amp; Refine

Bøg er et naturligt materiale, der kan genplantes og fornyes gennem ansvarlig skovdrift. Da træ er et vigtigt element i vores produkter, prioriterer vi at købe det fra skove, der forvaltes med omtanke. Den bøg, vi bruger, kommer fra europæiske skove, hvor vi aktivt støtter ansvarlig skovforvaltning. Langt størstedelen af vores bøg stammer fra FSC®-certificerede [...]
