{"id":27723,"date":"2026-03-09T07:33:09","date_gmt":"2026-03-09T06:33:09","guid":{"rendered":"https:\/\/formandrefine.com\/materials\/dun-fiberfyld\/"},"modified":"2026-03-09T07:33:09","modified_gmt":"2026-03-09T06:33:09","slug":"dun-fiberfyld","status":"publish","type":"adt_materials","link":"https:\/\/formandrefine.com\/da\/materials\/dun-fiberfyld\/","title":{"rendered":"Dun &#038; Fiberfyld"},"content":{"rendered":"<p><span data-contrast=\"none\">Dun og fjer er naturmaterialer, der giver b\u00e5de komfort og god b\u00e6reevne. Vi bruger dem p\u00e5 to forskellige m\u00e5der i vores kollektion for at opn\u00e5 den rette balance mellem bl\u00f8dhed, st\u00f8tte og langtidsholdbar kvalitet.<\/span><span data-ccp-props=\"{&quot;134233117&quot;:true,&quot;134233118&quot;:true}\">\u00a0<\/span><\/p>\n<p><span data-contrast=\"none\">Vores inderpuder til Aymara-puderne er fyldt med en blanding af 50% andefjer og 50% genanvendt kuglefiber (rPET).<\/span><br \/>\n<span data-contrast=\"none\">Kombinationen af bl\u00f8de naturfjer og den lette, formstabile fiber g\u00f8r, at puden giver\u202fen behagelig st\u00f8tte, samtidig med at den holder formen. Kuglefiberen fremstilles af genanvendte polyestertr\u00e5de, der formes til sm\u00e5 fibre, mens andefjerene er et biprodukt fra f\u00f8devareindustrien, som ellers ville g\u00e5 til spilde.<\/span><span data-ccp-props=\"{&quot;134233117&quot;:true,&quot;134233118&quot;:true}\">\u00a0<\/span><\/p>\n<p><span data-contrast=\"none\">Til vores polstrede m\u00f8bler bruger vi en Polydun-fyldning best\u00e5ende af 70% skum og 30% dun og fjer. Denne sammens\u00e6tning kombinerer en st\u00f8ttende skumkerne med et bl\u00f8dt lag af naturdun, hvilket sikrer komfort og formstabilitet i s\u00e6de- og ryghynderne.<\/span><span data-ccp-props=\"{&quot;134233117&quot;:true,&quot;134233118&quot;:true}\">\u00a0<\/span><\/p>\n","protected":false},"featured_media":27659,"template":"","class_list":["post-27723","adt_materials","type-adt_materials","status-publish","has-post-thumbnail","hentry"],"acf":[],"yoast_head":"<!-- This site is optimized with the Yoast SEO plugin v25.9 - https:\/\/yoast.com\/wordpress\/plugins\/seo\/ -->\n<title>Dun &amp; Fiberfyld - Form &amp; Refine<\/title>\n<meta name=\"robots\" content=\"index, follow, max-snippet:-1, max-image-preview:large, max-video-preview:-1\" \/>\n<link rel=\"canonical\" href=\"https:\/\/formandrefine.com\/da\/materials\/dun-fiberfyld\/\" \/>\n<meta property=\"og:locale\" content=\"da_DK\" \/>\n<meta property=\"og:type\" content=\"article\" \/>\n<meta property=\"og:title\" content=\"Dun &amp; Fiberfyld - Form &amp; Refine\" \/>\n<meta property=\"og:description\" content=\"Dun og fjer er naturmaterialer, der giver b\u00e5de komfort og god b\u00e6reevne. Vi bruger dem p\u00e5 to forskellige m\u00e5der i vores kollektion for at opn\u00e5 den rette balance mellem bl\u00f8dhed, st\u00f8tte og langtidsholdbar kvalitet.\u00a0 Vores inderpuder til Aymara-puderne er fyldt med en blanding af 50% andefjer og 50% genanvendt kuglefiber (rPET). Kombinationen af bl\u00f8de naturfjer [...]\" \/>\n<meta property=\"og:url\" content=\"https:\/\/formandrefine.com\/da\/materials\/dun-fiberfyld\/\" \/>\n<meta property=\"og:site_name\" content=\"Form &amp; Refine\" \/>\n<meta property=\"og:image\" content=\"https:\/\/formandrefine.com\/wp-content\/uploads\/2026\/03\/Inner-cushion.webp\" \/>\n\t<meta property=\"og:image:width\" content=\"1920\" \/>\n\t<meta property=\"og:image:height\" content=\"1920\" \/>\n\t<meta property=\"og:image:type\" content=\"image\/webp\" \/>\n<meta name=\"twitter:card\" content=\"summary_large_image\" \/>\n<meta name=\"twitter:label1\" content=\"Estimeret l\u00e6setid\" \/>\n\t<meta name=\"twitter:data1\" content=\"1 minut\" \/>\n<script type=\"application\/ld+json\" class=\"yoast-schema-graph\">{\"@context\":\"https:\/\/schema.org\",\"@graph\":[{\"@type\":\"WebPage\",\"@id\":\"https:\/\/formandrefine.com\/da\/materials\/dun-fiberfyld\/\",\"url\":\"https:\/\/formandrefine.com\/da\/materials\/dun-fiberfyld\/\",\"name\":\"Dun & Fiberfyld - Form &amp; Refine\",\"isPartOf\":{\"@id\":\"https:\/\/formandrefine.com\/#website\"},\"primaryImageOfPage\":{\"@id\":\"https:\/\/formandrefine.com\/da\/materials\/dun-fiberfyld\/#primaryimage\"},\"image\":{\"@id\":\"https:\/\/formandrefine.com\/da\/materials\/dun-fiberfyld\/#primaryimage\"},\"thumbnailUrl\":\"https:\/\/formandrefine.com\/wp-content\/uploads\/2026\/03\/Inner-cushion.webp\",\"datePublished\":\"2026-03-09T06:33:09+00:00\",\"breadcrumb\":{\"@id\":\"https:\/\/formandrefine.com\/da\/materials\/dun-fiberfyld\/#breadcrumb\"},\"inLanguage\":\"da-DK\",\"potentialAction\":[{\"@type\":\"ReadAction\",\"target\":[\"https:\/\/formandrefine.com\/da\/materials\/dun-fiberfyld\/\"]}]},{\"@type\":\"ImageObject\",\"inLanguage\":\"da-DK\",\"@id\":\"https:\/\/formandrefine.com\/da\/materials\/dun-fiberfyld\/#primaryimage\",\"url\":\"https:\/\/formandrefine.com\/wp-content\/uploads\/2026\/03\/Inner-cushion.webp\",\"contentUrl\":\"https:\/\/formandrefine.com\/wp-content\/uploads\/2026\/03\/Inner-cushion.webp\",\"width\":1920,\"height\":1920},{\"@type\":\"BreadcrumbList\",\"@id\":\"https:\/\/formandrefine.com\/da\/materials\/dun-fiberfyld\/#breadcrumb\",\"itemListElement\":[{\"@type\":\"ListItem\",\"position\":1,\"name\":\"Home\",\"item\":\"https:\/\/formandrefine.com\/da\/\"},{\"@type\":\"ListItem\",\"position\":2,\"name\":\"Materials\",\"item\":\"https:\/\/formandrefine.com\/da\/materials\/\"},{\"@type\":\"ListItem\",\"position\":3,\"name\":\"Dun &#038; Fiberfyld\"}]},{\"@type\":\"WebSite\",\"@id\":\"https:\/\/formandrefine.com\/#website\",\"url\":\"https:\/\/formandrefine.com\/\",\"name\":\"Form &amp; Refine\",\"description\":\"Form and Refine is a Danish design brand. We form collections of Nordic design that will refine as the years progress.\",\"potentialAction\":[{\"@type\":\"SearchAction\",\"target\":{\"@type\":\"EntryPoint\",\"urlTemplate\":\"https:\/\/formandrefine.com\/?s={search_term_string}\"},\"query-input\":{\"@type\":\"PropertyValueSpecification\",\"valueRequired\":true,\"valueName\":\"search_term_string\"}}],\"inLanguage\":\"da-DK\"}]}<\/script>\n<!-- \/ Yoast SEO plugin. -->","yoast_head_json":{"title":"Dun & Fiberfyld - Form &amp; Refine","robots":{"index":"index","follow":"follow","max-snippet":"max-snippet:-1","max-image-preview":"max-image-preview:large","max-video-preview":"max-video-preview:-1"},"canonical":"https:\/\/formandrefine.com\/da\/materials\/dun-fiberfyld\/","og_locale":"da_DK","og_type":"article","og_title":"Dun & Fiberfyld - Form &amp; Refine","og_description":"Dun og fjer er naturmaterialer, der giver b\u00e5de komfort og god b\u00e6reevne. Vi bruger dem p\u00e5 to forskellige m\u00e5der i vores kollektion for at opn\u00e5 den rette balance mellem bl\u00f8dhed, st\u00f8tte og langtidsholdbar kvalitet.\u00a0 Vores inderpuder til Aymara-puderne er fyldt med en blanding af 50% andefjer og 50% genanvendt kuglefiber (rPET). Kombinationen af bl\u00f8de naturfjer [...]","og_url":"https:\/\/formandrefine.com\/da\/materials\/dun-fiberfyld\/","og_site_name":"Form &amp; Refine","og_image":[{"width":1920,"height":1920,"url":"https:\/\/formandrefine.com\/wp-content\/uploads\/2026\/03\/Inner-cushion.webp","type":"image\/webp"}],"twitter_card":"summary_large_image","twitter_misc":{"Estimeret l\u00e6setid":"1 minut"},"schema":{"@context":"https:\/\/schema.org","@graph":[{"@type":"WebPage","@id":"https:\/\/formandrefine.com\/da\/materials\/dun-fiberfyld\/","url":"https:\/\/formandrefine.com\/da\/materials\/dun-fiberfyld\/","name":"Dun & Fiberfyld - Form &amp; Refine","isPartOf":{"@id":"https:\/\/formandrefine.com\/#website"},"primaryImageOfPage":{"@id":"https:\/\/formandrefine.com\/da\/materials\/dun-fiberfyld\/#primaryimage"},"image":{"@id":"https:\/\/formandrefine.com\/da\/materials\/dun-fiberfyld\/#primaryimage"},"thumbnailUrl":"https:\/\/formandrefine.com\/wp-content\/uploads\/2026\/03\/Inner-cushion.webp","datePublished":"2026-03-09T06:33:09+00:00","breadcrumb":{"@id":"https:\/\/formandrefine.com\/da\/materials\/dun-fiberfyld\/#breadcrumb"},"inLanguage":"da-DK","potentialAction":[{"@type":"ReadAction","target":["https:\/\/formandrefine.com\/da\/materials\/dun-fiberfyld\/"]}]},{"@type":"ImageObject","inLanguage":"da-DK","@id":"https:\/\/formandrefine.com\/da\/materials\/dun-fiberfyld\/#primaryimage","url":"https:\/\/formandrefine.com\/wp-content\/uploads\/2026\/03\/Inner-cushion.webp","contentUrl":"https:\/\/formandrefine.com\/wp-content\/uploads\/2026\/03\/Inner-cushion.webp","width":1920,"height":1920},{"@type":"BreadcrumbList","@id":"https:\/\/formandrefine.com\/da\/materials\/dun-fiberfyld\/#breadcrumb","itemListElement":[{"@type":"ListItem","position":1,"name":"Home","item":"https:\/\/formandrefine.com\/da\/"},{"@type":"ListItem","position":2,"name":"Materials","item":"https:\/\/formandrefine.com\/da\/materials\/"},{"@type":"ListItem","position":3,"name":"Dun &#038; Fiberfyld"}]},{"@type":"WebSite","@id":"https:\/\/formandrefine.com\/#website","url":"https:\/\/formandrefine.com\/","name":"Form &amp; Refine","description":"Form and Refine is a Danish design brand. We form collections of Nordic design that will refine as the years progress.","potentialAction":[{"@type":"SearchAction","target":{"@type":"EntryPoint","urlTemplate":"https:\/\/formandrefine.com\/?s={search_term_string}"},"query-input":{"@type":"PropertyValueSpecification","valueRequired":true,"valueName":"search_term_string"}}],"inLanguage":"da-DK"}]}},"_links":{"self":[{"href":"https:\/\/formandrefine.com\/da\/wp-json\/wp\/v2\/adt_materials\/27723","targetHints":{"allow":["GET"]}}],"collection":[{"href":"https:\/\/formandrefine.com\/da\/wp-json\/wp\/v2\/adt_materials"}],"about":[{"href":"https:\/\/formandrefine.com\/da\/wp-json\/wp\/v2\/types\/adt_materials"}],"wp:featuredmedia":[{"embeddable":true,"href":"https:\/\/formandrefine.com\/da\/wp-json\/wp\/v2\/media\/27659"}],"wp:attachment":[{"href":"https:\/\/formandrefine.com\/da\/wp-json\/wp\/v2\/media?parent=27723"}],"curies":[{"name":"wp","href":"https:\/\/api.w.org\/{rel}","templated":true}]}}

<p><span data-contrast="none">Dun og fjer er naturmaterialer, der giver både komfort og god bæreevne. Vi bruger dem på to forskellige måder i vores kollektion for at opnå den rette balance mellem blødhed, støtte og langtidsholdbar kvalitet.</span><span data-ccp-props="{&quot;134233117&quot;:true,&quot;134233118&quot;:true}"> </span></p>
<p><span data-contrast="none">Vores inderpuder til Aymara-puderne er fyldt med en blanding af 50% andefjer og 50% genanvendt kuglefiber (rPET).</span><br />
<span data-contrast="none">Kombinationen af bløde naturfjer og den lette, formstabile fiber gør, at puden giver en behagelig støtte, samtidig med at den holder formen. Kuglefiberen fremstilles af genanvendte polyestertråde, der formes til små fibre, mens andefjerene er et biprodukt fra fødevareindustrien, som ellers ville gå til spilde.</span><span data-ccp-props="{&quot;134233117&quot;:true,&quot;134233118&quot;:true}"> </span></p>
<p><span data-contrast="none">Til vores polstrede møbler bruger vi en Polydun-fyldning bestående af 70% skum og 30% dun og fjer. Denne sammensætning kombinerer en støttende skumkerne med et blødt lag af naturdun, hvilket sikrer komfort og formstabilitet i sæde- og ryghynderne.</span><span data-ccp-props="{&quot;134233117&quot;:true,&quot;134233118&quot;:true}"> </span></p>

<!-- This site is optimized with the Yoast SEO plugin v25.9 - https://yoast.com/wordpress/plugins/seo/ -->
<title>Dun &amp; Fiberfyld - Form &amp; Refine</title>
<meta name="robots" content="index, follow, max-snippet:-1, max-image-preview:large, max-video-preview:-1" />
<link rel="canonical" href="https://formandrefine.com/da/materials/dun-fiberfyld/" />
<meta property="og:locale" content="da_DK" />
<meta property="og:type" content="article" />
<meta property="og:title" content="Dun &amp; Fiberfyld - Form &amp; Refine" />
<meta property="og:description" content="Dun og fjer er naturmaterialer, der giver både komfort og god bæreevne. Vi bruger dem på to forskellige måder i vores kollektion for at opnå den rette balance mellem blødhed, støtte og langtidsholdbar kvalitet.  Vores inderpuder til Aymara-puderne er fyldt med en blanding af 50% andefjer og 50% genanvendt kuglefiber (rPET). Kombinationen af bløde naturfjer [...]" />
<meta property="og:url" content="https://formandrefine.com/da/materials/dun-fiberfyld/" />
<meta property="og:site_name" content="Form &amp; Refine" />
<meta property="og:image" content="https://formandrefine.com/wp-content/uploads/2026/03/Inner-cushion.webp" />
	<meta property="og:image:width" content="1920" />
	<meta property="og:image:height" content="1920" />
	<meta property="og:image:type" content="image/webp" />
<meta name="twitter:card" content="summary_large_image" />
<meta name="twitter:label1" content="Estimeret læsetid" />
	<meta name="twitter:data1" content="1 minut" />
<script type="application/ld+json" class="yoast-schema-graph">{"@context":"https://schema.org","@graph":[{"@type":"WebPage","@id":"https://formandrefine.com/da/materials/dun-fiberfyld/","url":"https://formandrefine.com/da/materials/dun-fiberfyld/","name":"Dun & Fiberfyld - Form &amp; Refine","isPartOf":{"@id":"https://formandrefine.com/#website"},"primaryImageOfPage":{"@id":"https://formandrefine.com/da/materials/dun-fiberfyld/#primaryimage"},"image":{"@id":"https://formandrefine.com/da/materials/dun-fiberfyld/#primaryimage"},"thumbnailUrl":"https://formandrefine.com/wp-content/uploads/2026/03/Inner-cushion.webp","datePublished":"2026-03-09T06:33:09+00:00","breadcrumb":{"@id":"https://formandrefine.com/da/materials/dun-fiberfyld/#breadcrumb"},"inLanguage":"da-DK","potentialAction":[{"@type":"ReadAction","target":["https://formandrefine.com/da/materials/dun-fiberfyld/"]}]},{"@type":"ImageObject","inLanguage":"da-DK","@id":"https://formandrefine.com/da/materials/dun-fiberfyld/#primaryimage","url":"https://formandrefine.com/wp-content/uploads/2026/03/Inner-cushion.webp","contentUrl":"https://formandrefine.com/wp-content/uploads/2026/03/Inner-cushion.webp","width":1920,"height":1920},{"@type":"BreadcrumbList","@id":"https://formandrefine.com/da/materials/dun-fiberfyld/#breadcrumb","itemListElement":[{"@type":"ListItem","position":1,"name":"Home","item":"https://formandrefine.com/da/"},{"@type":"ListItem","position":2,"name":"Materials","item":"https://formandrefine.com/da/materials/"},{"@type":"ListItem","position":3,"name":"Dun &#038; Fiberfyld"}]},{"@type":"WebSite","@id":"https://formandrefine.com/#website","url":"https://formandrefine.com/","name":"Form &amp; Refine","description":"Form and Refine is a Danish design brand. We form collections of Nordic design that will refine as the years progress.","potentialAction":[{"@type":"SearchAction","target":{"@type":"EntryPoint","urlTemplate":"https://formandrefine.com/?s={search_term_string}"},"query-input":{"@type":"PropertyValueSpecification","valueRequired":true,"valueName":"search_term_string"}}],"inLanguage":"da-DK"}]}</script>
<!-- / Yoast SEO plugin. -->

Dun og fjer er naturmaterialer, der giver både komfort og god bæreevne. Vi bruger dem på to forskellige måder i vores kollektion for at opnå den rette balance mellem blødhed, støtte og langtidsholdbar kvalitet.  Vores inderpuder til Aymara-puderne er fyldt med en blanding af 50% andefjer og 50% genanvendt kuglefiber (rPET). Kombinationen af bløde naturfjer [...]
