{"id":27726,"date":"2026-03-09T07:50:02","date_gmt":"2026-03-09T06:50:02","guid":{"rendered":"https:\/\/formandrefine.com\/materials\/finer\/"},"modified":"2026-04-21T08:35:32","modified_gmt":"2026-04-21T06:35:32","slug":"finer","status":"publish","type":"adt_materials","link":"https:\/\/formandrefine.com\/da\/materials\/finer\/","title":{"rendered":"Finer"},"content":{"rendered":"<p><span data-contrast=\"none\">Selvom st\u00f8rstedelen af vores tr\u00e6produkter er fremstillet af massivtr\u00e6, bruger vi ogs\u00e5 fin\u00e9r og tr\u00e6baserede pladematerialer i nogle af vores m\u00f8bler. Det g\u00f8r vi for at opn\u00e5 s\u00e6rlige egenskaber i vores designs, hvad enten det handler om form, komfort eller stabilitet.<\/span><\/p>\n<p><span data-contrast=\"none\">En af de m\u00e5der, vi arbejder med fin\u00e9r p\u00e5, er gennem formpresset finer, som g\u00f8r det muligt at skabe buede former. Teknikken bruges is\u00e6r til s\u00e6der og rygge p\u00e5 stole, hvor kombinationen af styrke og fleksibilitet giver en h\u00f8j grad af komfort.<\/span><span data-ccp-props=\"{&quot;134233117&quot;:true,&quot;134233118&quot;:true}\">\u00a0<\/span><\/p>\n<p><span data-contrast=\"none\">I enkelte af vores produkter bruger vi ogs\u00e5 tynde fin\u00e9rark som selvst\u00e6ndigt materiale, hvor dets lethed og raffinerede overflade er en v\u00e6sentlig del af designet.<\/span><\/p>\n<p><span data-contrast=\"none\">Til konstruktioner, hvor der kr\u00e6ves h\u00f8j dimensionsstabilitet, anvender vi finerede plader. En fineret plade best\u00e5r af en tr\u00e6baseret kerne, der er bekl\u00e6dt med fin\u00e9r p\u00e5 de synlige sider. Som kerne bruger vi enten krydsfiner eller MDF, afh\u00e6ngigt af designet. Finerede plader kan overfladebehandles og vedligeholdes meget som massivtr\u00e6, men kan ikke slibes i samme omfang, hvilket giver visse begr\u00e6nsninger ved genbehandling.<\/span><\/p>\n","protected":false},"featured_media":0,"template":"","class_list":["post-27726","adt_materials","type-adt_materials","status-publish","hentry"],"acf":[],"yoast_head":"<!-- This site is optimized with the Yoast SEO plugin v25.9 - https:\/\/yoast.com\/wordpress\/plugins\/seo\/ -->\n<title>Finer - Form &amp; Refine<\/title>\n<meta name=\"robots\" content=\"index, follow, max-snippet:-1, max-image-preview:large, max-video-preview:-1\" \/>\n<link rel=\"canonical\" href=\"https:\/\/formandrefine.com\/da\/materials\/finer\/\" \/>\n<meta property=\"og:locale\" content=\"da_DK\" \/>\n<meta property=\"og:type\" content=\"article\" \/>\n<meta property=\"og:title\" content=\"Finer - Form &amp; Refine\" \/>\n<meta property=\"og:description\" content=\"Selvom st\u00f8rstedelen af vores tr\u00e6produkter er fremstillet af massivtr\u00e6, bruger vi ogs\u00e5 fin\u00e9r og tr\u00e6baserede pladematerialer i nogle af vores m\u00f8bler. Det g\u00f8r vi for at opn\u00e5 s\u00e6rlige egenskaber i vores designs, hvad enten det handler om form, komfort eller stabilitet. En af de m\u00e5der, vi arbejder med fin\u00e9r p\u00e5, er gennem formpresset finer, som [...]\" \/>\n<meta property=\"og:url\" content=\"https:\/\/formandrefine.com\/da\/materials\/finer\/\" \/>\n<meta property=\"og:site_name\" content=\"Form &amp; Refine\" \/>\n<meta property=\"article:modified_time\" content=\"2026-04-21T06:35:32+00:00\" \/>\n<meta name=\"twitter:card\" content=\"summary_large_image\" \/>\n<meta name=\"twitter:label1\" content=\"Estimeret l\u00e6setid\" \/>\n\t<meta name=\"twitter:data1\" content=\"1 minut\" \/>\n<script type=\"application\/ld+json\" class=\"yoast-schema-graph\">{\"@context\":\"https:\/\/schema.org\",\"@graph\":[{\"@type\":\"WebPage\",\"@id\":\"https:\/\/formandrefine.com\/da\/materials\/finer\/\",\"url\":\"https:\/\/formandrefine.com\/da\/materials\/finer\/\",\"name\":\"Finer - Form &amp; Refine\",\"isPartOf\":{\"@id\":\"https:\/\/formandrefine.com\/#website\"},\"datePublished\":\"2026-03-09T06:50:02+00:00\",\"dateModified\":\"2026-04-21T06:35:32+00:00\",\"breadcrumb\":{\"@id\":\"https:\/\/formandrefine.com\/da\/materials\/finer\/#breadcrumb\"},\"inLanguage\":\"da-DK\",\"potentialAction\":[{\"@type\":\"ReadAction\",\"target\":[\"https:\/\/formandrefine.com\/da\/materials\/finer\/\"]}]},{\"@type\":\"BreadcrumbList\",\"@id\":\"https:\/\/formandrefine.com\/da\/materials\/finer\/#breadcrumb\",\"itemListElement\":[{\"@type\":\"ListItem\",\"position\":1,\"name\":\"Home\",\"item\":\"https:\/\/formandrefine.com\/da\/\"},{\"@type\":\"ListItem\",\"position\":2,\"name\":\"Materials\",\"item\":\"https:\/\/formandrefine.com\/da\/materials\/\"},{\"@type\":\"ListItem\",\"position\":3,\"name\":\"Finer\"}]},{\"@type\":\"WebSite\",\"@id\":\"https:\/\/formandrefine.com\/#website\",\"url\":\"https:\/\/formandrefine.com\/\",\"name\":\"Form &amp; Refine\",\"description\":\"Form and Refine is a Danish design brand. We form collections of Nordic design that will refine as the years progress.\",\"potentialAction\":[{\"@type\":\"SearchAction\",\"target\":{\"@type\":\"EntryPoint\",\"urlTemplate\":\"https:\/\/formandrefine.com\/?s={search_term_string}\"},\"query-input\":{\"@type\":\"PropertyValueSpecification\",\"valueRequired\":true,\"valueName\":\"search_term_string\"}}],\"inLanguage\":\"da-DK\"}]}<\/script>\n<!-- \/ Yoast SEO plugin. -->","yoast_head_json":{"title":"Finer - Form &amp; Refine","robots":{"index":"index","follow":"follow","max-snippet":"max-snippet:-1","max-image-preview":"max-image-preview:large","max-video-preview":"max-video-preview:-1"},"canonical":"https:\/\/formandrefine.com\/da\/materials\/finer\/","og_locale":"da_DK","og_type":"article","og_title":"Finer - Form &amp; Refine","og_description":"Selvom st\u00f8rstedelen af vores tr\u00e6produkter er fremstillet af massivtr\u00e6, bruger vi ogs\u00e5 fin\u00e9r og tr\u00e6baserede pladematerialer i nogle af vores m\u00f8bler. Det g\u00f8r vi for at opn\u00e5 s\u00e6rlige egenskaber i vores designs, hvad enten det handler om form, komfort eller stabilitet. En af de m\u00e5der, vi arbejder med fin\u00e9r p\u00e5, er gennem formpresset finer, som [...]","og_url":"https:\/\/formandrefine.com\/da\/materials\/finer\/","og_site_name":"Form &amp; Refine","article_modified_time":"2026-04-21T06:35:32+00:00","twitter_card":"summary_large_image","twitter_misc":{"Estimeret l\u00e6setid":"1 minut"},"schema":{"@context":"https:\/\/schema.org","@graph":[{"@type":"WebPage","@id":"https:\/\/formandrefine.com\/da\/materials\/finer\/","url":"https:\/\/formandrefine.com\/da\/materials\/finer\/","name":"Finer - Form &amp; Refine","isPartOf":{"@id":"https:\/\/formandrefine.com\/#website"},"datePublished":"2026-03-09T06:50:02+00:00","dateModified":"2026-04-21T06:35:32+00:00","breadcrumb":{"@id":"https:\/\/formandrefine.com\/da\/materials\/finer\/#breadcrumb"},"inLanguage":"da-DK","potentialAction":[{"@type":"ReadAction","target":["https:\/\/formandrefine.com\/da\/materials\/finer\/"]}]},{"@type":"BreadcrumbList","@id":"https:\/\/formandrefine.com\/da\/materials\/finer\/#breadcrumb","itemListElement":[{"@type":"ListItem","position":1,"name":"Home","item":"https:\/\/formandrefine.com\/da\/"},{"@type":"ListItem","position":2,"name":"Materials","item":"https:\/\/formandrefine.com\/da\/materials\/"},{"@type":"ListItem","position":3,"name":"Finer"}]},{"@type":"WebSite","@id":"https:\/\/formandrefine.com\/#website","url":"https:\/\/formandrefine.com\/","name":"Form &amp; Refine","description":"Form and Refine is a Danish design brand. We form collections of Nordic design that will refine as the years progress.","potentialAction":[{"@type":"SearchAction","target":{"@type":"EntryPoint","urlTemplate":"https:\/\/formandrefine.com\/?s={search_term_string}"},"query-input":{"@type":"PropertyValueSpecification","valueRequired":true,"valueName":"search_term_string"}}],"inLanguage":"da-DK"}]}},"_links":{"self":[{"href":"https:\/\/formandrefine.com\/da\/wp-json\/wp\/v2\/adt_materials\/27726","targetHints":{"allow":["GET"]}}],"collection":[{"href":"https:\/\/formandrefine.com\/da\/wp-json\/wp\/v2\/adt_materials"}],"about":[{"href":"https:\/\/formandrefine.com\/da\/wp-json\/wp\/v2\/types\/adt_materials"}],"wp:attachment":[{"href":"https:\/\/formandrefine.com\/da\/wp-json\/wp\/v2\/media?parent=27726"}],"curies":[{"name":"wp","href":"https:\/\/api.w.org\/{rel}","templated":true}]}}

<p><span data-contrast="none">Selvom størstedelen af vores træprodukter er fremstillet af massivtræ, bruger vi også finér og træbaserede pladematerialer i nogle af vores møbler. Det gør vi for at opnå særlige egenskaber i vores designs, hvad enten det handler om form, komfort eller stabilitet.</span></p>
<p><span data-contrast="none">En af de måder, vi arbejder med finér på, er gennem formpresset finer, som gør det muligt at skabe buede former. Teknikken bruges især til sæder og rygge på stole, hvor kombinationen af styrke og fleksibilitet giver en høj grad af komfort.</span><span data-ccp-props="{&quot;134233117&quot;:true,&quot;134233118&quot;:true}"> </span></p>
<p><span data-contrast="none">I enkelte af vores produkter bruger vi også tynde finérark som selvstændigt materiale, hvor dets lethed og raffinerede overflade er en væsentlig del af designet.</span></p>
<p><span data-contrast="none">Til konstruktioner, hvor der kræves høj dimensionsstabilitet, anvender vi finerede plader. En fineret plade består af en træbaseret kerne, der er beklædt med finér på de synlige sider. Som kerne bruger vi enten krydsfiner eller MDF, afhængigt af designet. Finerede plader kan overfladebehandles og vedligeholdes meget som massivtræ, men kan ikke slibes i samme omfang, hvilket giver visse begrænsninger ved genbehandling.</span></p>

<!-- This site is optimized with the Yoast SEO plugin v25.9 - https://yoast.com/wordpress/plugins/seo/ -->
<title>Finer - Form &amp; Refine</title>
<meta name="robots" content="index, follow, max-snippet:-1, max-image-preview:large, max-video-preview:-1" />
<link rel="canonical" href="https://formandrefine.com/da/materials/finer/" />
<meta property="og:locale" content="da_DK" />
<meta property="og:type" content="article" />
<meta property="og:title" content="Finer - Form &amp; Refine" />
<meta property="og:description" content="Selvom størstedelen af vores træprodukter er fremstillet af massivtræ, bruger vi også finér og træbaserede pladematerialer i nogle af vores møbler. Det gør vi for at opnå særlige egenskaber i vores designs, hvad enten det handler om form, komfort eller stabilitet. En af de måder, vi arbejder med finér på, er gennem formpresset finer, som [...]" />
<meta property="og:url" content="https://formandrefine.com/da/materials/finer/" />
<meta property="og:site_name" content="Form &amp; Refine" />
<meta property="article:modified_time" content="2026-04-21T06:35:32+00:00" />
<meta name="twitter:card" content="summary_large_image" />
<meta name="twitter:label1" content="Estimeret læsetid" />
	<meta name="twitter:data1" content="1 minut" />
<script type="application/ld+json" class="yoast-schema-graph">{"@context":"https://schema.org","@graph":[{"@type":"WebPage","@id":"https://formandrefine.com/da/materials/finer/","url":"https://formandrefine.com/da/materials/finer/","name":"Finer - Form &amp; Refine","isPartOf":{"@id":"https://formandrefine.com/#website"},"datePublished":"2026-03-09T06:50:02+00:00","dateModified":"2026-04-21T06:35:32+00:00","breadcrumb":{"@id":"https://formandrefine.com/da/materials/finer/#breadcrumb"},"inLanguage":"da-DK","potentialAction":[{"@type":"ReadAction","target":["https://formandrefine.com/da/materials/finer/"]}]},{"@type":"BreadcrumbList","@id":"https://formandrefine.com/da/materials/finer/#breadcrumb","itemListElement":[{"@type":"ListItem","position":1,"name":"Home","item":"https://formandrefine.com/da/"},{"@type":"ListItem","position":2,"name":"Materials","item":"https://formandrefine.com/da/materials/"},{"@type":"ListItem","position":3,"name":"Finer"}]},{"@type":"WebSite","@id":"https://formandrefine.com/#website","url":"https://formandrefine.com/","name":"Form &amp; Refine","description":"Form and Refine is a Danish design brand. We form collections of Nordic design that will refine as the years progress.","potentialAction":[{"@type":"SearchAction","target":{"@type":"EntryPoint","urlTemplate":"https://formandrefine.com/?s={search_term_string}"},"query-input":{"@type":"PropertyValueSpecification","valueRequired":true,"valueName":"search_term_string"}}],"inLanguage":"da-DK"}]}</script>
<!-- / Yoast SEO plugin. -->

Selvom størstedelen af vores træprodukter er fremstillet af massivtræ, bruger vi også finér og træbaserede pladematerialer i nogle af vores møbler. Det gør vi for at opnå særlige egenskaber i vores designs, hvad enten det handler om form, komfort eller stabilitet. En af de måder, vi arbejder med finér på, er gennem formpresset finer, som [...]
