{"id":27737,"date":"2026-03-09T08:11:11","date_gmt":"2026-03-09T07:11:11","guid":{"rendered":"https:\/\/formandrefine.com\/materials\/fyr\/"},"modified":"2026-04-21T08:38:07","modified_gmt":"2026-04-21T06:38:07","slug":"fyr","status":"publish","type":"adt_materials","link":"https:\/\/formandrefine.com\/da\/materials\/fyr\/","title":{"rendered":"Fyr"},"content":{"rendered":"<p><span data-contrast=\"none\">Fyr er et naturligt materiale, der kan genplantes og fornyes gennem ansvarlig skovdrift.\u202fDa tr\u00e6 spiller en central rolle i vores produkter, l\u00e6gger vi stor v\u00e6gt p\u00e5 at k\u00f8be det fra skove, der forvaltes med omtanke.\u202fDen fyr, vi bruger, kommer fra FSC\u00ae-certificerede skove i Europa og har sin oprindelse i Bosnien.<\/span><span data-ccp-props=\"{&quot;134233117&quot;:true,&quot;134233118&quot;:true}\">\u00a0<\/span><\/p>\n<p><span data-contrast=\"none\">Vi har introduceret fyr i vores kollektion som et alternativ til eg. Fyr vokser hurtigere end eg og har et lysere udtryk med mere synlige knaster og struktur, hvilket giver det en markant og karakterfuld fremtoning.<\/span><span data-ccp-props=\"{&quot;134233117&quot;:true,&quot;134233118&quot;:true}\">\u00a0<\/span><\/p>\n<p><span data-contrast=\"none\">Fyr er en let og alsidig tr\u00e6sort, der er nem at arbejde med og egner sig til detaljeret h\u00e5ndv\u00e6rk. Det saves, h\u00f8vles og samles med traditionelle tr\u00e6h\u00e5ndv\u00e6rksteknikker, som fremh\u00e6ver materialets naturlige sk\u00f8nhed.<\/span><span data-ccp-props=\"{&quot;134233117&quot;:true,&quot;134233118&quot;:true}\">\u00a0<\/span><\/p>\n<p><span data-contrast=\"none\">Med tiden udvikler fyr en varm patina. Farven \u00e6ndrer sig fra en lys tone til en dybere, gylden nuance med gullige og brune undertoner, som afspejler tr\u00e6ets liv og dets naturlige aldringsproces.<\/span><\/p>\n","protected":false},"featured_media":27653,"template":"","class_list":["post-27737","adt_materials","type-adt_materials","status-publish","has-post-thumbnail","hentry"],"acf":[],"yoast_head":"<!-- This site is optimized with the Yoast SEO plugin v25.9 - https:\/\/yoast.com\/wordpress\/plugins\/seo\/ -->\n<title>Fyr - Form &amp; Refine<\/title>\n<meta name=\"robots\" content=\"index, follow, max-snippet:-1, max-image-preview:large, max-video-preview:-1\" \/>\n<link rel=\"canonical\" href=\"https:\/\/formandrefine.com\/da\/materials\/fyr\/\" \/>\n<meta property=\"og:locale\" content=\"da_DK\" \/>\n<meta property=\"og:type\" content=\"article\" \/>\n<meta property=\"og:title\" content=\"Fyr - Form &amp; Refine\" \/>\n<meta property=\"og:description\" content=\"Fyr er et naturligt materiale, der kan genplantes og fornyes gennem ansvarlig skovdrift.\u202fDa tr\u00e6 spiller en central rolle i vores produkter, l\u00e6gger vi stor v\u00e6gt p\u00e5 at k\u00f8be det fra skove, der forvaltes med omtanke.\u202fDen fyr, vi bruger, kommer fra FSC\u00ae-certificerede skove i Europa og har sin oprindelse i Bosnien.\u00a0 Vi har introduceret fyr i [...]\" \/>\n<meta property=\"og:url\" content=\"https:\/\/formandrefine.com\/da\/materials\/fyr\/\" \/>\n<meta property=\"og:site_name\" content=\"Form &amp; Refine\" \/>\n<meta property=\"article:modified_time\" content=\"2026-04-21T06:38:07+00:00\" \/>\n<meta property=\"og:image\" content=\"https:\/\/formandrefine.com\/wp-content\/uploads\/2026\/03\/Pine_wide.webp\" \/>\n\t<meta property=\"og:image:width\" content=\"1920\" \/>\n\t<meta property=\"og:image:height\" content=\"1080\" \/>\n\t<meta property=\"og:image:type\" content=\"image\/webp\" \/>\n<meta name=\"twitter:card\" content=\"summary_large_image\" \/>\n<meta name=\"twitter:label1\" content=\"Estimeret l\u00e6setid\" \/>\n\t<meta name=\"twitter:data1\" content=\"2 minutter\" \/>\n<script type=\"application\/ld+json\" class=\"yoast-schema-graph\">{\"@context\":\"https:\/\/schema.org\",\"@graph\":[{\"@type\":\"WebPage\",\"@id\":\"https:\/\/formandrefine.com\/da\/materials\/fyr\/\",\"url\":\"https:\/\/formandrefine.com\/da\/materials\/fyr\/\",\"name\":\"Fyr - Form &amp; Refine\",\"isPartOf\":{\"@id\":\"https:\/\/formandrefine.com\/#website\"},\"primaryImageOfPage\":{\"@id\":\"https:\/\/formandrefine.com\/da\/materials\/fyr\/#primaryimage\"},\"image\":{\"@id\":\"https:\/\/formandrefine.com\/da\/materials\/fyr\/#primaryimage\"},\"thumbnailUrl\":\"https:\/\/formandrefine.com\/wp-content\/uploads\/2026\/03\/Pine_wide.webp\",\"datePublished\":\"2026-03-09T07:11:11+00:00\",\"dateModified\":\"2026-04-21T06:38:07+00:00\",\"breadcrumb\":{\"@id\":\"https:\/\/formandrefine.com\/da\/materials\/fyr\/#breadcrumb\"},\"inLanguage\":\"da-DK\",\"potentialAction\":[{\"@type\":\"ReadAction\",\"target\":[\"https:\/\/formandrefine.com\/da\/materials\/fyr\/\"]}]},{\"@type\":\"ImageObject\",\"inLanguage\":\"da-DK\",\"@id\":\"https:\/\/formandrefine.com\/da\/materials\/fyr\/#primaryimage\",\"url\":\"https:\/\/formandrefine.com\/wp-content\/uploads\/2026\/03\/Pine_wide.webp\",\"contentUrl\":\"https:\/\/formandrefine.com\/wp-content\/uploads\/2026\/03\/Pine_wide.webp\",\"width\":1920,\"height\":1080},{\"@type\":\"BreadcrumbList\",\"@id\":\"https:\/\/formandrefine.com\/da\/materials\/fyr\/#breadcrumb\",\"itemListElement\":[{\"@type\":\"ListItem\",\"position\":1,\"name\":\"Home\",\"item\":\"https:\/\/formandrefine.com\/da\/\"},{\"@type\":\"ListItem\",\"position\":2,\"name\":\"Materials\",\"item\":\"https:\/\/formandrefine.com\/da\/materials\/\"},{\"@type\":\"ListItem\",\"position\":3,\"name\":\"Fyr\"}]},{\"@type\":\"WebSite\",\"@id\":\"https:\/\/formandrefine.com\/#website\",\"url\":\"https:\/\/formandrefine.com\/\",\"name\":\"Form &amp; Refine\",\"description\":\"Form and Refine is a Danish design brand. We form collections of Nordic design that will refine as the years progress.\",\"potentialAction\":[{\"@type\":\"SearchAction\",\"target\":{\"@type\":\"EntryPoint\",\"urlTemplate\":\"https:\/\/formandrefine.com\/?s={search_term_string}\"},\"query-input\":{\"@type\":\"PropertyValueSpecification\",\"valueRequired\":true,\"valueName\":\"search_term_string\"}}],\"inLanguage\":\"da-DK\"}]}<\/script>\n<!-- \/ Yoast SEO plugin. -->","yoast_head_json":{"title":"Fyr - Form &amp; Refine","robots":{"index":"index","follow":"follow","max-snippet":"max-snippet:-1","max-image-preview":"max-image-preview:large","max-video-preview":"max-video-preview:-1"},"canonical":"https:\/\/formandrefine.com\/da\/materials\/fyr\/","og_locale":"da_DK","og_type":"article","og_title":"Fyr - Form &amp; Refine","og_description":"Fyr er et naturligt materiale, der kan genplantes og fornyes gennem ansvarlig skovdrift.\u202fDa tr\u00e6 spiller en central rolle i vores produkter, l\u00e6gger vi stor v\u00e6gt p\u00e5 at k\u00f8be det fra skove, der forvaltes med omtanke.\u202fDen fyr, vi bruger, kommer fra FSC\u00ae-certificerede skove i Europa og har sin oprindelse i Bosnien.\u00a0 Vi har introduceret fyr i [...]","og_url":"https:\/\/formandrefine.com\/da\/materials\/fyr\/","og_site_name":"Form &amp; Refine","article_modified_time":"2026-04-21T06:38:07+00:00","og_image":[{"width":1920,"height":1080,"url":"https:\/\/formandrefine.com\/wp-content\/uploads\/2026\/03\/Pine_wide.webp","type":"image\/webp"}],"twitter_card":"summary_large_image","twitter_misc":{"Estimeret l\u00e6setid":"2 minutter"},"schema":{"@context":"https:\/\/schema.org","@graph":[{"@type":"WebPage","@id":"https:\/\/formandrefine.com\/da\/materials\/fyr\/","url":"https:\/\/formandrefine.com\/da\/materials\/fyr\/","name":"Fyr - Form &amp; Refine","isPartOf":{"@id":"https:\/\/formandrefine.com\/#website"},"primaryImageOfPage":{"@id":"https:\/\/formandrefine.com\/da\/materials\/fyr\/#primaryimage"},"image":{"@id":"https:\/\/formandrefine.com\/da\/materials\/fyr\/#primaryimage"},"thumbnailUrl":"https:\/\/formandrefine.com\/wp-content\/uploads\/2026\/03\/Pine_wide.webp","datePublished":"2026-03-09T07:11:11+00:00","dateModified":"2026-04-21T06:38:07+00:00","breadcrumb":{"@id":"https:\/\/formandrefine.com\/da\/materials\/fyr\/#breadcrumb"},"inLanguage":"da-DK","potentialAction":[{"@type":"ReadAction","target":["https:\/\/formandrefine.com\/da\/materials\/fyr\/"]}]},{"@type":"ImageObject","inLanguage":"da-DK","@id":"https:\/\/formandrefine.com\/da\/materials\/fyr\/#primaryimage","url":"https:\/\/formandrefine.com\/wp-content\/uploads\/2026\/03\/Pine_wide.webp","contentUrl":"https:\/\/formandrefine.com\/wp-content\/uploads\/2026\/03\/Pine_wide.webp","width":1920,"height":1080},{"@type":"BreadcrumbList","@id":"https:\/\/formandrefine.com\/da\/materials\/fyr\/#breadcrumb","itemListElement":[{"@type":"ListItem","position":1,"name":"Home","item":"https:\/\/formandrefine.com\/da\/"},{"@type":"ListItem","position":2,"name":"Materials","item":"https:\/\/formandrefine.com\/da\/materials\/"},{"@type":"ListItem","position":3,"name":"Fyr"}]},{"@type":"WebSite","@id":"https:\/\/formandrefine.com\/#website","url":"https:\/\/formandrefine.com\/","name":"Form &amp; Refine","description":"Form and Refine is a Danish design brand. We form collections of Nordic design that will refine as the years progress.","potentialAction":[{"@type":"SearchAction","target":{"@type":"EntryPoint","urlTemplate":"https:\/\/formandrefine.com\/?s={search_term_string}"},"query-input":{"@type":"PropertyValueSpecification","valueRequired":true,"valueName":"search_term_string"}}],"inLanguage":"da-DK"}]}},"_links":{"self":[{"href":"https:\/\/formandrefine.com\/da\/wp-json\/wp\/v2\/adt_materials\/27737","targetHints":{"allow":["GET"]}}],"collection":[{"href":"https:\/\/formandrefine.com\/da\/wp-json\/wp\/v2\/adt_materials"}],"about":[{"href":"https:\/\/formandrefine.com\/da\/wp-json\/wp\/v2\/types\/adt_materials"}],"wp:featuredmedia":[{"embeddable":true,"href":"https:\/\/formandrefine.com\/da\/wp-json\/wp\/v2\/media\/27653"}],"wp:attachment":[{"href":"https:\/\/formandrefine.com\/da\/wp-json\/wp\/v2\/media?parent=27737"}],"curies":[{"name":"wp","href":"https:\/\/api.w.org\/{rel}","templated":true}]}}

<p><span data-contrast="none">Fyr er et naturligt materiale, der kan genplantes og fornyes gennem ansvarlig skovdrift. Da træ spiller en central rolle i vores produkter, lægger vi stor vægt på at købe det fra skove, der forvaltes med omtanke. Den fyr, vi bruger, kommer fra FSC®-certificerede skove i Europa og har sin oprindelse i Bosnien.</span><span data-ccp-props="{&quot;134233117&quot;:true,&quot;134233118&quot;:true}"> </span></p>
<p><span data-contrast="none">Vi har introduceret fyr i vores kollektion som et alternativ til eg. Fyr vokser hurtigere end eg og har et lysere udtryk med mere synlige knaster og struktur, hvilket giver det en markant og karakterfuld fremtoning.</span><span data-ccp-props="{&quot;134233117&quot;:true,&quot;134233118&quot;:true}"> </span></p>
<p><span data-contrast="none">Fyr er en let og alsidig træsort, der er nem at arbejde med og egner sig til detaljeret håndværk. Det saves, høvles og samles med traditionelle træhåndværksteknikker, som fremhæver materialets naturlige skønhed.</span><span data-ccp-props="{&quot;134233117&quot;:true,&quot;134233118&quot;:true}"> </span></p>
<p><span data-contrast="none">Med tiden udvikler fyr en varm patina. Farven ændrer sig fra en lys tone til en dybere, gylden nuance med gullige og brune undertoner, som afspejler træets liv og dets naturlige aldringsproces.</span></p>

<!-- This site is optimized with the Yoast SEO plugin v25.9 - https://yoast.com/wordpress/plugins/seo/ -->
<title>Fyr - Form &amp; Refine</title>
<meta name="robots" content="index, follow, max-snippet:-1, max-image-preview:large, max-video-preview:-1" />
<link rel="canonical" href="https://formandrefine.com/da/materials/fyr/" />
<meta property="og:locale" content="da_DK" />
<meta property="og:type" content="article" />
<meta property="og:title" content="Fyr - Form &amp; Refine" />
<meta property="og:description" content="Fyr er et naturligt materiale, der kan genplantes og fornyes gennem ansvarlig skovdrift. Da træ spiller en central rolle i vores produkter, lægger vi stor vægt på at købe det fra skove, der forvaltes med omtanke. Den fyr, vi bruger, kommer fra FSC®-certificerede skove i Europa og har sin oprindelse i Bosnien.  Vi har introduceret fyr i [...]" />
<meta property="og:url" content="https://formandrefine.com/da/materials/fyr/" />
<meta property="og:site_name" content="Form &amp; Refine" />
<meta property="article:modified_time" content="2026-04-21T06:38:07+00:00" />
<meta property="og:image" content="https://formandrefine.com/wp-content/uploads/2026/03/Pine_wide.webp" />
	<meta property="og:image:width" content="1920" />
	<meta property="og:image:height" content="1080" />
	<meta property="og:image:type" content="image/webp" />
<meta name="twitter:card" content="summary_large_image" />
<meta name="twitter:label1" content="Estimeret læsetid" />
	<meta name="twitter:data1" content="2 minutter" />
<script type="application/ld+json" class="yoast-schema-graph">{"@context":"https://schema.org","@graph":[{"@type":"WebPage","@id":"https://formandrefine.com/da/materials/fyr/","url":"https://formandrefine.com/da/materials/fyr/","name":"Fyr - Form &amp; Refine","isPartOf":{"@id":"https://formandrefine.com/#website"},"primaryImageOfPage":{"@id":"https://formandrefine.com/da/materials/fyr/#primaryimage"},"image":{"@id":"https://formandrefine.com/da/materials/fyr/#primaryimage"},"thumbnailUrl":"https://formandrefine.com/wp-content/uploads/2026/03/Pine_wide.webp","datePublished":"2026-03-09T07:11:11+00:00","dateModified":"2026-04-21T06:38:07+00:00","breadcrumb":{"@id":"https://formandrefine.com/da/materials/fyr/#breadcrumb"},"inLanguage":"da-DK","potentialAction":[{"@type":"ReadAction","target":["https://formandrefine.com/da/materials/fyr/"]}]},{"@type":"ImageObject","inLanguage":"da-DK","@id":"https://formandrefine.com/da/materials/fyr/#primaryimage","url":"https://formandrefine.com/wp-content/uploads/2026/03/Pine_wide.webp","contentUrl":"https://formandrefine.com/wp-content/uploads/2026/03/Pine_wide.webp","width":1920,"height":1080},{"@type":"BreadcrumbList","@id":"https://formandrefine.com/da/materials/fyr/#breadcrumb","itemListElement":[{"@type":"ListItem","position":1,"name":"Home","item":"https://formandrefine.com/da/"},{"@type":"ListItem","position":2,"name":"Materials","item":"https://formandrefine.com/da/materials/"},{"@type":"ListItem","position":3,"name":"Fyr"}]},{"@type":"WebSite","@id":"https://formandrefine.com/#website","url":"https://formandrefine.com/","name":"Form &amp; Refine","description":"Form and Refine is a Danish design brand. We form collections of Nordic design that will refine as the years progress.","potentialAction":[{"@type":"SearchAction","target":{"@type":"EntryPoint","urlTemplate":"https://formandrefine.com/?s={search_term_string}"},"query-input":{"@type":"PropertyValueSpecification","valueRequired":true,"valueName":"search_term_string"}}],"inLanguage":"da-DK"}]}</script>
<!-- / Yoast SEO plugin. -->

Fyr er et naturligt materiale, der kan genplantes og fornyes gennem ansvarlig skovdrift. Da træ spiller en central rolle i vores produkter, lægger vi stor vægt på at købe det fra skove, der forvaltes med omtanke. Den fyr, vi bruger, kommer fra FSC®-certificerede skove i Europa og har sin oprindelse i Bosnien.  Vi har introduceret fyr i [...]
