{"id":27743,"date":"2026-03-09T08:16:39","date_gmt":"2026-03-09T07:16:39","guid":{"rendered":"https:\/\/formandrefine.com\/materials\/eg\/"},"modified":"2026-04-21T08:39:50","modified_gmt":"2026-04-21T06:39:50","slug":"eg","status":"publish","type":"adt_materials","link":"https:\/\/formandrefine.com\/da\/materials\/eg\/","title":{"rendered":"Eg"},"content":{"rendered":"<p><span data-contrast=\"none\">Eg er et naturligt materiale, der kan genplantes og fornyes gennem ansvarlig skovdrift. Da tr\u00e6 spiller en central rolle i vores produkter, l\u00e6gger vi stor v\u00e6gt p\u00e5 at k\u00f8be det fra skove, der drives ansvarligt. Langt st\u00f8rstedelen af den eg, vi anvender, stammer fra FSC\u00ae-certificerede europ\u00e6iske skove \u2013 med enkelte undtagelser.<\/span><span data-ccp-props=\"{&quot;134233117&quot;:true,&quot;134233118&quot;:true}\">\u00a0<\/span><\/p>\n<p><span data-contrast=\"none\">Eg spiller en vigtig rolle i mange af vores designs p\u00e5 grund af sin styrke og sit varme, naturlige udtryk.<\/span><br \/>\n<span data-contrast=\"none\">Den er kendt for sin alsidighed og kan bearbejdes p\u00e5 mange m\u00e5der.<\/span><span data-ccp-props=\"{&quot;134233117&quot;:true,&quot;134233118&quot;:true}\">\u00a0<\/span><\/p>\n<p><span data-contrast=\"none\">Vi arbejder med massivt egetr\u00e6 i de fleste af vores produkter, s\u00e5 tr\u00e6ets naturlige udtryk kan tr\u00e6de tydeligt frem. Vi dampb\u00f8jer eller formsp\u00e6nder udvalgte dele for at skabe komfort i rygl\u00e6nene. Dampb\u00f8jning er en traditionel teknik, der g\u00f8r det muligt at forme massivtr\u00e6 i bl\u00f8de kurver. Tr\u00e6et uds\u00e6ttes for damp og varme, hvorefter det b\u00f8jes i den \u00f8nskede form og t\u00f8rres under kontrolleret varme for at bevare formen.<\/span><span data-ccp-props=\"{&quot;134233117&quot;:true,&quot;134233118&quot;:true}\">\u00a0<\/span><\/p>\n<p><span data-contrast=\"none\">Egens s\u00e6rlige karakter kommer fra den naturligt levende struktur i tr\u00e6et og de varme toner. Eg er en robust tr\u00e6sort med et naturligt indhold af garvesyre, som beskytter tr\u00e6et og giver det mulighed for at udvikle en smuk patina over tid med den rette pleje.<\/span><\/p>\n<p><span data-ccp-props=\"{&quot;201341983&quot;:0,&quot;335559740&quot;:276}\">\u00a0<\/span><\/p>\n","protected":false},"featured_media":27650,"template":"","class_list":["post-27743","adt_materials","type-adt_materials","status-publish","has-post-thumbnail","hentry"],"acf":[],"yoast_head":"<!-- This site is optimized with the Yoast SEO plugin v25.9 - https:\/\/yoast.com\/wordpress\/plugins\/seo\/ -->\n<title>Eg - Form &amp; Refine<\/title>\n<meta name=\"robots\" content=\"index, follow, max-snippet:-1, max-image-preview:large, max-video-preview:-1\" \/>\n<link rel=\"canonical\" href=\"https:\/\/formandrefine.com\/da\/materials\/eg\/\" \/>\n<meta property=\"og:locale\" content=\"da_DK\" \/>\n<meta property=\"og:type\" content=\"article\" \/>\n<meta property=\"og:title\" content=\"Eg - Form &amp; Refine\" \/>\n<meta property=\"og:description\" content=\"Eg er et naturligt materiale, der kan genplantes og fornyes gennem ansvarlig skovdrift. Da tr\u00e6 spiller en central rolle i vores produkter, l\u00e6gger vi stor v\u00e6gt p\u00e5 at k\u00f8be det fra skove, der drives ansvarligt. Langt st\u00f8rstedelen af den eg, vi anvender, stammer fra FSC\u00ae-certificerede europ\u00e6iske skove \u2013 med enkelte undtagelser.\u00a0 Eg spiller en vigtig [...]\" \/>\n<meta property=\"og:url\" content=\"https:\/\/formandrefine.com\/da\/materials\/eg\/\" \/>\n<meta property=\"og:site_name\" content=\"Form &amp; Refine\" \/>\n<meta property=\"article:modified_time\" content=\"2026-04-21T06:39:50+00:00\" \/>\n<meta property=\"og:image\" content=\"https:\/\/formandrefine.com\/wp-content\/uploads\/2026\/03\/Oak_wide.webp\" \/>\n\t<meta property=\"og:image:width\" content=\"1920\" \/>\n\t<meta property=\"og:image:height\" content=\"1080\" \/>\n\t<meta property=\"og:image:type\" content=\"image\/webp\" \/>\n<meta name=\"twitter:card\" content=\"summary_large_image\" \/>\n<meta name=\"twitter:label1\" content=\"Estimeret l\u00e6setid\" \/>\n\t<meta name=\"twitter:data1\" content=\"2 minutter\" \/>\n<script type=\"application\/ld+json\" class=\"yoast-schema-graph\">{\"@context\":\"https:\/\/schema.org\",\"@graph\":[{\"@type\":\"WebPage\",\"@id\":\"https:\/\/formandrefine.com\/da\/materials\/eg\/\",\"url\":\"https:\/\/formandrefine.com\/da\/materials\/eg\/\",\"name\":\"Eg - Form &amp; Refine\",\"isPartOf\":{\"@id\":\"https:\/\/formandrefine.com\/#website\"},\"primaryImageOfPage\":{\"@id\":\"https:\/\/formandrefine.com\/da\/materials\/eg\/#primaryimage\"},\"image\":{\"@id\":\"https:\/\/formandrefine.com\/da\/materials\/eg\/#primaryimage\"},\"thumbnailUrl\":\"https:\/\/formandrefine.com\/wp-content\/uploads\/2026\/03\/Oak_wide.webp\",\"datePublished\":\"2026-03-09T07:16:39+00:00\",\"dateModified\":\"2026-04-21T06:39:50+00:00\",\"breadcrumb\":{\"@id\":\"https:\/\/formandrefine.com\/da\/materials\/eg\/#breadcrumb\"},\"inLanguage\":\"da-DK\",\"potentialAction\":[{\"@type\":\"ReadAction\",\"target\":[\"https:\/\/formandrefine.com\/da\/materials\/eg\/\"]}]},{\"@type\":\"ImageObject\",\"inLanguage\":\"da-DK\",\"@id\":\"https:\/\/formandrefine.com\/da\/materials\/eg\/#primaryimage\",\"url\":\"https:\/\/formandrefine.com\/wp-content\/uploads\/2026\/03\/Oak_wide.webp\",\"contentUrl\":\"https:\/\/formandrefine.com\/wp-content\/uploads\/2026\/03\/Oak_wide.webp\",\"width\":1920,\"height\":1080},{\"@type\":\"BreadcrumbList\",\"@id\":\"https:\/\/formandrefine.com\/da\/materials\/eg\/#breadcrumb\",\"itemListElement\":[{\"@type\":\"ListItem\",\"position\":1,\"name\":\"Home\",\"item\":\"https:\/\/formandrefine.com\/da\/\"},{\"@type\":\"ListItem\",\"position\":2,\"name\":\"Materials\",\"item\":\"https:\/\/formandrefine.com\/da\/materials\/\"},{\"@type\":\"ListItem\",\"position\":3,\"name\":\"Eg\"}]},{\"@type\":\"WebSite\",\"@id\":\"https:\/\/formandrefine.com\/#website\",\"url\":\"https:\/\/formandrefine.com\/\",\"name\":\"Form &amp; Refine\",\"description\":\"Form and Refine is a Danish design brand. We form collections of Nordic design that will refine as the years progress.\",\"potentialAction\":[{\"@type\":\"SearchAction\",\"target\":{\"@type\":\"EntryPoint\",\"urlTemplate\":\"https:\/\/formandrefine.com\/?s={search_term_string}\"},\"query-input\":{\"@type\":\"PropertyValueSpecification\",\"valueRequired\":true,\"valueName\":\"search_term_string\"}}],\"inLanguage\":\"da-DK\"}]}<\/script>\n<!-- \/ Yoast SEO plugin. -->","yoast_head_json":{"title":"Eg - Form &amp; Refine","robots":{"index":"index","follow":"follow","max-snippet":"max-snippet:-1","max-image-preview":"max-image-preview:large","max-video-preview":"max-video-preview:-1"},"canonical":"https:\/\/formandrefine.com\/da\/materials\/eg\/","og_locale":"da_DK","og_type":"article","og_title":"Eg - Form &amp; Refine","og_description":"Eg er et naturligt materiale, der kan genplantes og fornyes gennem ansvarlig skovdrift. Da tr\u00e6 spiller en central rolle i vores produkter, l\u00e6gger vi stor v\u00e6gt p\u00e5 at k\u00f8be det fra skove, der drives ansvarligt. Langt st\u00f8rstedelen af den eg, vi anvender, stammer fra FSC\u00ae-certificerede europ\u00e6iske skove \u2013 med enkelte undtagelser.\u00a0 Eg spiller en vigtig [...]","og_url":"https:\/\/formandrefine.com\/da\/materials\/eg\/","og_site_name":"Form &amp; Refine","article_modified_time":"2026-04-21T06:39:50+00:00","og_image":[{"width":1920,"height":1080,"url":"https:\/\/formandrefine.com\/wp-content\/uploads\/2026\/03\/Oak_wide.webp","type":"image\/webp"}],"twitter_card":"summary_large_image","twitter_misc":{"Estimeret l\u00e6setid":"2 minutter"},"schema":{"@context":"https:\/\/schema.org","@graph":[{"@type":"WebPage","@id":"https:\/\/formandrefine.com\/da\/materials\/eg\/","url":"https:\/\/formandrefine.com\/da\/materials\/eg\/","name":"Eg - Form &amp; Refine","isPartOf":{"@id":"https:\/\/formandrefine.com\/#website"},"primaryImageOfPage":{"@id":"https:\/\/formandrefine.com\/da\/materials\/eg\/#primaryimage"},"image":{"@id":"https:\/\/formandrefine.com\/da\/materials\/eg\/#primaryimage"},"thumbnailUrl":"https:\/\/formandrefine.com\/wp-content\/uploads\/2026\/03\/Oak_wide.webp","datePublished":"2026-03-09T07:16:39+00:00","dateModified":"2026-04-21T06:39:50+00:00","breadcrumb":{"@id":"https:\/\/formandrefine.com\/da\/materials\/eg\/#breadcrumb"},"inLanguage":"da-DK","potentialAction":[{"@type":"ReadAction","target":["https:\/\/formandrefine.com\/da\/materials\/eg\/"]}]},{"@type":"ImageObject","inLanguage":"da-DK","@id":"https:\/\/formandrefine.com\/da\/materials\/eg\/#primaryimage","url":"https:\/\/formandrefine.com\/wp-content\/uploads\/2026\/03\/Oak_wide.webp","contentUrl":"https:\/\/formandrefine.com\/wp-content\/uploads\/2026\/03\/Oak_wide.webp","width":1920,"height":1080},{"@type":"BreadcrumbList","@id":"https:\/\/formandrefine.com\/da\/materials\/eg\/#breadcrumb","itemListElement":[{"@type":"ListItem","position":1,"name":"Home","item":"https:\/\/formandrefine.com\/da\/"},{"@type":"ListItem","position":2,"name":"Materials","item":"https:\/\/formandrefine.com\/da\/materials\/"},{"@type":"ListItem","position":3,"name":"Eg"}]},{"@type":"WebSite","@id":"https:\/\/formandrefine.com\/#website","url":"https:\/\/formandrefine.com\/","name":"Form &amp; Refine","description":"Form and Refine is a Danish design brand. We form collections of Nordic design that will refine as the years progress.","potentialAction":[{"@type":"SearchAction","target":{"@type":"EntryPoint","urlTemplate":"https:\/\/formandrefine.com\/?s={search_term_string}"},"query-input":{"@type":"PropertyValueSpecification","valueRequired":true,"valueName":"search_term_string"}}],"inLanguage":"da-DK"}]}},"_links":{"self":[{"href":"https:\/\/formandrefine.com\/da\/wp-json\/wp\/v2\/adt_materials\/27743","targetHints":{"allow":["GET"]}}],"collection":[{"href":"https:\/\/formandrefine.com\/da\/wp-json\/wp\/v2\/adt_materials"}],"about":[{"href":"https:\/\/formandrefine.com\/da\/wp-json\/wp\/v2\/types\/adt_materials"}],"wp:featuredmedia":[{"embeddable":true,"href":"https:\/\/formandrefine.com\/da\/wp-json\/wp\/v2\/media\/27650"}],"wp:attachment":[{"href":"https:\/\/formandrefine.com\/da\/wp-json\/wp\/v2\/media?parent=27743"}],"curies":[{"name":"wp","href":"https:\/\/api.w.org\/{rel}","templated":true}]}}

<p><span data-contrast="none">Eg er et naturligt materiale, der kan genplantes og fornyes gennem ansvarlig skovdrift. Da træ spiller en central rolle i vores produkter, lægger vi stor vægt på at købe det fra skove, der drives ansvarligt. Langt størstedelen af den eg, vi anvender, stammer fra FSC®-certificerede europæiske skove – med enkelte undtagelser.</span><span data-ccp-props="{&quot;134233117&quot;:true,&quot;134233118&quot;:true}"> </span></p>
<p><span data-contrast="none">Eg spiller en vigtig rolle i mange af vores designs på grund af sin styrke og sit varme, naturlige udtryk.</span><br />
<span data-contrast="none">Den er kendt for sin alsidighed og kan bearbejdes på mange måder.</span><span data-ccp-props="{&quot;134233117&quot;:true,&quot;134233118&quot;:true}"> </span></p>
<p><span data-contrast="none">Vi arbejder med massivt egetræ i de fleste af vores produkter, så træets naturlige udtryk kan træde tydeligt frem. Vi dampbøjer eller formspænder udvalgte dele for at skabe komfort i ryglænene. Dampbøjning er en traditionel teknik, der gør det muligt at forme massivtræ i bløde kurver. Træet udsættes for damp og varme, hvorefter det bøjes i den ønskede form og tørres under kontrolleret varme for at bevare formen.</span><span data-ccp-props="{&quot;134233117&quot;:true,&quot;134233118&quot;:true}"> </span></p>
<p><span data-contrast="none">Egens særlige karakter kommer fra den naturligt levende struktur i træet og de varme toner. Eg er en robust træsort med et naturligt indhold af garvesyre, som beskytter træet og giver det mulighed for at udvikle en smuk patina over tid med den rette pleje.</span></p>
<p><span data-ccp-props="{&quot;201341983&quot;:0,&quot;335559740&quot;:276}"> </span></p>

<!-- This site is optimized with the Yoast SEO plugin v25.9 - https://yoast.com/wordpress/plugins/seo/ -->
<title>Eg - Form &amp; Refine</title>
<meta name="robots" content="index, follow, max-snippet:-1, max-image-preview:large, max-video-preview:-1" />
<link rel="canonical" href="https://formandrefine.com/da/materials/eg/" />
<meta property="og:locale" content="da_DK" />
<meta property="og:type" content="article" />
<meta property="og:title" content="Eg - Form &amp; Refine" />
<meta property="og:description" content="Eg er et naturligt materiale, der kan genplantes og fornyes gennem ansvarlig skovdrift. Da træ spiller en central rolle i vores produkter, lægger vi stor vægt på at købe det fra skove, der drives ansvarligt. Langt størstedelen af den eg, vi anvender, stammer fra FSC®-certificerede europæiske skove – med enkelte undtagelser.  Eg spiller en vigtig [...]" />
<meta property="og:url" content="https://formandrefine.com/da/materials/eg/" />
<meta property="og:site_name" content="Form &amp; Refine" />
<meta property="article:modified_time" content="2026-04-21T06:39:50+00:00" />
<meta property="og:image" content="https://formandrefine.com/wp-content/uploads/2026/03/Oak_wide.webp" />
	<meta property="og:image:width" content="1920" />
	<meta property="og:image:height" content="1080" />
	<meta property="og:image:type" content="image/webp" />
<meta name="twitter:card" content="summary_large_image" />
<meta name="twitter:label1" content="Estimeret læsetid" />
	<meta name="twitter:data1" content="2 minutter" />
<script type="application/ld+json" class="yoast-schema-graph">{"@context":"https://schema.org","@graph":[{"@type":"WebPage","@id":"https://formandrefine.com/da/materials/eg/","url":"https://formandrefine.com/da/materials/eg/","name":"Eg - Form &amp; Refine","isPartOf":{"@id":"https://formandrefine.com/#website"},"primaryImageOfPage":{"@id":"https://formandrefine.com/da/materials/eg/#primaryimage"},"image":{"@id":"https://formandrefine.com/da/materials/eg/#primaryimage"},"thumbnailUrl":"https://formandrefine.com/wp-content/uploads/2026/03/Oak_wide.webp","datePublished":"2026-03-09T07:16:39+00:00","dateModified":"2026-04-21T06:39:50+00:00","breadcrumb":{"@id":"https://formandrefine.com/da/materials/eg/#breadcrumb"},"inLanguage":"da-DK","potentialAction":[{"@type":"ReadAction","target":["https://formandrefine.com/da/materials/eg/"]}]},{"@type":"ImageObject","inLanguage":"da-DK","@id":"https://formandrefine.com/da/materials/eg/#primaryimage","url":"https://formandrefine.com/wp-content/uploads/2026/03/Oak_wide.webp","contentUrl":"https://formandrefine.com/wp-content/uploads/2026/03/Oak_wide.webp","width":1920,"height":1080},{"@type":"BreadcrumbList","@id":"https://formandrefine.com/da/materials/eg/#breadcrumb","itemListElement":[{"@type":"ListItem","position":1,"name":"Home","item":"https://formandrefine.com/da/"},{"@type":"ListItem","position":2,"name":"Materials","item":"https://formandrefine.com/da/materials/"},{"@type":"ListItem","position":3,"name":"Eg"}]},{"@type":"WebSite","@id":"https://formandrefine.com/#website","url":"https://formandrefine.com/","name":"Form &amp; Refine","description":"Form and Refine is a Danish design brand. We form collections of Nordic design that will refine as the years progress.","potentialAction":[{"@type":"SearchAction","target":{"@type":"EntryPoint","urlTemplate":"https://formandrefine.com/?s={search_term_string}"},"query-input":{"@type":"PropertyValueSpecification","valueRequired":true,"valueName":"search_term_string"}}],"inLanguage":"da-DK"}]}</script>
<!-- / Yoast SEO plugin. -->

Eg er et naturligt materiale, der kan genplantes og fornyes gennem ansvarlig skovdrift. Da træ spiller en central rolle i vores produkter, lægger vi stor vægt på at købe det fra skove, der drives ansvarligt. Langt størstedelen af den eg, vi anvender, stammer fra FSC®-certificerede europæiske skove – med enkelte undtagelser.  Eg spiller en vigtig [...]
