{"id":27746,"date":"2026-03-09T08:33:07","date_gmt":"2026-03-09T07:33:07","guid":{"rendered":"https:\/\/formandrefine.com\/materials\/beizen\/"},"modified":"2026-03-09T08:33:07","modified_gmt":"2026-03-09T07:33:07","slug":"beizen","status":"publish","type":"adt_materials","link":"https:\/\/formandrefine.com\/de\/materials\/beizen\/","title":{"rendered":"Beizen"},"content":{"rendered":"<p><span data-contrast=\"auto\">Da wir zus\u00e4tzliche Holzarten in unsere Kollektion aufgenommen haben, haben wir begonnen, mit Beizen zu arbeiten. Die Farbpigmente in den Beizen erm\u00f6glichen es uns, neue Ausdrucksformen innerhalb unserer bestehenden Designs zu erkunden und gleichzeitig die nat\u00fcrlichen Eigenschaften des Holzes hervorzuheben, da die Maserung und Tiefe des Materials besser zur Geltung kommen.\u00a0<\/span><span data-ccp-props=\"{&quot;201341983&quot;:0,&quot;335559740&quot;:276}\">\u00a0<\/span><\/p>\n<p><span data-contrast=\"auto\">Durch das Beizen k\u00f6nnen wir au\u00dferdem die Kollektion erweitern und neue Farbt\u00f6ne und Materialausdr\u00fccke einf\u00fchren, ohne v\u00f6llig neue Konstruktionen oder Produktionsmethoden entwickeln zu m\u00fcssen. Dieser Ansatz unterst\u00fctzt einen bewussteren Umgang mit Ressourcen, erweitert die Relevanz bestehender Designs und schafft mehr Flexibilit\u00e4t innerhalb der Kollektion.<\/span><span data-ccp-props=\"{&quot;201341983&quot;:0,&quot;335559740&quot;:276}\">\u00a0<\/span><\/p>\n<p><span data-contrast=\"auto\">Durch die Arbeit mit Beizen und Farben direkt im Holz schaffen wir neue M\u00f6glichkeiten und behalten gleichzeitig unseren Fokus auf Materialehrlichkeit, Langlebigkeit und zeitloses Design bei.<\/span><\/p>\n","protected":false},"featured_media":27665,"template":"","class_list":["post-27746","adt_materials","type-adt_materials","status-publish","has-post-thumbnail","hentry"],"acf":[],"yoast_head":"<!-- This site is optimized with the Yoast SEO plugin v25.9 - https:\/\/yoast.com\/wordpress\/plugins\/seo\/ -->\n<title>Beizen - Form &amp; Refine<\/title>\n<meta name=\"robots\" content=\"index, follow, max-snippet:-1, max-image-preview:large, max-video-preview:-1\" \/>\n<link rel=\"canonical\" href=\"https:\/\/formandrefine.com\/de\/materials\/beizen\/\" \/>\n<meta property=\"og:locale\" content=\"de_DE\" \/>\n<meta property=\"og:type\" content=\"article\" \/>\n<meta property=\"og:title\" content=\"Beizen - Form &amp; Refine\" \/>\n<meta property=\"og:description\" content=\"Da wir zus\u00e4tzliche Holzarten in unsere Kollektion aufgenommen haben, haben wir begonnen, mit Beizen zu arbeiten. Die Farbpigmente in den Beizen erm\u00f6glichen es uns, neue Ausdrucksformen innerhalb unserer bestehenden Designs zu erkunden und gleichzeitig die nat\u00fcrlichen Eigenschaften des Holzes hervorzuheben, da die Maserung und Tiefe des Materials besser zur Geltung kommen.\u00a0\u00a0 Durch das Beizen k\u00f6nnen [...]\" \/>\n<meta property=\"og:url\" content=\"https:\/\/formandrefine.com\/de\/materials\/beizen\/\" \/>\n<meta property=\"og:site_name\" content=\"Form &amp; Refine\" \/>\n<meta property=\"og:image\" content=\"https:\/\/formandrefine.com\/wp-content\/uploads\/2026\/03\/Stain_wide.webp\" \/>\n\t<meta property=\"og:image:width\" content=\"1920\" \/>\n\t<meta property=\"og:image:height\" content=\"1080\" \/>\n\t<meta property=\"og:image:type\" content=\"image\/webp\" \/>\n<meta name=\"twitter:card\" content=\"summary_large_image\" \/>\n<meta name=\"twitter:label1\" content=\"Gesch\u00e4tzte Lesezeit\" \/>\n\t<meta name=\"twitter:data1\" content=\"1\u00a0Minute\" \/>\n<script type=\"application\/ld+json\" class=\"yoast-schema-graph\">{\"@context\":\"https:\/\/schema.org\",\"@graph\":[{\"@type\":\"WebPage\",\"@id\":\"https:\/\/formandrefine.com\/de\/materials\/beizen\/\",\"url\":\"https:\/\/formandrefine.com\/de\/materials\/beizen\/\",\"name\":\"Beizen - Form &amp; Refine\",\"isPartOf\":{\"@id\":\"https:\/\/formandrefine.com\/#website\"},\"primaryImageOfPage\":{\"@id\":\"https:\/\/formandrefine.com\/de\/materials\/beizen\/#primaryimage\"},\"image\":{\"@id\":\"https:\/\/formandrefine.com\/de\/materials\/beizen\/#primaryimage\"},\"thumbnailUrl\":\"https:\/\/formandrefine.com\/wp-content\/uploads\/2026\/03\/Stain_wide.webp\",\"datePublished\":\"2026-03-09T07:33:07+00:00\",\"breadcrumb\":{\"@id\":\"https:\/\/formandrefine.com\/de\/materials\/beizen\/#breadcrumb\"},\"inLanguage\":\"de\",\"potentialAction\":[{\"@type\":\"ReadAction\",\"target\":[\"https:\/\/formandrefine.com\/de\/materials\/beizen\/\"]}]},{\"@type\":\"ImageObject\",\"inLanguage\":\"de\",\"@id\":\"https:\/\/formandrefine.com\/de\/materials\/beizen\/#primaryimage\",\"url\":\"https:\/\/formandrefine.com\/wp-content\/uploads\/2026\/03\/Stain_wide.webp\",\"contentUrl\":\"https:\/\/formandrefine.com\/wp-content\/uploads\/2026\/03\/Stain_wide.webp\",\"width\":1920,\"height\":1080},{\"@type\":\"BreadcrumbList\",\"@id\":\"https:\/\/formandrefine.com\/de\/materials\/beizen\/#breadcrumb\",\"itemListElement\":[{\"@type\":\"ListItem\",\"position\":1,\"name\":\"Home\",\"item\":\"https:\/\/formandrefine.com\/de\/\"},{\"@type\":\"ListItem\",\"position\":2,\"name\":\"Materials\",\"item\":\"https:\/\/formandrefine.com\/da\/materials\/\"},{\"@type\":\"ListItem\",\"position\":3,\"name\":\"Beizen\"}]},{\"@type\":\"WebSite\",\"@id\":\"https:\/\/formandrefine.com\/#website\",\"url\":\"https:\/\/formandrefine.com\/\",\"name\":\"Form &amp; Refine\",\"description\":\"Form and Refine is a Danish design brand. We form collections of Nordic design that will refine as the years progress.\",\"potentialAction\":[{\"@type\":\"SearchAction\",\"target\":{\"@type\":\"EntryPoint\",\"urlTemplate\":\"https:\/\/formandrefine.com\/?s={search_term_string}\"},\"query-input\":{\"@type\":\"PropertyValueSpecification\",\"valueRequired\":true,\"valueName\":\"search_term_string\"}}],\"inLanguage\":\"de\"}]}<\/script>\n<!-- \/ Yoast SEO plugin. -->","yoast_head_json":{"title":"Beizen - Form &amp; Refine","robots":{"index":"index","follow":"follow","max-snippet":"max-snippet:-1","max-image-preview":"max-image-preview:large","max-video-preview":"max-video-preview:-1"},"canonical":"https:\/\/formandrefine.com\/de\/materials\/beizen\/","og_locale":"de_DE","og_type":"article","og_title":"Beizen - Form &amp; Refine","og_description":"Da wir zus\u00e4tzliche Holzarten in unsere Kollektion aufgenommen haben, haben wir begonnen, mit Beizen zu arbeiten. Die Farbpigmente in den Beizen erm\u00f6glichen es uns, neue Ausdrucksformen innerhalb unserer bestehenden Designs zu erkunden und gleichzeitig die nat\u00fcrlichen Eigenschaften des Holzes hervorzuheben, da die Maserung und Tiefe des Materials besser zur Geltung kommen.\u00a0\u00a0 Durch das Beizen k\u00f6nnen [...]","og_url":"https:\/\/formandrefine.com\/de\/materials\/beizen\/","og_site_name":"Form &amp; Refine","og_image":[{"width":1920,"height":1080,"url":"https:\/\/formandrefine.com\/wp-content\/uploads\/2026\/03\/Stain_wide.webp","type":"image\/webp"}],"twitter_card":"summary_large_image","twitter_misc":{"Gesch\u00e4tzte Lesezeit":"1\u00a0Minute"},"schema":{"@context":"https:\/\/schema.org","@graph":[{"@type":"WebPage","@id":"https:\/\/formandrefine.com\/de\/materials\/beizen\/","url":"https:\/\/formandrefine.com\/de\/materials\/beizen\/","name":"Beizen - Form &amp; Refine","isPartOf":{"@id":"https:\/\/formandrefine.com\/#website"},"primaryImageOfPage":{"@id":"https:\/\/formandrefine.com\/de\/materials\/beizen\/#primaryimage"},"image":{"@id":"https:\/\/formandrefine.com\/de\/materials\/beizen\/#primaryimage"},"thumbnailUrl":"https:\/\/formandrefine.com\/wp-content\/uploads\/2026\/03\/Stain_wide.webp","datePublished":"2026-03-09T07:33:07+00:00","breadcrumb":{"@id":"https:\/\/formandrefine.com\/de\/materials\/beizen\/#breadcrumb"},"inLanguage":"de","potentialAction":[{"@type":"ReadAction","target":["https:\/\/formandrefine.com\/de\/materials\/beizen\/"]}]},{"@type":"ImageObject","inLanguage":"de","@id":"https:\/\/formandrefine.com\/de\/materials\/beizen\/#primaryimage","url":"https:\/\/formandrefine.com\/wp-content\/uploads\/2026\/03\/Stain_wide.webp","contentUrl":"https:\/\/formandrefine.com\/wp-content\/uploads\/2026\/03\/Stain_wide.webp","width":1920,"height":1080},{"@type":"BreadcrumbList","@id":"https:\/\/formandrefine.com\/de\/materials\/beizen\/#breadcrumb","itemListElement":[{"@type":"ListItem","position":1,"name":"Home","item":"https:\/\/formandrefine.com\/de\/"},{"@type":"ListItem","position":2,"name":"Materials","item":"https:\/\/formandrefine.com\/da\/materials\/"},{"@type":"ListItem","position":3,"name":"Beizen"}]},{"@type":"WebSite","@id":"https:\/\/formandrefine.com\/#website","url":"https:\/\/formandrefine.com\/","name":"Form &amp; Refine","description":"Form and Refine is a Danish design brand. We form collections of Nordic design that will refine as the years progress.","potentialAction":[{"@type":"SearchAction","target":{"@type":"EntryPoint","urlTemplate":"https:\/\/formandrefine.com\/?s={search_term_string}"},"query-input":{"@type":"PropertyValueSpecification","valueRequired":true,"valueName":"search_term_string"}}],"inLanguage":"de"}]}},"_links":{"self":[{"href":"https:\/\/formandrefine.com\/de\/wp-json\/wp\/v2\/adt_materials\/27746","targetHints":{"allow":["GET"]}}],"collection":[{"href":"https:\/\/formandrefine.com\/de\/wp-json\/wp\/v2\/adt_materials"}],"about":[{"href":"https:\/\/formandrefine.com\/de\/wp-json\/wp\/v2\/types\/adt_materials"}],"wp:featuredmedia":[{"embeddable":true,"href":"https:\/\/formandrefine.com\/de\/wp-json\/wp\/v2\/media\/27665"}],"wp:attachment":[{"href":"https:\/\/formandrefine.com\/de\/wp-json\/wp\/v2\/media?parent=27746"}],"curies":[{"name":"wp","href":"https:\/\/api.w.org\/{rel}","templated":true}]}}

<p><span data-contrast="auto">Da wir zusätzliche Holzarten in unsere Kollektion aufgenommen haben, haben wir begonnen, mit Beizen zu arbeiten. Die Farbpigmente in den Beizen ermöglichen es uns, neue Ausdrucksformen innerhalb unserer bestehenden Designs zu erkunden und gleichzeitig die natürlichen Eigenschaften des Holzes hervorzuheben, da die Maserung und Tiefe des Materials besser zur Geltung kommen. </span><span data-ccp-props="{&quot;201341983&quot;:0,&quot;335559740&quot;:276}"> </span></p>
<p><span data-contrast="auto">Durch das Beizen können wir außerdem die Kollektion erweitern und neue Farbtöne und Materialausdrücke einführen, ohne völlig neue Konstruktionen oder Produktionsmethoden entwickeln zu müssen. Dieser Ansatz unterstützt einen bewussteren Umgang mit Ressourcen, erweitert die Relevanz bestehender Designs und schafft mehr Flexibilität innerhalb der Kollektion.</span><span data-ccp-props="{&quot;201341983&quot;:0,&quot;335559740&quot;:276}"> </span></p>
<p><span data-contrast="auto">Durch die Arbeit mit Beizen und Farben direkt im Holz schaffen wir neue Möglichkeiten und behalten gleichzeitig unseren Fokus auf Materialehrlichkeit, Langlebigkeit und zeitloses Design bei.</span></p>

<!-- This site is optimized with the Yoast SEO plugin v25.9 - https://yoast.com/wordpress/plugins/seo/ -->
<title>Beizen - Form &amp; Refine</title>
<meta name="robots" content="index, follow, max-snippet:-1, max-image-preview:large, max-video-preview:-1" />
<link rel="canonical" href="https://formandrefine.com/de/materials/beizen/" />
<meta property="og:locale" content="de_DE" />
<meta property="og:type" content="article" />
<meta property="og:title" content="Beizen - Form &amp; Refine" />
<meta property="og:description" content="Da wir zusätzliche Holzarten in unsere Kollektion aufgenommen haben, haben wir begonnen, mit Beizen zu arbeiten. Die Farbpigmente in den Beizen ermöglichen es uns, neue Ausdrucksformen innerhalb unserer bestehenden Designs zu erkunden und gleichzeitig die natürlichen Eigenschaften des Holzes hervorzuheben, da die Maserung und Tiefe des Materials besser zur Geltung kommen.   Durch das Beizen können [...]" />
<meta property="og:url" content="https://formandrefine.com/de/materials/beizen/" />
<meta property="og:site_name" content="Form &amp; Refine" />
<meta property="og:image" content="https://formandrefine.com/wp-content/uploads/2026/03/Stain_wide.webp" />
	<meta property="og:image:width" content="1920" />
	<meta property="og:image:height" content="1080" />
	<meta property="og:image:type" content="image/webp" />
<meta name="twitter:card" content="summary_large_image" />
<meta name="twitter:label1" content="Geschätzte Lesezeit" />
	<meta name="twitter:data1" content="1 Minute" />
<script type="application/ld+json" class="yoast-schema-graph">{"@context":"https://schema.org","@graph":[{"@type":"WebPage","@id":"https://formandrefine.com/de/materials/beizen/","url":"https://formandrefine.com/de/materials/beizen/","name":"Beizen - Form &amp; Refine","isPartOf":{"@id":"https://formandrefine.com/#website"},"primaryImageOfPage":{"@id":"https://formandrefine.com/de/materials/beizen/#primaryimage"},"image":{"@id":"https://formandrefine.com/de/materials/beizen/#primaryimage"},"thumbnailUrl":"https://formandrefine.com/wp-content/uploads/2026/03/Stain_wide.webp","datePublished":"2026-03-09T07:33:07+00:00","breadcrumb":{"@id":"https://formandrefine.com/de/materials/beizen/#breadcrumb"},"inLanguage":"de","potentialAction":[{"@type":"ReadAction","target":["https://formandrefine.com/de/materials/beizen/"]}]},{"@type":"ImageObject","inLanguage":"de","@id":"https://formandrefine.com/de/materials/beizen/#primaryimage","url":"https://formandrefine.com/wp-content/uploads/2026/03/Stain_wide.webp","contentUrl":"https://formandrefine.com/wp-content/uploads/2026/03/Stain_wide.webp","width":1920,"height":1080},{"@type":"BreadcrumbList","@id":"https://formandrefine.com/de/materials/beizen/#breadcrumb","itemListElement":[{"@type":"ListItem","position":1,"name":"Home","item":"https://formandrefine.com/de/"},{"@type":"ListItem","position":2,"name":"Materials","item":"https://formandrefine.com/da/materials/"},{"@type":"ListItem","position":3,"name":"Beizen"}]},{"@type":"WebSite","@id":"https://formandrefine.com/#website","url":"https://formandrefine.com/","name":"Form &amp; Refine","description":"Form and Refine is a Danish design brand. We form collections of Nordic design that will refine as the years progress.","potentialAction":[{"@type":"SearchAction","target":{"@type":"EntryPoint","urlTemplate":"https://formandrefine.com/?s={search_term_string}"},"query-input":{"@type":"PropertyValueSpecification","valueRequired":true,"valueName":"search_term_string"}}],"inLanguage":"de"}]}</script>
<!-- / Yoast SEO plugin. -->

Da wir zusätzliche Holzarten in unsere Kollektion aufgenommen haben, haben wir begonnen, mit Beizen zu arbeiten. Die Farbpigmente in den Beizen ermöglichen es uns, neue Ausdrucksformen innerhalb unserer bestehenden Designs zu erkunden und gleichzeitig die natürlichen Eigenschaften des Holzes hervorzuheben, da die Maserung und Tiefe des Materials besser zur Geltung kommen.   Durch das Beizen können [...]
