{"id":27747,"date":"2026-03-09T08:36:05","date_gmt":"2026-03-09T07:36:05","guid":{"rendered":"https:\/\/formandrefine.com\/materials\/glas\/"},"modified":"2026-03-09T08:36:05","modified_gmt":"2026-03-09T07:36:05","slug":"glas","status":"publish","type":"adt_materials","link":"https:\/\/formandrefine.com\/de\/materials\/glas\/","title":{"rendered":"Glas"},"content":{"rendered":"<p><span data-contrast=\"none\">Glas ist ein Material, das haupts\u00e4chlich aus Sand hergestellt wird, kombiniert mit anderen Mineralien und raffinierten Materialien. Unser portugiesischer Hersteller verf\u00fcgt \u00fcber jahrzehntelange Erfahrung in traditionellen Mundblastechniken, bei denen geschmolzenes Glas bei etwa 1200 \u00b0C pr\u00e4zise und sorgf\u00e4ltig in Formen geformt wird. Erfahrene Handwerker wenden eine Hei\u00dfschneidetechnik an, um glatte, abgerundete Kanten zu erzielen, und jedes St\u00fcck wird langsam abgek\u00fchlt, um innere Spannungen abzubauen und Haltbarkeit zu gew\u00e4hrleisten.\u00a0<\/span><span data-ccp-props=\"{&quot;201341983&quot;:0,&quot;335559740&quot;:276}\">\u00a0<\/span><\/p>\n<p><span data-contrast=\"none\">Glas ist ein reichhaltiges und vielseitiges Material. Es kann transparent oder matt, glatt oder strukturiert, zart und dennoch stabil sein und interagiert auf vielf\u00e4ltige Weise mit Licht, indem es dieses reflektiert, bricht oder sanft streut. Dies verleiht Glasobjekten subtile, dynamische Eigenschaften, die sowohl funktional als auch \u00e4sthetisch sind.\u00a0<\/span><span data-ccp-props=\"{&quot;201341983&quot;:0,&quot;335559740&quot;:276}\">\u00a0<\/span><\/p>\n<p><span data-contrast=\"none\">\u00dcbersch\u00fcssiges Klarglas aus der Produktion, einschlie\u00dflich Verschnitt oder kleinerer M\u00e4ngel, wird in den Ofen zur\u00fcckgef\u00fchrt und zur Wiederverwendung innerhalb der Fabrik wieder erhitzt. Diese Praxis unterst\u00fctzt eine effiziente Materialnutzung und tr\u00e4gt dazu bei, die Klarheit und Qualit\u00e4t jedes einzelnen St\u00fccks zu erhalten.<\/span><span data-ccp-props=\"{&quot;201341983&quot;:0,&quot;335559740&quot;:276}\">\u00a0<\/span><\/p>\n","protected":false},"featured_media":27664,"template":"","class_list":["post-27747","adt_materials","type-adt_materials","status-publish","has-post-thumbnail","hentry"],"acf":[],"yoast_head":"<!-- This site is optimized with the Yoast SEO plugin v25.9 - https:\/\/yoast.com\/wordpress\/plugins\/seo\/ -->\n<title>Glas - Form &amp; Refine<\/title>\n<meta name=\"robots\" content=\"index, follow, max-snippet:-1, max-image-preview:large, max-video-preview:-1\" \/>\n<link rel=\"canonical\" href=\"https:\/\/formandrefine.com\/de\/materials\/glas\/\" \/>\n<meta property=\"og:locale\" content=\"de_DE\" \/>\n<meta property=\"og:type\" content=\"article\" \/>\n<meta property=\"og:title\" content=\"Glas - Form &amp; Refine\" \/>\n<meta property=\"og:description\" content=\"Glas ist ein Material, das haupts\u00e4chlich aus Sand hergestellt wird, kombiniert mit anderen Mineralien und raffinierten Materialien. Unser portugiesischer Hersteller verf\u00fcgt \u00fcber jahrzehntelange Erfahrung in traditionellen Mundblastechniken, bei denen geschmolzenes Glas bei etwa 1200 \u00b0C pr\u00e4zise und sorgf\u00e4ltig in Formen geformt wird. Erfahrene Handwerker wenden eine Hei\u00dfschneidetechnik an, um glatte, abgerundete Kanten zu erzielen, und [...]\" \/>\n<meta property=\"og:url\" content=\"https:\/\/formandrefine.com\/de\/materials\/glas\/\" \/>\n<meta property=\"og:site_name\" content=\"Form &amp; Refine\" \/>\n<meta property=\"og:image\" content=\"https:\/\/formandrefine.com\/wp-content\/uploads\/2026\/03\/Glass_wide.webp\" \/>\n\t<meta property=\"og:image:width\" content=\"1920\" \/>\n\t<meta property=\"og:image:height\" content=\"1080\" \/>\n\t<meta property=\"og:image:type\" content=\"image\/webp\" \/>\n<meta name=\"twitter:card\" content=\"summary_large_image\" \/>\n<meta name=\"twitter:label1\" content=\"Gesch\u00e4tzte Lesezeit\" \/>\n\t<meta name=\"twitter:data1\" content=\"1\u00a0Minute\" \/>\n<script type=\"application\/ld+json\" class=\"yoast-schema-graph\">{\"@context\":\"https:\/\/schema.org\",\"@graph\":[{\"@type\":\"WebPage\",\"@id\":\"https:\/\/formandrefine.com\/de\/materials\/glas\/\",\"url\":\"https:\/\/formandrefine.com\/de\/materials\/glas\/\",\"name\":\"Glas - Form &amp; Refine\",\"isPartOf\":{\"@id\":\"https:\/\/formandrefine.com\/#website\"},\"primaryImageOfPage\":{\"@id\":\"https:\/\/formandrefine.com\/de\/materials\/glas\/#primaryimage\"},\"image\":{\"@id\":\"https:\/\/formandrefine.com\/de\/materials\/glas\/#primaryimage\"},\"thumbnailUrl\":\"https:\/\/formandrefine.com\/wp-content\/uploads\/2026\/03\/Glass_wide.webp\",\"datePublished\":\"2026-03-09T07:36:05+00:00\",\"breadcrumb\":{\"@id\":\"https:\/\/formandrefine.com\/de\/materials\/glas\/#breadcrumb\"},\"inLanguage\":\"de\",\"potentialAction\":[{\"@type\":\"ReadAction\",\"target\":[\"https:\/\/formandrefine.com\/de\/materials\/glas\/\"]}]},{\"@type\":\"ImageObject\",\"inLanguage\":\"de\",\"@id\":\"https:\/\/formandrefine.com\/de\/materials\/glas\/#primaryimage\",\"url\":\"https:\/\/formandrefine.com\/wp-content\/uploads\/2026\/03\/Glass_wide.webp\",\"contentUrl\":\"https:\/\/formandrefine.com\/wp-content\/uploads\/2026\/03\/Glass_wide.webp\",\"width\":1920,\"height\":1080},{\"@type\":\"BreadcrumbList\",\"@id\":\"https:\/\/formandrefine.com\/de\/materials\/glas\/#breadcrumb\",\"itemListElement\":[{\"@type\":\"ListItem\",\"position\":1,\"name\":\"Home\",\"item\":\"https:\/\/formandrefine.com\/de\/\"},{\"@type\":\"ListItem\",\"position\":2,\"name\":\"Materials\",\"item\":\"https:\/\/formandrefine.com\/da\/materials\/\"},{\"@type\":\"ListItem\",\"position\":3,\"name\":\"Glas\"}]},{\"@type\":\"WebSite\",\"@id\":\"https:\/\/formandrefine.com\/#website\",\"url\":\"https:\/\/formandrefine.com\/\",\"name\":\"Form &amp; Refine\",\"description\":\"Form and Refine is a Danish design brand. We form collections of Nordic design that will refine as the years progress.\",\"potentialAction\":[{\"@type\":\"SearchAction\",\"target\":{\"@type\":\"EntryPoint\",\"urlTemplate\":\"https:\/\/formandrefine.com\/?s={search_term_string}\"},\"query-input\":{\"@type\":\"PropertyValueSpecification\",\"valueRequired\":true,\"valueName\":\"search_term_string\"}}],\"inLanguage\":\"de\"}]}<\/script>\n<!-- \/ Yoast SEO plugin. -->","yoast_head_json":{"title":"Glas - Form &amp; Refine","robots":{"index":"index","follow":"follow","max-snippet":"max-snippet:-1","max-image-preview":"max-image-preview:large","max-video-preview":"max-video-preview:-1"},"canonical":"https:\/\/formandrefine.com\/de\/materials\/glas\/","og_locale":"de_DE","og_type":"article","og_title":"Glas - Form &amp; Refine","og_description":"Glas ist ein Material, das haupts\u00e4chlich aus Sand hergestellt wird, kombiniert mit anderen Mineralien und raffinierten Materialien. Unser portugiesischer Hersteller verf\u00fcgt \u00fcber jahrzehntelange Erfahrung in traditionellen Mundblastechniken, bei denen geschmolzenes Glas bei etwa 1200 \u00b0C pr\u00e4zise und sorgf\u00e4ltig in Formen geformt wird. Erfahrene Handwerker wenden eine Hei\u00dfschneidetechnik an, um glatte, abgerundete Kanten zu erzielen, und [...]","og_url":"https:\/\/formandrefine.com\/de\/materials\/glas\/","og_site_name":"Form &amp; Refine","og_image":[{"width":1920,"height":1080,"url":"https:\/\/formandrefine.com\/wp-content\/uploads\/2026\/03\/Glass_wide.webp","type":"image\/webp"}],"twitter_card":"summary_large_image","twitter_misc":{"Gesch\u00e4tzte Lesezeit":"1\u00a0Minute"},"schema":{"@context":"https:\/\/schema.org","@graph":[{"@type":"WebPage","@id":"https:\/\/formandrefine.com\/de\/materials\/glas\/","url":"https:\/\/formandrefine.com\/de\/materials\/glas\/","name":"Glas - Form &amp; Refine","isPartOf":{"@id":"https:\/\/formandrefine.com\/#website"},"primaryImageOfPage":{"@id":"https:\/\/formandrefine.com\/de\/materials\/glas\/#primaryimage"},"image":{"@id":"https:\/\/formandrefine.com\/de\/materials\/glas\/#primaryimage"},"thumbnailUrl":"https:\/\/formandrefine.com\/wp-content\/uploads\/2026\/03\/Glass_wide.webp","datePublished":"2026-03-09T07:36:05+00:00","breadcrumb":{"@id":"https:\/\/formandrefine.com\/de\/materials\/glas\/#breadcrumb"},"inLanguage":"de","potentialAction":[{"@type":"ReadAction","target":["https:\/\/formandrefine.com\/de\/materials\/glas\/"]}]},{"@type":"ImageObject","inLanguage":"de","@id":"https:\/\/formandrefine.com\/de\/materials\/glas\/#primaryimage","url":"https:\/\/formandrefine.com\/wp-content\/uploads\/2026\/03\/Glass_wide.webp","contentUrl":"https:\/\/formandrefine.com\/wp-content\/uploads\/2026\/03\/Glass_wide.webp","width":1920,"height":1080},{"@type":"BreadcrumbList","@id":"https:\/\/formandrefine.com\/de\/materials\/glas\/#breadcrumb","itemListElement":[{"@type":"ListItem","position":1,"name":"Home","item":"https:\/\/formandrefine.com\/de\/"},{"@type":"ListItem","position":2,"name":"Materials","item":"https:\/\/formandrefine.com\/da\/materials\/"},{"@type":"ListItem","position":3,"name":"Glas"}]},{"@type":"WebSite","@id":"https:\/\/formandrefine.com\/#website","url":"https:\/\/formandrefine.com\/","name":"Form &amp; Refine","description":"Form and Refine is a Danish design brand. We form collections of Nordic design that will refine as the years progress.","potentialAction":[{"@type":"SearchAction","target":{"@type":"EntryPoint","urlTemplate":"https:\/\/formandrefine.com\/?s={search_term_string}"},"query-input":{"@type":"PropertyValueSpecification","valueRequired":true,"valueName":"search_term_string"}}],"inLanguage":"de"}]}},"_links":{"self":[{"href":"https:\/\/formandrefine.com\/de\/wp-json\/wp\/v2\/adt_materials\/27747","targetHints":{"allow":["GET"]}}],"collection":[{"href":"https:\/\/formandrefine.com\/de\/wp-json\/wp\/v2\/adt_materials"}],"about":[{"href":"https:\/\/formandrefine.com\/de\/wp-json\/wp\/v2\/types\/adt_materials"}],"wp:featuredmedia":[{"embeddable":true,"href":"https:\/\/formandrefine.com\/de\/wp-json\/wp\/v2\/media\/27664"}],"wp:attachment":[{"href":"https:\/\/formandrefine.com\/de\/wp-json\/wp\/v2\/media?parent=27747"}],"curies":[{"name":"wp","href":"https:\/\/api.w.org\/{rel}","templated":true}]}}

<p><span data-contrast="none">Glas ist ein Material, das hauptsächlich aus Sand hergestellt wird, kombiniert mit anderen Mineralien und raffinierten Materialien. Unser portugiesischer Hersteller verfügt über jahrzehntelange Erfahrung in traditionellen Mundblastechniken, bei denen geschmolzenes Glas bei etwa 1200 °C präzise und sorgfältig in Formen geformt wird. Erfahrene Handwerker wenden eine Heißschneidetechnik an, um glatte, abgerundete Kanten zu erzielen, und jedes Stück wird langsam abgekühlt, um innere Spannungen abzubauen und Haltbarkeit zu gewährleisten. </span><span data-ccp-props="{&quot;201341983&quot;:0,&quot;335559740&quot;:276}"> </span></p>
<p><span data-contrast="none">Glas ist ein reichhaltiges und vielseitiges Material. Es kann transparent oder matt, glatt oder strukturiert, zart und dennoch stabil sein und interagiert auf vielfältige Weise mit Licht, indem es dieses reflektiert, bricht oder sanft streut. Dies verleiht Glasobjekten subtile, dynamische Eigenschaften, die sowohl funktional als auch ästhetisch sind. </span><span data-ccp-props="{&quot;201341983&quot;:0,&quot;335559740&quot;:276}"> </span></p>
<p><span data-contrast="none">Überschüssiges Klarglas aus der Produktion, einschließlich Verschnitt oder kleinerer Mängel, wird in den Ofen zurückgeführt und zur Wiederverwendung innerhalb der Fabrik wieder erhitzt. Diese Praxis unterstützt eine effiziente Materialnutzung und trägt dazu bei, die Klarheit und Qualität jedes einzelnen Stücks zu erhalten.</span><span data-ccp-props="{&quot;201341983&quot;:0,&quot;335559740&quot;:276}"> </span></p>

<!-- This site is optimized with the Yoast SEO plugin v25.9 - https://yoast.com/wordpress/plugins/seo/ -->
<title>Glas - Form &amp; Refine</title>
<meta name="robots" content="index, follow, max-snippet:-1, max-image-preview:large, max-video-preview:-1" />
<link rel="canonical" href="https://formandrefine.com/de/materials/glas/" />
<meta property="og:locale" content="de_DE" />
<meta property="og:type" content="article" />
<meta property="og:title" content="Glas - Form &amp; Refine" />
<meta property="og:description" content="Glas ist ein Material, das hauptsächlich aus Sand hergestellt wird, kombiniert mit anderen Mineralien und raffinierten Materialien. Unser portugiesischer Hersteller verfügt über jahrzehntelange Erfahrung in traditionellen Mundblastechniken, bei denen geschmolzenes Glas bei etwa 1200 °C präzise und sorgfältig in Formen geformt wird. Erfahrene Handwerker wenden eine Heißschneidetechnik an, um glatte, abgerundete Kanten zu erzielen, und [...]" />
<meta property="og:url" content="https://formandrefine.com/de/materials/glas/" />
<meta property="og:site_name" content="Form &amp; Refine" />
<meta property="og:image" content="https://formandrefine.com/wp-content/uploads/2026/03/Glass_wide.webp" />
	<meta property="og:image:width" content="1920" />
	<meta property="og:image:height" content="1080" />
	<meta property="og:image:type" content="image/webp" />
<meta name="twitter:card" content="summary_large_image" />
<meta name="twitter:label1" content="Geschätzte Lesezeit" />
	<meta name="twitter:data1" content="1 Minute" />
<script type="application/ld+json" class="yoast-schema-graph">{"@context":"https://schema.org","@graph":[{"@type":"WebPage","@id":"https://formandrefine.com/de/materials/glas/","url":"https://formandrefine.com/de/materials/glas/","name":"Glas - Form &amp; Refine","isPartOf":{"@id":"https://formandrefine.com/#website"},"primaryImageOfPage":{"@id":"https://formandrefine.com/de/materials/glas/#primaryimage"},"image":{"@id":"https://formandrefine.com/de/materials/glas/#primaryimage"},"thumbnailUrl":"https://formandrefine.com/wp-content/uploads/2026/03/Glass_wide.webp","datePublished":"2026-03-09T07:36:05+00:00","breadcrumb":{"@id":"https://formandrefine.com/de/materials/glas/#breadcrumb"},"inLanguage":"de","potentialAction":[{"@type":"ReadAction","target":["https://formandrefine.com/de/materials/glas/"]}]},{"@type":"ImageObject","inLanguage":"de","@id":"https://formandrefine.com/de/materials/glas/#primaryimage","url":"https://formandrefine.com/wp-content/uploads/2026/03/Glass_wide.webp","contentUrl":"https://formandrefine.com/wp-content/uploads/2026/03/Glass_wide.webp","width":1920,"height":1080},{"@type":"BreadcrumbList","@id":"https://formandrefine.com/de/materials/glas/#breadcrumb","itemListElement":[{"@type":"ListItem","position":1,"name":"Home","item":"https://formandrefine.com/de/"},{"@type":"ListItem","position":2,"name":"Materials","item":"https://formandrefine.com/da/materials/"},{"@type":"ListItem","position":3,"name":"Glas"}]},{"@type":"WebSite","@id":"https://formandrefine.com/#website","url":"https://formandrefine.com/","name":"Form &amp; Refine","description":"Form and Refine is a Danish design brand. We form collections of Nordic design that will refine as the years progress.","potentialAction":[{"@type":"SearchAction","target":{"@type":"EntryPoint","urlTemplate":"https://formandrefine.com/?s={search_term_string}"},"query-input":{"@type":"PropertyValueSpecification","valueRequired":true,"valueName":"search_term_string"}}],"inLanguage":"de"}]}</script>
<!-- / Yoast SEO plugin. -->

Glas ist ein Material, das hauptsächlich aus Sand hergestellt wird, kombiniert mit anderen Mineralien und raffinierten Materialien. Unser portugiesischer Hersteller verfügt über jahrzehntelange Erfahrung in traditionellen Mundblastechniken, bei denen geschmolzenes Glas bei etwa 1200 °C präzise und sorgfältig in Formen geformt wird. Erfahrene Handwerker wenden eine Heißschneidetechnik an, um glatte, abgerundete Kanten zu erzielen, und [...]
