{"id":27748,"date":"2026-03-09T08:39:43","date_gmt":"2026-03-09T07:39:43","guid":{"rendered":"https:\/\/formandrefine.com\/materials\/behandlung\/"},"modified":"2026-03-09T08:39:43","modified_gmt":"2026-03-09T07:39:43","slug":"behandlung","status":"publish","type":"adt_materials","link":"https:\/\/formandrefine.com\/de\/materials\/behandlung\/","title":{"rendered":"Behandlung"},"content":{"rendered":"<p><span data-contrast=\"auto\">Unser Holz wird entweder mit \u00d6l oder Lack behandelt, um die Oberfl\u00e4che zu sch\u00fctzen und hervorzuheben. Die spezifische Oberfl\u00e4chenbehandlung wird entsprechend der Holzart, der Oberfl\u00e4chenbeschaffenheit und dem Verwendungszweck des Produkts ausgew\u00e4hlt.\u00a0<\/span><span data-ccp-props=\"{&quot;201341983&quot;:0,&quot;335559740&quot;:276}\">\u00a0<\/span><\/p>\n<p><span data-contrast=\"auto\">Wir verwenden \u00d6l, weil es die nat\u00fcrliche Maserung, Tiefe und Farbe des Holzes hervorhebt. Das Ergebnis ist ein warmes, organisches und taktiles Erscheinungsbild, das den Charakter von echtem Holz unterstreicht. Ge\u00f6lte Oberfl\u00e4chen sind pflegeleicht und lassen sich im Laufe der Zeit auffrischen, sodass die M\u00f6bel viele Jahre lang sch\u00f6n und lebendig bleiben.\u00a0<\/span><span data-ccp-props=\"{&quot;201341983&quot;:0,&quot;335559740&quot;:276}\">\u00a0<\/span><\/p>\n<p><span data-contrast=\"auto\">Matt-Transparentlack wird auf Oberfl\u00e4chen verwendet, die zus\u00e4tzliche Haltbarkeit und Schutz ben\u00f6tigen. Er bildet eine Schutzschicht, die das Holz vor Kratzern, Feuchtigkeit und allt\u00e4glicher Abnutzung sch\u00fctzt. Wir verwenden Lack auf Kiefer, Buche und furniertem Holz, um einen lang anhaltenden Schutz zu gew\u00e4hrleisten. Einige unserer Produkte werden vor dem Lackieren mit Farbpigmenten gebeizt, damit sich der Farbton im Holz festigen kann, w\u00e4hrend der Lack f\u00fcr Haltbarkeit und ein edles, langlebiges Finish sorgt. Beispiele hierf\u00fcr sind die Beam-Bank in Dunkelbraun und der Blueprint-Stuhl in Schwarz. F\u00fcr Objektprojekte sind weitere Farben erh\u00e4ltlich. Besch\u00e4digungen an lackierten Oberfl\u00e4chen m\u00fcssen von Fachleuten repariert werden, in der Regel durch Abschleifen und Nachlackieren.<\/span><\/p>\n<p><span data-contrast=\"auto\">Jedes Produkt wird mit einer speziellen Pflegeanleitung geliefert, die jederzeit von unserer Website heruntergeladen werden kann. In dieser Anleitung wird erkl\u00e4rt, wie die Oberfl\u00e4che gereinigt, gepflegt und bei Bedarf aufgefrischt oder nachbearbeitet werden kann. Dar\u00fcber hinaus bieten wir speziell f\u00fcr unsere Holzprodukte entwickelte \u00d6lpflege-Sets an, die Sie auf unserer Website erwerben k\u00f6nnen, um eine langfristige Pflege zu gew\u00e4hrleisten.<\/span><span data-ccp-props=\"{&quot;201341983&quot;:0,&quot;335559740&quot;:276}\">\u00a0<\/span><\/p>\n","protected":false},"featured_media":27662,"template":"","class_list":["post-27748","adt_materials","type-adt_materials","status-publish","has-post-thumbnail","hentry"],"acf":[],"yoast_head":"<!-- This site is optimized with the Yoast SEO plugin v25.9 - https:\/\/yoast.com\/wordpress\/plugins\/seo\/ -->\n<title>Behandlung - Form &amp; Refine<\/title>\n<meta name=\"robots\" content=\"index, follow, max-snippet:-1, max-image-preview:large, max-video-preview:-1\" \/>\n<link rel=\"canonical\" href=\"https:\/\/formandrefine.com\/de\/materials\/behandlung\/\" \/>\n<meta property=\"og:locale\" content=\"de_DE\" \/>\n<meta property=\"og:type\" content=\"article\" \/>\n<meta property=\"og:title\" content=\"Behandlung - Form &amp; Refine\" \/>\n<meta property=\"og:description\" content=\"Unser Holz wird entweder mit \u00d6l oder Lack behandelt, um die Oberfl\u00e4che zu sch\u00fctzen und hervorzuheben. Die spezifische Oberfl\u00e4chenbehandlung wird entsprechend der Holzart, der Oberfl\u00e4chenbeschaffenheit und dem Verwendungszweck des Produkts ausgew\u00e4hlt.\u00a0\u00a0 Wir verwenden \u00d6l, weil es die nat\u00fcrliche Maserung, Tiefe und Farbe des Holzes hervorhebt. Das Ergebnis ist ein warmes, organisches und taktiles Erscheinungsbild, das [...]\" \/>\n<meta property=\"og:url\" content=\"https:\/\/formandrefine.com\/de\/materials\/behandlung\/\" \/>\n<meta property=\"og:site_name\" content=\"Form &amp; Refine\" \/>\n<meta property=\"og:image\" content=\"https:\/\/formandrefine.com\/wp-content\/uploads\/2026\/03\/Treatment_wide.webp\" \/>\n\t<meta property=\"og:image:width\" content=\"1920\" \/>\n\t<meta property=\"og:image:height\" content=\"1080\" \/>\n\t<meta property=\"og:image:type\" content=\"image\/webp\" \/>\n<meta name=\"twitter:card\" content=\"summary_large_image\" \/>\n<meta name=\"twitter:label1\" content=\"Gesch\u00e4tzte Lesezeit\" \/>\n\t<meta name=\"twitter:data1\" content=\"1\u00a0Minute\" \/>\n<script type=\"application\/ld+json\" class=\"yoast-schema-graph\">{\"@context\":\"https:\/\/schema.org\",\"@graph\":[{\"@type\":\"WebPage\",\"@id\":\"https:\/\/formandrefine.com\/de\/materials\/behandlung\/\",\"url\":\"https:\/\/formandrefine.com\/de\/materials\/behandlung\/\",\"name\":\"Behandlung - Form &amp; Refine\",\"isPartOf\":{\"@id\":\"https:\/\/formandrefine.com\/#website\"},\"primaryImageOfPage\":{\"@id\":\"https:\/\/formandrefine.com\/de\/materials\/behandlung\/#primaryimage\"},\"image\":{\"@id\":\"https:\/\/formandrefine.com\/de\/materials\/behandlung\/#primaryimage\"},\"thumbnailUrl\":\"https:\/\/formandrefine.com\/wp-content\/uploads\/2026\/03\/Treatment_wide.webp\",\"datePublished\":\"2026-03-09T07:39:43+00:00\",\"breadcrumb\":{\"@id\":\"https:\/\/formandrefine.com\/de\/materials\/behandlung\/#breadcrumb\"},\"inLanguage\":\"de\",\"potentialAction\":[{\"@type\":\"ReadAction\",\"target\":[\"https:\/\/formandrefine.com\/de\/materials\/behandlung\/\"]}]},{\"@type\":\"ImageObject\",\"inLanguage\":\"de\",\"@id\":\"https:\/\/formandrefine.com\/de\/materials\/behandlung\/#primaryimage\",\"url\":\"https:\/\/formandrefine.com\/wp-content\/uploads\/2026\/03\/Treatment_wide.webp\",\"contentUrl\":\"https:\/\/formandrefine.com\/wp-content\/uploads\/2026\/03\/Treatment_wide.webp\",\"width\":1920,\"height\":1080},{\"@type\":\"BreadcrumbList\",\"@id\":\"https:\/\/formandrefine.com\/de\/materials\/behandlung\/#breadcrumb\",\"itemListElement\":[{\"@type\":\"ListItem\",\"position\":1,\"name\":\"Home\",\"item\":\"https:\/\/formandrefine.com\/de\/\"},{\"@type\":\"ListItem\",\"position\":2,\"name\":\"Materials\",\"item\":\"https:\/\/formandrefine.com\/da\/materials\/\"},{\"@type\":\"ListItem\",\"position\":3,\"name\":\"Behandlung\"}]},{\"@type\":\"WebSite\",\"@id\":\"https:\/\/formandrefine.com\/#website\",\"url\":\"https:\/\/formandrefine.com\/\",\"name\":\"Form &amp; Refine\",\"description\":\"Form and Refine is a Danish design brand. We form collections of Nordic design that will refine as the years progress.\",\"potentialAction\":[{\"@type\":\"SearchAction\",\"target\":{\"@type\":\"EntryPoint\",\"urlTemplate\":\"https:\/\/formandrefine.com\/?s={search_term_string}\"},\"query-input\":{\"@type\":\"PropertyValueSpecification\",\"valueRequired\":true,\"valueName\":\"search_term_string\"}}],\"inLanguage\":\"de\"}]}<\/script>\n<!-- \/ Yoast SEO plugin. -->","yoast_head_json":{"title":"Behandlung - Form &amp; Refine","robots":{"index":"index","follow":"follow","max-snippet":"max-snippet:-1","max-image-preview":"max-image-preview:large","max-video-preview":"max-video-preview:-1"},"canonical":"https:\/\/formandrefine.com\/de\/materials\/behandlung\/","og_locale":"de_DE","og_type":"article","og_title":"Behandlung - Form &amp; Refine","og_description":"Unser Holz wird entweder mit \u00d6l oder Lack behandelt, um die Oberfl\u00e4che zu sch\u00fctzen und hervorzuheben. Die spezifische Oberfl\u00e4chenbehandlung wird entsprechend der Holzart, der Oberfl\u00e4chenbeschaffenheit und dem Verwendungszweck des Produkts ausgew\u00e4hlt.\u00a0\u00a0 Wir verwenden \u00d6l, weil es die nat\u00fcrliche Maserung, Tiefe und Farbe des Holzes hervorhebt. Das Ergebnis ist ein warmes, organisches und taktiles Erscheinungsbild, das [...]","og_url":"https:\/\/formandrefine.com\/de\/materials\/behandlung\/","og_site_name":"Form &amp; Refine","og_image":[{"width":1920,"height":1080,"url":"https:\/\/formandrefine.com\/wp-content\/uploads\/2026\/03\/Treatment_wide.webp","type":"image\/webp"}],"twitter_card":"summary_large_image","twitter_misc":{"Gesch\u00e4tzte Lesezeit":"1\u00a0Minute"},"schema":{"@context":"https:\/\/schema.org","@graph":[{"@type":"WebPage","@id":"https:\/\/formandrefine.com\/de\/materials\/behandlung\/","url":"https:\/\/formandrefine.com\/de\/materials\/behandlung\/","name":"Behandlung - Form &amp; Refine","isPartOf":{"@id":"https:\/\/formandrefine.com\/#website"},"primaryImageOfPage":{"@id":"https:\/\/formandrefine.com\/de\/materials\/behandlung\/#primaryimage"},"image":{"@id":"https:\/\/formandrefine.com\/de\/materials\/behandlung\/#primaryimage"},"thumbnailUrl":"https:\/\/formandrefine.com\/wp-content\/uploads\/2026\/03\/Treatment_wide.webp","datePublished":"2026-03-09T07:39:43+00:00","breadcrumb":{"@id":"https:\/\/formandrefine.com\/de\/materials\/behandlung\/#breadcrumb"},"inLanguage":"de","potentialAction":[{"@type":"ReadAction","target":["https:\/\/formandrefine.com\/de\/materials\/behandlung\/"]}]},{"@type":"ImageObject","inLanguage":"de","@id":"https:\/\/formandrefine.com\/de\/materials\/behandlung\/#primaryimage","url":"https:\/\/formandrefine.com\/wp-content\/uploads\/2026\/03\/Treatment_wide.webp","contentUrl":"https:\/\/formandrefine.com\/wp-content\/uploads\/2026\/03\/Treatment_wide.webp","width":1920,"height":1080},{"@type":"BreadcrumbList","@id":"https:\/\/formandrefine.com\/de\/materials\/behandlung\/#breadcrumb","itemListElement":[{"@type":"ListItem","position":1,"name":"Home","item":"https:\/\/formandrefine.com\/de\/"},{"@type":"ListItem","position":2,"name":"Materials","item":"https:\/\/formandrefine.com\/da\/materials\/"},{"@type":"ListItem","position":3,"name":"Behandlung"}]},{"@type":"WebSite","@id":"https:\/\/formandrefine.com\/#website","url":"https:\/\/formandrefine.com\/","name":"Form &amp; Refine","description":"Form and Refine is a Danish design brand. We form collections of Nordic design that will refine as the years progress.","potentialAction":[{"@type":"SearchAction","target":{"@type":"EntryPoint","urlTemplate":"https:\/\/formandrefine.com\/?s={search_term_string}"},"query-input":{"@type":"PropertyValueSpecification","valueRequired":true,"valueName":"search_term_string"}}],"inLanguage":"de"}]}},"_links":{"self":[{"href":"https:\/\/formandrefine.com\/de\/wp-json\/wp\/v2\/adt_materials\/27748","targetHints":{"allow":["GET"]}}],"collection":[{"href":"https:\/\/formandrefine.com\/de\/wp-json\/wp\/v2\/adt_materials"}],"about":[{"href":"https:\/\/formandrefine.com\/de\/wp-json\/wp\/v2\/types\/adt_materials"}],"wp:featuredmedia":[{"embeddable":true,"href":"https:\/\/formandrefine.com\/de\/wp-json\/wp\/v2\/media\/27662"}],"wp:attachment":[{"href":"https:\/\/formandrefine.com\/de\/wp-json\/wp\/v2\/media?parent=27748"}],"curies":[{"name":"wp","href":"https:\/\/api.w.org\/{rel}","templated":true}]}}

<p><span data-contrast="auto">Unser Holz wird entweder mit Öl oder Lack behandelt, um die Oberfläche zu schützen und hervorzuheben. Die spezifische Oberflächenbehandlung wird entsprechend der Holzart, der Oberflächenbeschaffenheit und dem Verwendungszweck des Produkts ausgewählt. </span><span data-ccp-props="{&quot;201341983&quot;:0,&quot;335559740&quot;:276}"> </span></p>
<p><span data-contrast="auto">Wir verwenden Öl, weil es die natürliche Maserung, Tiefe und Farbe des Holzes hervorhebt. Das Ergebnis ist ein warmes, organisches und taktiles Erscheinungsbild, das den Charakter von echtem Holz unterstreicht. Geölte Oberflächen sind pflegeleicht und lassen sich im Laufe der Zeit auffrischen, sodass die Möbel viele Jahre lang schön und lebendig bleiben. </span><span data-ccp-props="{&quot;201341983&quot;:0,&quot;335559740&quot;:276}"> </span></p>
<p><span data-contrast="auto">Matt-Transparentlack wird auf Oberflächen verwendet, die zusätzliche Haltbarkeit und Schutz benötigen. Er bildet eine Schutzschicht, die das Holz vor Kratzern, Feuchtigkeit und alltäglicher Abnutzung schützt. Wir verwenden Lack auf Kiefer, Buche und furniertem Holz, um einen lang anhaltenden Schutz zu gewährleisten. Einige unserer Produkte werden vor dem Lackieren mit Farbpigmenten gebeizt, damit sich der Farbton im Holz festigen kann, während der Lack für Haltbarkeit und ein edles, langlebiges Finish sorgt. Beispiele hierfür sind die Beam-Bank in Dunkelbraun und der Blueprint-Stuhl in Schwarz. Für Objektprojekte sind weitere Farben erhältlich. Beschädigungen an lackierten Oberflächen müssen von Fachleuten repariert werden, in der Regel durch Abschleifen und Nachlackieren.</span></p>
<p><span data-contrast="auto">Jedes Produkt wird mit einer speziellen Pflegeanleitung geliefert, die jederzeit von unserer Website heruntergeladen werden kann. In dieser Anleitung wird erklärt, wie die Oberfläche gereinigt, gepflegt und bei Bedarf aufgefrischt oder nachbearbeitet werden kann. Darüber hinaus bieten wir speziell für unsere Holzprodukte entwickelte Ölpflege-Sets an, die Sie auf unserer Website erwerben können, um eine langfristige Pflege zu gewährleisten.</span><span data-ccp-props="{&quot;201341983&quot;:0,&quot;335559740&quot;:276}"> </span></p>

<!-- This site is optimized with the Yoast SEO plugin v25.9 - https://yoast.com/wordpress/plugins/seo/ -->
<title>Behandlung - Form &amp; Refine</title>
<meta name="robots" content="index, follow, max-snippet:-1, max-image-preview:large, max-video-preview:-1" />
<link rel="canonical" href="https://formandrefine.com/de/materials/behandlung/" />
<meta property="og:locale" content="de_DE" />
<meta property="og:type" content="article" />
<meta property="og:title" content="Behandlung - Form &amp; Refine" />
<meta property="og:description" content="Unser Holz wird entweder mit Öl oder Lack behandelt, um die Oberfläche zu schützen und hervorzuheben. Die spezifische Oberflächenbehandlung wird entsprechend der Holzart, der Oberflächenbeschaffenheit und dem Verwendungszweck des Produkts ausgewählt.   Wir verwenden Öl, weil es die natürliche Maserung, Tiefe und Farbe des Holzes hervorhebt. Das Ergebnis ist ein warmes, organisches und taktiles Erscheinungsbild, das [...]" />
<meta property="og:url" content="https://formandrefine.com/de/materials/behandlung/" />
<meta property="og:site_name" content="Form &amp; Refine" />
<meta property="og:image" content="https://formandrefine.com/wp-content/uploads/2026/03/Treatment_wide.webp" />
	<meta property="og:image:width" content="1920" />
	<meta property="og:image:height" content="1080" />
	<meta property="og:image:type" content="image/webp" />
<meta name="twitter:card" content="summary_large_image" />
<meta name="twitter:label1" content="Geschätzte Lesezeit" />
	<meta name="twitter:data1" content="1 Minute" />
<script type="application/ld+json" class="yoast-schema-graph">{"@context":"https://schema.org","@graph":[{"@type":"WebPage","@id":"https://formandrefine.com/de/materials/behandlung/","url":"https://formandrefine.com/de/materials/behandlung/","name":"Behandlung - Form &amp; Refine","isPartOf":{"@id":"https://formandrefine.com/#website"},"primaryImageOfPage":{"@id":"https://formandrefine.com/de/materials/behandlung/#primaryimage"},"image":{"@id":"https://formandrefine.com/de/materials/behandlung/#primaryimage"},"thumbnailUrl":"https://formandrefine.com/wp-content/uploads/2026/03/Treatment_wide.webp","datePublished":"2026-03-09T07:39:43+00:00","breadcrumb":{"@id":"https://formandrefine.com/de/materials/behandlung/#breadcrumb"},"inLanguage":"de","potentialAction":[{"@type":"ReadAction","target":["https://formandrefine.com/de/materials/behandlung/"]}]},{"@type":"ImageObject","inLanguage":"de","@id":"https://formandrefine.com/de/materials/behandlung/#primaryimage","url":"https://formandrefine.com/wp-content/uploads/2026/03/Treatment_wide.webp","contentUrl":"https://formandrefine.com/wp-content/uploads/2026/03/Treatment_wide.webp","width":1920,"height":1080},{"@type":"BreadcrumbList","@id":"https://formandrefine.com/de/materials/behandlung/#breadcrumb","itemListElement":[{"@type":"ListItem","position":1,"name":"Home","item":"https://formandrefine.com/de/"},{"@type":"ListItem","position":2,"name":"Materials","item":"https://formandrefine.com/da/materials/"},{"@type":"ListItem","position":3,"name":"Behandlung"}]},{"@type":"WebSite","@id":"https://formandrefine.com/#website","url":"https://formandrefine.com/","name":"Form &amp; Refine","description":"Form and Refine is a Danish design brand. We form collections of Nordic design that will refine as the years progress.","potentialAction":[{"@type":"SearchAction","target":{"@type":"EntryPoint","urlTemplate":"https://formandrefine.com/?s={search_term_string}"},"query-input":{"@type":"PropertyValueSpecification","valueRequired":true,"valueName":"search_term_string"}}],"inLanguage":"de"}]}</script>
<!-- / Yoast SEO plugin. -->

Unser Holz wird entweder mit Öl oder Lack behandelt, um die Oberfläche zu schützen und hervorzuheben. Die spezifische Oberflächenbehandlung wird entsprechend der Holzart, der Oberflächenbeschaffenheit und dem Verwendungszweck des Produkts ausgewählt.   Wir verwenden Öl, weil es die natürliche Maserung, Tiefe und Farbe des Holzes hervorhebt. Das Ergebnis ist ein warmes, organisches und taktiles Erscheinungsbild, das [...]
