{"id":27749,"date":"2026-03-09T08:42:29","date_gmt":"2026-03-09T07:42:29","guid":{"rendered":"https:\/\/formandrefine.com\/materials\/buche\/"},"modified":"2026-04-21T08:33:21","modified_gmt":"2026-04-21T06:33:21","slug":"buche","status":"publish","type":"adt_materials","link":"https:\/\/formandrefine.com\/de\/materials\/buche\/","title":{"rendered":"Buche"},"content":{"rendered":"<p><span data-contrast=\"none\">Buche ist ein nat\u00fcrlicher Rohstoff, der durch verantwortungsvolle Waldbewirtschaftung wieder aufgeforstet und erneuert werden kann. Da Holz ein wichtiger Bestandteil unserer Produkte ist, legen wir Wert darauf, es aus verantwortungsvoll bewirtschafteten W\u00e4ldern zu beziehen. Die von uns verwendete Buche stammt aus europ\u00e4ischen W\u00e4ldern. Wir engagieren uns f\u00fcr eine verantwortungsvolle Forstwirtschaft. Mit wenigen Ausnahmen stammt der Gro\u00dfteil unserer Buche aus FSC\u00ae-zertifizierten europ\u00e4ischen W\u00e4ldern.\u00a0<\/span><span data-ccp-props=\"{&quot;201341983&quot;:0,&quot;335559740&quot;:276}\">\u00a0<\/span><\/p>\n<p><span data-contrast=\"none\">Buche wird in ausgew\u00e4hlten Designs verwendet, in denen ihre Eigenschaften am besten zur Geltung kommen. Es handelt sich um ein strapazierf\u00e4higes Hartholz, das f\u00fcr seine Festigkeit, Stabilit\u00e4t und feine, gleichm\u00e4\u00dfige Maserung bekannt ist und sich daher gut f\u00fcr detaillierte Handwerkskunst und pr\u00e4zise Formgebung eignet.\u00a0<\/span><span data-ccp-props=\"{&quot;201341983&quot;:0,&quot;335559740&quot;:276}\">\u00a0<\/span><\/p>\n<p><span data-contrast=\"none\">Wir arbeiten haupts\u00e4chlich mit massiver Buche, die glatte Oberfl\u00e4chen und saubere Kanten bietet, die die subtile Textur und den hellen, zarten Farbton des Holzes mit seinem weichen, fast blassen Charakter hervorheben. Buche eignet sich gut zum Drehen und Biegen und ist daher ideal f\u00fcr handgefertigte, geschwungene Details.\u00a0<\/span><span data-ccp-props=\"{&quot;201341983&quot;:0,&quot;335559740&quot;:276}\">\u00a0<\/span><\/p>\n<p><span data-contrast=\"none\">Mit der Zeit reift Buche sanft, ihre Farbe wird etwas tiefer, w\u00e4hrend sie ihre nat\u00fcrliche Helligkeit und ihr gleichm\u00e4\u00dfiges Aussehen beh\u00e4lt.<\/span><span data-contrast=\"none\">\u00a0<\/span><span data-ccp-props=\"{&quot;201341983&quot;:0,&quot;335559740&quot;:276}\">\u00a0<\/span><\/p>\n","protected":false},"featured_media":27661,"template":"","class_list":["post-27749","adt_materials","type-adt_materials","status-publish","has-post-thumbnail","hentry"],"acf":[],"yoast_head":"<!-- This site is optimized with the Yoast SEO plugin v25.9 - https:\/\/yoast.com\/wordpress\/plugins\/seo\/ -->\n<title>Buche - Form &amp; Refine<\/title>\n<meta name=\"robots\" content=\"index, follow, max-snippet:-1, max-image-preview:large, max-video-preview:-1\" \/>\n<link rel=\"canonical\" href=\"https:\/\/formandrefine.com\/de\/materials\/buche\/\" \/>\n<meta property=\"og:locale\" content=\"de_DE\" \/>\n<meta property=\"og:type\" content=\"article\" \/>\n<meta property=\"og:title\" content=\"Buche - Form &amp; Refine\" \/>\n<meta property=\"og:description\" content=\"Buche ist ein nat\u00fcrlicher Rohstoff, der durch verantwortungsvolle Waldbewirtschaftung wieder aufgeforstet und erneuert werden kann. Da Holz ein wichtiger Bestandteil unserer Produkte ist, legen wir Wert darauf, es aus verantwortungsvoll bewirtschafteten W\u00e4ldern zu beziehen. Die von uns verwendete Buche stammt aus europ\u00e4ischen W\u00e4ldern. Wir engagieren uns f\u00fcr eine verantwortungsvolle Forstwirtschaft. Mit wenigen Ausnahmen stammt der [...]\" \/>\n<meta property=\"og:url\" content=\"https:\/\/formandrefine.com\/de\/materials\/buche\/\" \/>\n<meta property=\"og:site_name\" content=\"Form &amp; Refine\" \/>\n<meta property=\"article:modified_time\" content=\"2026-04-21T06:33:21+00:00\" \/>\n<meta property=\"og:image\" content=\"https:\/\/formandrefine.com\/wp-content\/uploads\/2026\/03\/Beech_wide.webp\" \/>\n\t<meta property=\"og:image:width\" content=\"1920\" \/>\n\t<meta property=\"og:image:height\" content=\"1080\" \/>\n\t<meta property=\"og:image:type\" content=\"image\/webp\" \/>\n<meta name=\"twitter:card\" content=\"summary_large_image\" \/>\n<meta name=\"twitter:label1\" content=\"Gesch\u00e4tzte Lesezeit\" \/>\n\t<meta name=\"twitter:data1\" content=\"1\u00a0Minute\" \/>\n<script type=\"application\/ld+json\" class=\"yoast-schema-graph\">{\"@context\":\"https:\/\/schema.org\",\"@graph\":[{\"@type\":\"WebPage\",\"@id\":\"https:\/\/formandrefine.com\/de\/materials\/buche\/\",\"url\":\"https:\/\/formandrefine.com\/de\/materials\/buche\/\",\"name\":\"Buche - Form &amp; Refine\",\"isPartOf\":{\"@id\":\"https:\/\/formandrefine.com\/#website\"},\"primaryImageOfPage\":{\"@id\":\"https:\/\/formandrefine.com\/de\/materials\/buche\/#primaryimage\"},\"image\":{\"@id\":\"https:\/\/formandrefine.com\/de\/materials\/buche\/#primaryimage\"},\"thumbnailUrl\":\"https:\/\/formandrefine.com\/wp-content\/uploads\/2026\/03\/Beech_wide.webp\",\"datePublished\":\"2026-03-09T07:42:29+00:00\",\"dateModified\":\"2026-04-21T06:33:21+00:00\",\"breadcrumb\":{\"@id\":\"https:\/\/formandrefine.com\/de\/materials\/buche\/#breadcrumb\"},\"inLanguage\":\"de\",\"potentialAction\":[{\"@type\":\"ReadAction\",\"target\":[\"https:\/\/formandrefine.com\/de\/materials\/buche\/\"]}]},{\"@type\":\"ImageObject\",\"inLanguage\":\"de\",\"@id\":\"https:\/\/formandrefine.com\/de\/materials\/buche\/#primaryimage\",\"url\":\"https:\/\/formandrefine.com\/wp-content\/uploads\/2026\/03\/Beech_wide.webp\",\"contentUrl\":\"https:\/\/formandrefine.com\/wp-content\/uploads\/2026\/03\/Beech_wide.webp\",\"width\":1920,\"height\":1080},{\"@type\":\"BreadcrumbList\",\"@id\":\"https:\/\/formandrefine.com\/de\/materials\/buche\/#breadcrumb\",\"itemListElement\":[{\"@type\":\"ListItem\",\"position\":1,\"name\":\"Home\",\"item\":\"https:\/\/formandrefine.com\/de\/\"},{\"@type\":\"ListItem\",\"position\":2,\"name\":\"Materials\",\"item\":\"https:\/\/formandrefine.com\/da\/materials\/\"},{\"@type\":\"ListItem\",\"position\":3,\"name\":\"Buche\"}]},{\"@type\":\"WebSite\",\"@id\":\"https:\/\/formandrefine.com\/#website\",\"url\":\"https:\/\/formandrefine.com\/\",\"name\":\"Form &amp; Refine\",\"description\":\"Form and Refine is a Danish design brand. We form collections of Nordic design that will refine as the years progress.\",\"potentialAction\":[{\"@type\":\"SearchAction\",\"target\":{\"@type\":\"EntryPoint\",\"urlTemplate\":\"https:\/\/formandrefine.com\/?s={search_term_string}\"},\"query-input\":{\"@type\":\"PropertyValueSpecification\",\"valueRequired\":true,\"valueName\":\"search_term_string\"}}],\"inLanguage\":\"de\"}]}<\/script>\n<!-- \/ Yoast SEO plugin. -->","yoast_head_json":{"title":"Buche - Form &amp; Refine","robots":{"index":"index","follow":"follow","max-snippet":"max-snippet:-1","max-image-preview":"max-image-preview:large","max-video-preview":"max-video-preview:-1"},"canonical":"https:\/\/formandrefine.com\/de\/materials\/buche\/","og_locale":"de_DE","og_type":"article","og_title":"Buche - Form &amp; Refine","og_description":"Buche ist ein nat\u00fcrlicher Rohstoff, der durch verantwortungsvolle Waldbewirtschaftung wieder aufgeforstet und erneuert werden kann. Da Holz ein wichtiger Bestandteil unserer Produkte ist, legen wir Wert darauf, es aus verantwortungsvoll bewirtschafteten W\u00e4ldern zu beziehen. Die von uns verwendete Buche stammt aus europ\u00e4ischen W\u00e4ldern. Wir engagieren uns f\u00fcr eine verantwortungsvolle Forstwirtschaft. Mit wenigen Ausnahmen stammt der [...]","og_url":"https:\/\/formandrefine.com\/de\/materials\/buche\/","og_site_name":"Form &amp; Refine","article_modified_time":"2026-04-21T06:33:21+00:00","og_image":[{"width":1920,"height":1080,"url":"https:\/\/formandrefine.com\/wp-content\/uploads\/2026\/03\/Beech_wide.webp","type":"image\/webp"}],"twitter_card":"summary_large_image","twitter_misc":{"Gesch\u00e4tzte Lesezeit":"1\u00a0Minute"},"schema":{"@context":"https:\/\/schema.org","@graph":[{"@type":"WebPage","@id":"https:\/\/formandrefine.com\/de\/materials\/buche\/","url":"https:\/\/formandrefine.com\/de\/materials\/buche\/","name":"Buche - Form &amp; Refine","isPartOf":{"@id":"https:\/\/formandrefine.com\/#website"},"primaryImageOfPage":{"@id":"https:\/\/formandrefine.com\/de\/materials\/buche\/#primaryimage"},"image":{"@id":"https:\/\/formandrefine.com\/de\/materials\/buche\/#primaryimage"},"thumbnailUrl":"https:\/\/formandrefine.com\/wp-content\/uploads\/2026\/03\/Beech_wide.webp","datePublished":"2026-03-09T07:42:29+00:00","dateModified":"2026-04-21T06:33:21+00:00","breadcrumb":{"@id":"https:\/\/formandrefine.com\/de\/materials\/buche\/#breadcrumb"},"inLanguage":"de","potentialAction":[{"@type":"ReadAction","target":["https:\/\/formandrefine.com\/de\/materials\/buche\/"]}]},{"@type":"ImageObject","inLanguage":"de","@id":"https:\/\/formandrefine.com\/de\/materials\/buche\/#primaryimage","url":"https:\/\/formandrefine.com\/wp-content\/uploads\/2026\/03\/Beech_wide.webp","contentUrl":"https:\/\/formandrefine.com\/wp-content\/uploads\/2026\/03\/Beech_wide.webp","width":1920,"height":1080},{"@type":"BreadcrumbList","@id":"https:\/\/formandrefine.com\/de\/materials\/buche\/#breadcrumb","itemListElement":[{"@type":"ListItem","position":1,"name":"Home","item":"https:\/\/formandrefine.com\/de\/"},{"@type":"ListItem","position":2,"name":"Materials","item":"https:\/\/formandrefine.com\/da\/materials\/"},{"@type":"ListItem","position":3,"name":"Buche"}]},{"@type":"WebSite","@id":"https:\/\/formandrefine.com\/#website","url":"https:\/\/formandrefine.com\/","name":"Form &amp; Refine","description":"Form and Refine is a Danish design brand. We form collections of Nordic design that will refine as the years progress.","potentialAction":[{"@type":"SearchAction","target":{"@type":"EntryPoint","urlTemplate":"https:\/\/formandrefine.com\/?s={search_term_string}"},"query-input":{"@type":"PropertyValueSpecification","valueRequired":true,"valueName":"search_term_string"}}],"inLanguage":"de"}]}},"_links":{"self":[{"href":"https:\/\/formandrefine.com\/de\/wp-json\/wp\/v2\/adt_materials\/27749","targetHints":{"allow":["GET"]}}],"collection":[{"href":"https:\/\/formandrefine.com\/de\/wp-json\/wp\/v2\/adt_materials"}],"about":[{"href":"https:\/\/formandrefine.com\/de\/wp-json\/wp\/v2\/types\/adt_materials"}],"wp:featuredmedia":[{"embeddable":true,"href":"https:\/\/formandrefine.com\/de\/wp-json\/wp\/v2\/media\/27661"}],"wp:attachment":[{"href":"https:\/\/formandrefine.com\/de\/wp-json\/wp\/v2\/media?parent=27749"}],"curies":[{"name":"wp","href":"https:\/\/api.w.org\/{rel}","templated":true}]}}

<p><span data-contrast="none">Buche ist ein natürlicher Rohstoff, der durch verantwortungsvolle Waldbewirtschaftung wieder aufgeforstet und erneuert werden kann. Da Holz ein wichtiger Bestandteil unserer Produkte ist, legen wir Wert darauf, es aus verantwortungsvoll bewirtschafteten Wäldern zu beziehen. Die von uns verwendete Buche stammt aus europäischen Wäldern. Wir engagieren uns für eine verantwortungsvolle Forstwirtschaft. Mit wenigen Ausnahmen stammt der Großteil unserer Buche aus FSC®-zertifizierten europäischen Wäldern. </span><span data-ccp-props="{&quot;201341983&quot;:0,&quot;335559740&quot;:276}"> </span></p>
<p><span data-contrast="none">Buche wird in ausgewählten Designs verwendet, in denen ihre Eigenschaften am besten zur Geltung kommen. Es handelt sich um ein strapazierfähiges Hartholz, das für seine Festigkeit, Stabilität und feine, gleichmäßige Maserung bekannt ist und sich daher gut für detaillierte Handwerkskunst und präzise Formgebung eignet. </span><span data-ccp-props="{&quot;201341983&quot;:0,&quot;335559740&quot;:276}"> </span></p>
<p><span data-contrast="none">Wir arbeiten hauptsächlich mit massiver Buche, die glatte Oberflächen und saubere Kanten bietet, die die subtile Textur und den hellen, zarten Farbton des Holzes mit seinem weichen, fast blassen Charakter hervorheben. Buche eignet sich gut zum Drehen und Biegen und ist daher ideal für handgefertigte, geschwungene Details. </span><span data-ccp-props="{&quot;201341983&quot;:0,&quot;335559740&quot;:276}"> </span></p>
<p><span data-contrast="none">Mit der Zeit reift Buche sanft, ihre Farbe wird etwas tiefer, während sie ihre natürliche Helligkeit und ihr gleichmäßiges Aussehen behält.</span><span data-contrast="none"> </span><span data-ccp-props="{&quot;201341983&quot;:0,&quot;335559740&quot;:276}"> </span></p>

<!-- This site is optimized with the Yoast SEO plugin v25.9 - https://yoast.com/wordpress/plugins/seo/ -->
<title>Buche - Form &amp; Refine</title>
<meta name="robots" content="index, follow, max-snippet:-1, max-image-preview:large, max-video-preview:-1" />
<link rel="canonical" href="https://formandrefine.com/de/materials/buche/" />
<meta property="og:locale" content="de_DE" />
<meta property="og:type" content="article" />
<meta property="og:title" content="Buche - Form &amp; Refine" />
<meta property="og:description" content="Buche ist ein natürlicher Rohstoff, der durch verantwortungsvolle Waldbewirtschaftung wieder aufgeforstet und erneuert werden kann. Da Holz ein wichtiger Bestandteil unserer Produkte ist, legen wir Wert darauf, es aus verantwortungsvoll bewirtschafteten Wäldern zu beziehen. Die von uns verwendete Buche stammt aus europäischen Wäldern. Wir engagieren uns für eine verantwortungsvolle Forstwirtschaft. Mit wenigen Ausnahmen stammt der [...]" />
<meta property="og:url" content="https://formandrefine.com/de/materials/buche/" />
<meta property="og:site_name" content="Form &amp; Refine" />
<meta property="article:modified_time" content="2026-04-21T06:33:21+00:00" />
<meta property="og:image" content="https://formandrefine.com/wp-content/uploads/2026/03/Beech_wide.webp" />
	<meta property="og:image:width" content="1920" />
	<meta property="og:image:height" content="1080" />
	<meta property="og:image:type" content="image/webp" />
<meta name="twitter:card" content="summary_large_image" />
<meta name="twitter:label1" content="Geschätzte Lesezeit" />
	<meta name="twitter:data1" content="1 Minute" />
<script type="application/ld+json" class="yoast-schema-graph">{"@context":"https://schema.org","@graph":[{"@type":"WebPage","@id":"https://formandrefine.com/de/materials/buche/","url":"https://formandrefine.com/de/materials/buche/","name":"Buche - Form &amp; Refine","isPartOf":{"@id":"https://formandrefine.com/#website"},"primaryImageOfPage":{"@id":"https://formandrefine.com/de/materials/buche/#primaryimage"},"image":{"@id":"https://formandrefine.com/de/materials/buche/#primaryimage"},"thumbnailUrl":"https://formandrefine.com/wp-content/uploads/2026/03/Beech_wide.webp","datePublished":"2026-03-09T07:42:29+00:00","dateModified":"2026-04-21T06:33:21+00:00","breadcrumb":{"@id":"https://formandrefine.com/de/materials/buche/#breadcrumb"},"inLanguage":"de","potentialAction":[{"@type":"ReadAction","target":["https://formandrefine.com/de/materials/buche/"]}]},{"@type":"ImageObject","inLanguage":"de","@id":"https://formandrefine.com/de/materials/buche/#primaryimage","url":"https://formandrefine.com/wp-content/uploads/2026/03/Beech_wide.webp","contentUrl":"https://formandrefine.com/wp-content/uploads/2026/03/Beech_wide.webp","width":1920,"height":1080},{"@type":"BreadcrumbList","@id":"https://formandrefine.com/de/materials/buche/#breadcrumb","itemListElement":[{"@type":"ListItem","position":1,"name":"Home","item":"https://formandrefine.com/de/"},{"@type":"ListItem","position":2,"name":"Materials","item":"https://formandrefine.com/da/materials/"},{"@type":"ListItem","position":3,"name":"Buche"}]},{"@type":"WebSite","@id":"https://formandrefine.com/#website","url":"https://formandrefine.com/","name":"Form &amp; Refine","description":"Form and Refine is a Danish design brand. We form collections of Nordic design that will refine as the years progress.","potentialAction":[{"@type":"SearchAction","target":{"@type":"EntryPoint","urlTemplate":"https://formandrefine.com/?s={search_term_string}"},"query-input":{"@type":"PropertyValueSpecification","valueRequired":true,"valueName":"search_term_string"}}],"inLanguage":"de"}]}</script>
<!-- / Yoast SEO plugin. -->

Buche ist ein natürlicher Rohstoff, der durch verantwortungsvolle Waldbewirtschaftung wieder aufgeforstet und erneuert werden kann. Da Holz ein wichtiger Bestandteil unserer Produkte ist, legen wir Wert darauf, es aus verantwortungsvoll bewirtschafteten Wäldern zu beziehen. Die von uns verwendete Buche stammt aus europäischen Wäldern. Wir engagieren uns für eine verantwortungsvolle Forstwirtschaft. Mit wenigen Ausnahmen stammt der [...]
