{"id":27752,"date":"2026-03-09T09:32:25","date_gmt":"2026-03-09T08:32:25","guid":{"rendered":"https:\/\/formandrefine.com\/materials\/furnier\/"},"modified":"2026-04-21T08:34:57","modified_gmt":"2026-04-21T06:34:57","slug":"furnier","status":"publish","type":"adt_materials","link":"https:\/\/formandrefine.com\/de\/materials\/furnier\/","title":{"rendered":"Furnier"},"content":{"rendered":"<p><span data-contrast=\"none\">Obwohl die meisten unserer Holzprodukte aus Massivholz gefertigt sind, verwenden wir f\u00fcr einige unserer M\u00f6belst\u00fccke auch Furnierplatten und Holzwerkstoffplatten. Damit erzielen wir bestimmte Eigenschaften in unseren Designs, sei es in Bezug auf Form, Komfort oder strukturelle Stabilit\u00e4t.\u00a0<\/span><span data-ccp-props=\"{&quot;201341983&quot;:0,&quot;335559740&quot;:276}\">\u00a0<\/span><\/p>\n<p><span data-contrast=\"none\">Eine der M\u00f6glichkeiten, wie wir mit Furnier arbeiten, ist das Formfurnier, mit dem wir geschwungene und schlanke Formen schaffen k\u00f6nnen. Diese Technik wird insbesondere f\u00fcr Stuhlsitze und -lehnen verwendet, wo die Kombination aus Festigkeit und Flexibilit\u00e4t einen hohen Komfort gew\u00e4hrleistet.<\/span><span data-ccp-props=\"{&quot;201341983&quot;:0,&quot;335559740&quot;:276}\">\u00a0<\/span><\/p>\n<p><span data-contrast=\"none\">Bei einigen unserer Produkte verwenden wir auch d\u00fcnne Furnierplatten als eigenst\u00e4ndiges Material, wobei ihre Leichtigkeit und ihre raffinierte Oberfl\u00e4che ein wesentlicher Bestandteil des Designs sind.\u00a0<\/span><span data-ccp-props=\"{&quot;201341983&quot;:0,&quot;335559740&quot;:276}\">\u00a0<\/span><\/p>\n<p><span data-contrast=\"none\">F\u00fcr Konstruktionen, die eine hohe Formstabilit\u00e4t erfordern, verwenden wir furnierte Platten. Eine furnierte Platte besteht aus einem Kern auf Holzbasis, der auf den sichtbaren Seiten mit Furnier beschichtet ist. Je nach den Anforderungen des Designs verwenden wir entweder Sperrholz oder MDF als Kern. Furnierte Platten k\u00f6nnen \u00e4hnlich wie Massivholz behandelt werden und erfordern eine \u00e4hnliche Pflege, obwohl sie nicht in gleichem Ma\u00dfe geschliffen werden k\u00f6nnen, was einige Einschr\u00e4nkungen bei der Nachbearbeitung mit sich bringt.\u00a0<\/span><\/p>\n","protected":false},"featured_media":0,"template":"","class_list":["post-27752","adt_materials","type-adt_materials","status-publish","hentry"],"acf":[],"yoast_head":"<!-- This site is optimized with the Yoast SEO plugin v25.9 - https:\/\/yoast.com\/wordpress\/plugins\/seo\/ -->\n<title>Furnier - Form &amp; Refine<\/title>\n<meta name=\"robots\" content=\"index, follow, max-snippet:-1, max-image-preview:large, max-video-preview:-1\" \/>\n<link rel=\"canonical\" href=\"https:\/\/formandrefine.com\/de\/materials\/furnier\/\" \/>\n<meta property=\"og:locale\" content=\"de_DE\" \/>\n<meta property=\"og:type\" content=\"article\" \/>\n<meta property=\"og:title\" content=\"Furnier - Form &amp; Refine\" \/>\n<meta property=\"og:description\" content=\"Obwohl die meisten unserer Holzprodukte aus Massivholz gefertigt sind, verwenden wir f\u00fcr einige unserer M\u00f6belst\u00fccke auch Furnierplatten und Holzwerkstoffplatten. Damit erzielen wir bestimmte Eigenschaften in unseren Designs, sei es in Bezug auf Form, Komfort oder strukturelle Stabilit\u00e4t.\u00a0\u00a0 Eine der M\u00f6glichkeiten, wie wir mit Furnier arbeiten, ist das Formfurnier, mit dem wir geschwungene und schlanke Formen [...]\" \/>\n<meta property=\"og:url\" content=\"https:\/\/formandrefine.com\/de\/materials\/furnier\/\" \/>\n<meta property=\"og:site_name\" content=\"Form &amp; Refine\" \/>\n<meta property=\"article:modified_time\" content=\"2026-04-21T06:34:57+00:00\" \/>\n<meta name=\"twitter:card\" content=\"summary_large_image\" \/>\n<meta name=\"twitter:label1\" content=\"Gesch\u00e4tzte Lesezeit\" \/>\n\t<meta name=\"twitter:data1\" content=\"1\u00a0Minute\" \/>\n<script type=\"application\/ld+json\" class=\"yoast-schema-graph\">{\"@context\":\"https:\/\/schema.org\",\"@graph\":[{\"@type\":\"WebPage\",\"@id\":\"https:\/\/formandrefine.com\/de\/materials\/furnier\/\",\"url\":\"https:\/\/formandrefine.com\/de\/materials\/furnier\/\",\"name\":\"Furnier - Form &amp; Refine\",\"isPartOf\":{\"@id\":\"https:\/\/formandrefine.com\/#website\"},\"datePublished\":\"2026-03-09T08:32:25+00:00\",\"dateModified\":\"2026-04-21T06:34:57+00:00\",\"breadcrumb\":{\"@id\":\"https:\/\/formandrefine.com\/de\/materials\/furnier\/#breadcrumb\"},\"inLanguage\":\"de\",\"potentialAction\":[{\"@type\":\"ReadAction\",\"target\":[\"https:\/\/formandrefine.com\/de\/materials\/furnier\/\"]}]},{\"@type\":\"BreadcrumbList\",\"@id\":\"https:\/\/formandrefine.com\/de\/materials\/furnier\/#breadcrumb\",\"itemListElement\":[{\"@type\":\"ListItem\",\"position\":1,\"name\":\"Home\",\"item\":\"https:\/\/formandrefine.com\/de\/\"},{\"@type\":\"ListItem\",\"position\":2,\"name\":\"Materials\",\"item\":\"https:\/\/formandrefine.com\/da\/materials\/\"},{\"@type\":\"ListItem\",\"position\":3,\"name\":\"Furnier\"}]},{\"@type\":\"WebSite\",\"@id\":\"https:\/\/formandrefine.com\/#website\",\"url\":\"https:\/\/formandrefine.com\/\",\"name\":\"Form &amp; Refine\",\"description\":\"Form and Refine is a Danish design brand. We form collections of Nordic design that will refine as the years progress.\",\"potentialAction\":[{\"@type\":\"SearchAction\",\"target\":{\"@type\":\"EntryPoint\",\"urlTemplate\":\"https:\/\/formandrefine.com\/?s={search_term_string}\"},\"query-input\":{\"@type\":\"PropertyValueSpecification\",\"valueRequired\":true,\"valueName\":\"search_term_string\"}}],\"inLanguage\":\"de\"}]}<\/script>\n<!-- \/ Yoast SEO plugin. -->","yoast_head_json":{"title":"Furnier - Form &amp; Refine","robots":{"index":"index","follow":"follow","max-snippet":"max-snippet:-1","max-image-preview":"max-image-preview:large","max-video-preview":"max-video-preview:-1"},"canonical":"https:\/\/formandrefine.com\/de\/materials\/furnier\/","og_locale":"de_DE","og_type":"article","og_title":"Furnier - Form &amp; Refine","og_description":"Obwohl die meisten unserer Holzprodukte aus Massivholz gefertigt sind, verwenden wir f\u00fcr einige unserer M\u00f6belst\u00fccke auch Furnierplatten und Holzwerkstoffplatten. Damit erzielen wir bestimmte Eigenschaften in unseren Designs, sei es in Bezug auf Form, Komfort oder strukturelle Stabilit\u00e4t.\u00a0\u00a0 Eine der M\u00f6glichkeiten, wie wir mit Furnier arbeiten, ist das Formfurnier, mit dem wir geschwungene und schlanke Formen [...]","og_url":"https:\/\/formandrefine.com\/de\/materials\/furnier\/","og_site_name":"Form &amp; Refine","article_modified_time":"2026-04-21T06:34:57+00:00","twitter_card":"summary_large_image","twitter_misc":{"Gesch\u00e4tzte Lesezeit":"1\u00a0Minute"},"schema":{"@context":"https:\/\/schema.org","@graph":[{"@type":"WebPage","@id":"https:\/\/formandrefine.com\/de\/materials\/furnier\/","url":"https:\/\/formandrefine.com\/de\/materials\/furnier\/","name":"Furnier - Form &amp; Refine","isPartOf":{"@id":"https:\/\/formandrefine.com\/#website"},"datePublished":"2026-03-09T08:32:25+00:00","dateModified":"2026-04-21T06:34:57+00:00","breadcrumb":{"@id":"https:\/\/formandrefine.com\/de\/materials\/furnier\/#breadcrumb"},"inLanguage":"de","potentialAction":[{"@type":"ReadAction","target":["https:\/\/formandrefine.com\/de\/materials\/furnier\/"]}]},{"@type":"BreadcrumbList","@id":"https:\/\/formandrefine.com\/de\/materials\/furnier\/#breadcrumb","itemListElement":[{"@type":"ListItem","position":1,"name":"Home","item":"https:\/\/formandrefine.com\/de\/"},{"@type":"ListItem","position":2,"name":"Materials","item":"https:\/\/formandrefine.com\/da\/materials\/"},{"@type":"ListItem","position":3,"name":"Furnier"}]},{"@type":"WebSite","@id":"https:\/\/formandrefine.com\/#website","url":"https:\/\/formandrefine.com\/","name":"Form &amp; Refine","description":"Form and Refine is a Danish design brand. We form collections of Nordic design that will refine as the years progress.","potentialAction":[{"@type":"SearchAction","target":{"@type":"EntryPoint","urlTemplate":"https:\/\/formandrefine.com\/?s={search_term_string}"},"query-input":{"@type":"PropertyValueSpecification","valueRequired":true,"valueName":"search_term_string"}}],"inLanguage":"de"}]}},"_links":{"self":[{"href":"https:\/\/formandrefine.com\/de\/wp-json\/wp\/v2\/adt_materials\/27752","targetHints":{"allow":["GET"]}}],"collection":[{"href":"https:\/\/formandrefine.com\/de\/wp-json\/wp\/v2\/adt_materials"}],"about":[{"href":"https:\/\/formandrefine.com\/de\/wp-json\/wp\/v2\/types\/adt_materials"}],"wp:attachment":[{"href":"https:\/\/formandrefine.com\/de\/wp-json\/wp\/v2\/media?parent=27752"}],"curies":[{"name":"wp","href":"https:\/\/api.w.org\/{rel}","templated":true}]}}

<p><span data-contrast="none">Obwohl die meisten unserer Holzprodukte aus Massivholz gefertigt sind, verwenden wir für einige unserer Möbelstücke auch Furnierplatten und Holzwerkstoffplatten. Damit erzielen wir bestimmte Eigenschaften in unseren Designs, sei es in Bezug auf Form, Komfort oder strukturelle Stabilität. </span><span data-ccp-props="{&quot;201341983&quot;:0,&quot;335559740&quot;:276}"> </span></p>
<p><span data-contrast="none">Eine der Möglichkeiten, wie wir mit Furnier arbeiten, ist das Formfurnier, mit dem wir geschwungene und schlanke Formen schaffen können. Diese Technik wird insbesondere für Stuhlsitze und -lehnen verwendet, wo die Kombination aus Festigkeit und Flexibilität einen hohen Komfort gewährleistet.</span><span data-ccp-props="{&quot;201341983&quot;:0,&quot;335559740&quot;:276}"> </span></p>
<p><span data-contrast="none">Bei einigen unserer Produkte verwenden wir auch dünne Furnierplatten als eigenständiges Material, wobei ihre Leichtigkeit und ihre raffinierte Oberfläche ein wesentlicher Bestandteil des Designs sind. </span><span data-ccp-props="{&quot;201341983&quot;:0,&quot;335559740&quot;:276}"> </span></p>
<p><span data-contrast="none">Für Konstruktionen, die eine hohe Formstabilität erfordern, verwenden wir furnierte Platten. Eine furnierte Platte besteht aus einem Kern auf Holzbasis, der auf den sichtbaren Seiten mit Furnier beschichtet ist. Je nach den Anforderungen des Designs verwenden wir entweder Sperrholz oder MDF als Kern. Furnierte Platten können ähnlich wie Massivholz behandelt werden und erfordern eine ähnliche Pflege, obwohl sie nicht in gleichem Maße geschliffen werden können, was einige Einschränkungen bei der Nachbearbeitung mit sich bringt. </span></p>

<!-- This site is optimized with the Yoast SEO plugin v25.9 - https://yoast.com/wordpress/plugins/seo/ -->
<title>Furnier - Form &amp; Refine</title>
<meta name="robots" content="index, follow, max-snippet:-1, max-image-preview:large, max-video-preview:-1" />
<link rel="canonical" href="https://formandrefine.com/de/materials/furnier/" />
<meta property="og:locale" content="de_DE" />
<meta property="og:type" content="article" />
<meta property="og:title" content="Furnier - Form &amp; Refine" />
<meta property="og:description" content="Obwohl die meisten unserer Holzprodukte aus Massivholz gefertigt sind, verwenden wir für einige unserer Möbelstücke auch Furnierplatten und Holzwerkstoffplatten. Damit erzielen wir bestimmte Eigenschaften in unseren Designs, sei es in Bezug auf Form, Komfort oder strukturelle Stabilität.   Eine der Möglichkeiten, wie wir mit Furnier arbeiten, ist das Formfurnier, mit dem wir geschwungene und schlanke Formen [...]" />
<meta property="og:url" content="https://formandrefine.com/de/materials/furnier/" />
<meta property="og:site_name" content="Form &amp; Refine" />
<meta property="article:modified_time" content="2026-04-21T06:34:57+00:00" />
<meta name="twitter:card" content="summary_large_image" />
<meta name="twitter:label1" content="Geschätzte Lesezeit" />
	<meta name="twitter:data1" content="1 Minute" />
<script type="application/ld+json" class="yoast-schema-graph">{"@context":"https://schema.org","@graph":[{"@type":"WebPage","@id":"https://formandrefine.com/de/materials/furnier/","url":"https://formandrefine.com/de/materials/furnier/","name":"Furnier - Form &amp; Refine","isPartOf":{"@id":"https://formandrefine.com/#website"},"datePublished":"2026-03-09T08:32:25+00:00","dateModified":"2026-04-21T06:34:57+00:00","breadcrumb":{"@id":"https://formandrefine.com/de/materials/furnier/#breadcrumb"},"inLanguage":"de","potentialAction":[{"@type":"ReadAction","target":["https://formandrefine.com/de/materials/furnier/"]}]},{"@type":"BreadcrumbList","@id":"https://formandrefine.com/de/materials/furnier/#breadcrumb","itemListElement":[{"@type":"ListItem","position":1,"name":"Home","item":"https://formandrefine.com/de/"},{"@type":"ListItem","position":2,"name":"Materials","item":"https://formandrefine.com/da/materials/"},{"@type":"ListItem","position":3,"name":"Furnier"}]},{"@type":"WebSite","@id":"https://formandrefine.com/#website","url":"https://formandrefine.com/","name":"Form &amp; Refine","description":"Form and Refine is a Danish design brand. We form collections of Nordic design that will refine as the years progress.","potentialAction":[{"@type":"SearchAction","target":{"@type":"EntryPoint","urlTemplate":"https://formandrefine.com/?s={search_term_string}"},"query-input":{"@type":"PropertyValueSpecification","valueRequired":true,"valueName":"search_term_string"}}],"inLanguage":"de"}]}</script>
<!-- / Yoast SEO plugin. -->

Obwohl die meisten unserer Holzprodukte aus Massivholz gefertigt sind, verwenden wir für einige unserer Möbelstücke auch Furnierplatten und Holzwerkstoffplatten. Damit erzielen wir bestimmte Eigenschaften in unseren Designs, sei es in Bezug auf Form, Komfort oder strukturelle Stabilität.   Eine der Möglichkeiten, wie wir mit Furnier arbeiten, ist das Formfurnier, mit dem wir geschwungene und schlanke Formen [...]
