{"id":27753,"date":"2026-03-09T09:41:46","date_gmt":"2026-03-09T08:41:46","guid":{"rendered":"https:\/\/formandrefine.com\/materials\/recycelte-abfaelle\/"},"modified":"2026-03-09T09:41:46","modified_gmt":"2026-03-09T08:41:46","slug":"recycelte-abfaelle","status":"publish","type":"adt_materials","link":"https:\/\/formandrefine.com\/de\/materials\/recycelte-abfaelle\/","title":{"rendered":"Recycelte Abf\u00e4lle"},"content":{"rendered":"<p><span data-contrast=\"none\">F\u00fcr unsere Remake-Kollektion verwenden wir ein Material aus recycelten Abf\u00e4llen namens Recoma Packwall Design Board. Das Material wird in Europa aus post-konsumierten und post-industriellen Verpackungsabf\u00e4llen hergestellt. Es wird in einem patentierten Verfahren hergestellt, bei dem gemischte Kunststoffe und Aluminium unter Hitze und Druck ohne Verwendung von Bindemitteln oder Klebstoffen komprimiert werden.\u00a0\u00a0<\/span><span data-ccp-props=\"{&quot;201341983&quot;:0,&quot;335559740&quot;:276}\">\u00a0<\/span><\/p>\n<p><span data-contrast=\"none\">Das Material offenbart seine recycelte Herkunft auf eindrucksvolle Weise: Fragmente von Verpackungen und einzelnen Kartons bleiben auf der Oberfl\u00e4che sichtbar, wodurch die Kreislaufgeschichte des Materials Teil seiner visuellen Identit\u00e4t wird. Die Platte ist dicht, stabil und langlebig und eignet sich daher gut f\u00fcr M\u00f6bel und Innenausstattungen, bei denen ein unverwechselbares und ausdrucksstarkes Material gew\u00fcnscht ist.\u00a0\u00a0<\/span><span data-ccp-props=\"{&quot;201341983&quot;:0,&quot;335559740&quot;:276}\">\u00a0<\/span><\/p>\n<p><span data-contrast=\"none\">Da das Material vollst\u00e4ndig aus recycelten Verpackungen hergestellt wird und innerhalb des eigenen Produktionssystems von Recoma vollst\u00e4ndig recycelt werden kann, bietet es eine verantwortungsvolle und innovative Alternative zu herk\u00f6mmlichen Plattenmaterialien. Laut der Umweltproduktdeklaration (EPD) von Recoma hat das Material einen CO2-Fu\u00dfabdruck von \u201310,6 kg CO2e pro m2 (bei einer Plattenmasse von ca. 10,45 kg\/m2, Cradle to Gate). Weitere Informationen und detaillierte Daten finden Sie auf der <span style=\"text-decoration: underline;\"><a href=\"https:\/\/www.recoma.com\/board\/design-board\">Website des Herstellers.<\/a><\/span><\/span><\/p>\n","protected":false},"featured_media":27655,"template":"","class_list":["post-27753","adt_materials","type-adt_materials","status-publish","has-post-thumbnail","hentry"],"acf":[],"yoast_head":"<!-- This site is optimized with the Yoast SEO plugin v25.9 - https:\/\/yoast.com\/wordpress\/plugins\/seo\/ -->\n<title>Recycelte Abf\u00e4lle - Form &amp; Refine<\/title>\n<meta name=\"robots\" content=\"index, follow, max-snippet:-1, max-image-preview:large, max-video-preview:-1\" \/>\n<link rel=\"canonical\" href=\"https:\/\/formandrefine.com\/de\/materials\/recycelte-abfaelle\/\" \/>\n<meta property=\"og:locale\" content=\"de_DE\" \/>\n<meta property=\"og:type\" content=\"article\" \/>\n<meta property=\"og:title\" content=\"Recycelte Abf\u00e4lle - Form &amp; Refine\" \/>\n<meta property=\"og:description\" content=\"F\u00fcr unsere Remake-Kollektion verwenden wir ein Material aus recycelten Abf\u00e4llen namens Recoma Packwall Design Board. Das Material wird in Europa aus post-konsumierten und post-industriellen Verpackungsabf\u00e4llen hergestellt. Es wird in einem patentierten Verfahren hergestellt, bei dem gemischte Kunststoffe und Aluminium unter Hitze und Druck ohne Verwendung von Bindemitteln oder Klebstoffen komprimiert werden.\u00a0\u00a0\u00a0 Das Material offenbart seine [...]\" \/>\n<meta property=\"og:url\" content=\"https:\/\/formandrefine.com\/de\/materials\/recycelte-abfaelle\/\" \/>\n<meta property=\"og:site_name\" content=\"Form &amp; Refine\" \/>\n<meta property=\"og:image\" content=\"https:\/\/formandrefine.com\/wp-content\/uploads\/2026\/03\/Recoma_wide.webp\" \/>\n\t<meta property=\"og:image:width\" content=\"1920\" \/>\n\t<meta property=\"og:image:height\" content=\"1080\" \/>\n\t<meta property=\"og:image:type\" content=\"image\/webp\" \/>\n<meta name=\"twitter:card\" content=\"summary_large_image\" \/>\n<meta name=\"twitter:label1\" content=\"Gesch\u00e4tzte Lesezeit\" \/>\n\t<meta name=\"twitter:data1\" content=\"1\u00a0Minute\" \/>\n<script type=\"application\/ld+json\" class=\"yoast-schema-graph\">{\"@context\":\"https:\/\/schema.org\",\"@graph\":[{\"@type\":\"WebPage\",\"@id\":\"https:\/\/formandrefine.com\/de\/materials\/recycelte-abfaelle\/\",\"url\":\"https:\/\/formandrefine.com\/de\/materials\/recycelte-abfaelle\/\",\"name\":\"Recycelte Abf\u00e4lle - Form &amp; Refine\",\"isPartOf\":{\"@id\":\"https:\/\/formandrefine.com\/#website\"},\"primaryImageOfPage\":{\"@id\":\"https:\/\/formandrefine.com\/de\/materials\/recycelte-abfaelle\/#primaryimage\"},\"image\":{\"@id\":\"https:\/\/formandrefine.com\/de\/materials\/recycelte-abfaelle\/#primaryimage\"},\"thumbnailUrl\":\"https:\/\/formandrefine.com\/wp-content\/uploads\/2026\/03\/Recoma_wide.webp\",\"datePublished\":\"2026-03-09T08:41:46+00:00\",\"breadcrumb\":{\"@id\":\"https:\/\/formandrefine.com\/de\/materials\/recycelte-abfaelle\/#breadcrumb\"},\"inLanguage\":\"de\",\"potentialAction\":[{\"@type\":\"ReadAction\",\"target\":[\"https:\/\/formandrefine.com\/de\/materials\/recycelte-abfaelle\/\"]}]},{\"@type\":\"ImageObject\",\"inLanguage\":\"de\",\"@id\":\"https:\/\/formandrefine.com\/de\/materials\/recycelte-abfaelle\/#primaryimage\",\"url\":\"https:\/\/formandrefine.com\/wp-content\/uploads\/2026\/03\/Recoma_wide.webp\",\"contentUrl\":\"https:\/\/formandrefine.com\/wp-content\/uploads\/2026\/03\/Recoma_wide.webp\",\"width\":1920,\"height\":1080},{\"@type\":\"BreadcrumbList\",\"@id\":\"https:\/\/formandrefine.com\/de\/materials\/recycelte-abfaelle\/#breadcrumb\",\"itemListElement\":[{\"@type\":\"ListItem\",\"position\":1,\"name\":\"Home\",\"item\":\"https:\/\/formandrefine.com\/de\/\"},{\"@type\":\"ListItem\",\"position\":2,\"name\":\"Materials\",\"item\":\"https:\/\/formandrefine.com\/da\/materials\/\"},{\"@type\":\"ListItem\",\"position\":3,\"name\":\"Recycelte Abf\u00e4lle\"}]},{\"@type\":\"WebSite\",\"@id\":\"https:\/\/formandrefine.com\/#website\",\"url\":\"https:\/\/formandrefine.com\/\",\"name\":\"Form &amp; Refine\",\"description\":\"Form and Refine is a Danish design brand. We form collections of Nordic design that will refine as the years progress.\",\"potentialAction\":[{\"@type\":\"SearchAction\",\"target\":{\"@type\":\"EntryPoint\",\"urlTemplate\":\"https:\/\/formandrefine.com\/?s={search_term_string}\"},\"query-input\":{\"@type\":\"PropertyValueSpecification\",\"valueRequired\":true,\"valueName\":\"search_term_string\"}}],\"inLanguage\":\"de\"}]}<\/script>\n<!-- \/ Yoast SEO plugin. -->","yoast_head_json":{"title":"Recycelte Abf\u00e4lle - Form &amp; Refine","robots":{"index":"index","follow":"follow","max-snippet":"max-snippet:-1","max-image-preview":"max-image-preview:large","max-video-preview":"max-video-preview:-1"},"canonical":"https:\/\/formandrefine.com\/de\/materials\/recycelte-abfaelle\/","og_locale":"de_DE","og_type":"article","og_title":"Recycelte Abf\u00e4lle - Form &amp; Refine","og_description":"F\u00fcr unsere Remake-Kollektion verwenden wir ein Material aus recycelten Abf\u00e4llen namens Recoma Packwall Design Board. Das Material wird in Europa aus post-konsumierten und post-industriellen Verpackungsabf\u00e4llen hergestellt. Es wird in einem patentierten Verfahren hergestellt, bei dem gemischte Kunststoffe und Aluminium unter Hitze und Druck ohne Verwendung von Bindemitteln oder Klebstoffen komprimiert werden.\u00a0\u00a0\u00a0 Das Material offenbart seine [...]","og_url":"https:\/\/formandrefine.com\/de\/materials\/recycelte-abfaelle\/","og_site_name":"Form &amp; Refine","og_image":[{"width":1920,"height":1080,"url":"https:\/\/formandrefine.com\/wp-content\/uploads\/2026\/03\/Recoma_wide.webp","type":"image\/webp"}],"twitter_card":"summary_large_image","twitter_misc":{"Gesch\u00e4tzte Lesezeit":"1\u00a0Minute"},"schema":{"@context":"https:\/\/schema.org","@graph":[{"@type":"WebPage","@id":"https:\/\/formandrefine.com\/de\/materials\/recycelte-abfaelle\/","url":"https:\/\/formandrefine.com\/de\/materials\/recycelte-abfaelle\/","name":"Recycelte Abf\u00e4lle - Form &amp; Refine","isPartOf":{"@id":"https:\/\/formandrefine.com\/#website"},"primaryImageOfPage":{"@id":"https:\/\/formandrefine.com\/de\/materials\/recycelte-abfaelle\/#primaryimage"},"image":{"@id":"https:\/\/formandrefine.com\/de\/materials\/recycelte-abfaelle\/#primaryimage"},"thumbnailUrl":"https:\/\/formandrefine.com\/wp-content\/uploads\/2026\/03\/Recoma_wide.webp","datePublished":"2026-03-09T08:41:46+00:00","breadcrumb":{"@id":"https:\/\/formandrefine.com\/de\/materials\/recycelte-abfaelle\/#breadcrumb"},"inLanguage":"de","potentialAction":[{"@type":"ReadAction","target":["https:\/\/formandrefine.com\/de\/materials\/recycelte-abfaelle\/"]}]},{"@type":"ImageObject","inLanguage":"de","@id":"https:\/\/formandrefine.com\/de\/materials\/recycelte-abfaelle\/#primaryimage","url":"https:\/\/formandrefine.com\/wp-content\/uploads\/2026\/03\/Recoma_wide.webp","contentUrl":"https:\/\/formandrefine.com\/wp-content\/uploads\/2026\/03\/Recoma_wide.webp","width":1920,"height":1080},{"@type":"BreadcrumbList","@id":"https:\/\/formandrefine.com\/de\/materials\/recycelte-abfaelle\/#breadcrumb","itemListElement":[{"@type":"ListItem","position":1,"name":"Home","item":"https:\/\/formandrefine.com\/de\/"},{"@type":"ListItem","position":2,"name":"Materials","item":"https:\/\/formandrefine.com\/da\/materials\/"},{"@type":"ListItem","position":3,"name":"Recycelte Abf\u00e4lle"}]},{"@type":"WebSite","@id":"https:\/\/formandrefine.com\/#website","url":"https:\/\/formandrefine.com\/","name":"Form &amp; Refine","description":"Form and Refine is a Danish design brand. We form collections of Nordic design that will refine as the years progress.","potentialAction":[{"@type":"SearchAction","target":{"@type":"EntryPoint","urlTemplate":"https:\/\/formandrefine.com\/?s={search_term_string}"},"query-input":{"@type":"PropertyValueSpecification","valueRequired":true,"valueName":"search_term_string"}}],"inLanguage":"de"}]}},"_links":{"self":[{"href":"https:\/\/formandrefine.com\/de\/wp-json\/wp\/v2\/adt_materials\/27753","targetHints":{"allow":["GET"]}}],"collection":[{"href":"https:\/\/formandrefine.com\/de\/wp-json\/wp\/v2\/adt_materials"}],"about":[{"href":"https:\/\/formandrefine.com\/de\/wp-json\/wp\/v2\/types\/adt_materials"}],"wp:featuredmedia":[{"embeddable":true,"href":"https:\/\/formandrefine.com\/de\/wp-json\/wp\/v2\/media\/27655"}],"wp:attachment":[{"href":"https:\/\/formandrefine.com\/de\/wp-json\/wp\/v2\/media?parent=27753"}],"curies":[{"name":"wp","href":"https:\/\/api.w.org\/{rel}","templated":true}]}}

Recycelte Abfälle

<p><span data-contrast="none">Für unsere Remake-Kollektion verwenden wir ein Material aus recycelten Abfällen namens Recoma Packwall Design Board. Das Material wird in Europa aus post-konsumierten und post-industriellen Verpackungsabfällen hergestellt. Es wird in einem patentierten Verfahren hergestellt, bei dem gemischte Kunststoffe und Aluminium unter Hitze und Druck ohne Verwendung von Bindemitteln oder Klebstoffen komprimiert werden.  </span><span data-ccp-props="{&quot;201341983&quot;:0,&quot;335559740&quot;:276}"> </span></p>
<p><span data-contrast="none">Das Material offenbart seine recycelte Herkunft auf eindrucksvolle Weise: Fragmente von Verpackungen und einzelnen Kartons bleiben auf der Oberfläche sichtbar, wodurch die Kreislaufgeschichte des Materials Teil seiner visuellen Identität wird. Die Platte ist dicht, stabil und langlebig und eignet sich daher gut für Möbel und Innenausstattungen, bei denen ein unverwechselbares und ausdrucksstarkes Material gewünscht ist.  </span><span data-ccp-props="{&quot;201341983&quot;:0,&quot;335559740&quot;:276}"> </span></p>
<p><span data-contrast="none">Da das Material vollständig aus recycelten Verpackungen hergestellt wird und innerhalb des eigenen Produktionssystems von Recoma vollständig recycelt werden kann, bietet es eine verantwortungsvolle und innovative Alternative zu herkömmlichen Plattenmaterialien. Laut der Umweltproduktdeklaration (EPD) von Recoma hat das Material einen CO2-Fußabdruck von –10,6 kg CO2e pro m2 (bei einer Plattenmasse von ca. 10,45 kg/m2, Cradle to Gate). Weitere Informationen und detaillierte Daten finden Sie auf der <span style="text-decoration: underline;"><a href="https://www.recoma.com/board/design-board">Website des Herstellers.</a></span></span></p>

<!-- This site is optimized with the Yoast SEO plugin v25.9 - https://yoast.com/wordpress/plugins/seo/ -->
<title>Recycelte Abfälle - Form &amp; Refine</title>
<meta name="robots" content="index, follow, max-snippet:-1, max-image-preview:large, max-video-preview:-1" />
<link rel="canonical" href="https://formandrefine.com/de/materials/recycelte-abfaelle/" />
<meta property="og:locale" content="de_DE" />
<meta property="og:type" content="article" />
<meta property="og:title" content="Recycelte Abfälle - Form &amp; Refine" />
<meta property="og:description" content="Für unsere Remake-Kollektion verwenden wir ein Material aus recycelten Abfällen namens Recoma Packwall Design Board. Das Material wird in Europa aus post-konsumierten und post-industriellen Verpackungsabfällen hergestellt. Es wird in einem patentierten Verfahren hergestellt, bei dem gemischte Kunststoffe und Aluminium unter Hitze und Druck ohne Verwendung von Bindemitteln oder Klebstoffen komprimiert werden.    Das Material offenbart seine [...]" />
<meta property="og:url" content="https://formandrefine.com/de/materials/recycelte-abfaelle/" />
<meta property="og:site_name" content="Form &amp; Refine" />
<meta property="og:image" content="https://formandrefine.com/wp-content/uploads/2026/03/Recoma_wide.webp" />
	<meta property="og:image:width" content="1920" />
	<meta property="og:image:height" content="1080" />
	<meta property="og:image:type" content="image/webp" />
<meta name="twitter:card" content="summary_large_image" />
<meta name="twitter:label1" content="Geschätzte Lesezeit" />
	<meta name="twitter:data1" content="1 Minute" />
<script type="application/ld+json" class="yoast-schema-graph">{"@context":"https://schema.org","@graph":[{"@type":"WebPage","@id":"https://formandrefine.com/de/materials/recycelte-abfaelle/","url":"https://formandrefine.com/de/materials/recycelte-abfaelle/","name":"Recycelte Abfälle - Form &amp; Refine","isPartOf":{"@id":"https://formandrefine.com/#website"},"primaryImageOfPage":{"@id":"https://formandrefine.com/de/materials/recycelte-abfaelle/#primaryimage"},"image":{"@id":"https://formandrefine.com/de/materials/recycelte-abfaelle/#primaryimage"},"thumbnailUrl":"https://formandrefine.com/wp-content/uploads/2026/03/Recoma_wide.webp","datePublished":"2026-03-09T08:41:46+00:00","breadcrumb":{"@id":"https://formandrefine.com/de/materials/recycelte-abfaelle/#breadcrumb"},"inLanguage":"de","potentialAction":[{"@type":"ReadAction","target":["https://formandrefine.com/de/materials/recycelte-abfaelle/"]}]},{"@type":"ImageObject","inLanguage":"de","@id":"https://formandrefine.com/de/materials/recycelte-abfaelle/#primaryimage","url":"https://formandrefine.com/wp-content/uploads/2026/03/Recoma_wide.webp","contentUrl":"https://formandrefine.com/wp-content/uploads/2026/03/Recoma_wide.webp","width":1920,"height":1080},{"@type":"BreadcrumbList","@id":"https://formandrefine.com/de/materials/recycelte-abfaelle/#breadcrumb","itemListElement":[{"@type":"ListItem","position":1,"name":"Home","item":"https://formandrefine.com/de/"},{"@type":"ListItem","position":2,"name":"Materials","item":"https://formandrefine.com/da/materials/"},{"@type":"ListItem","position":3,"name":"Recycelte Abfälle"}]},{"@type":"WebSite","@id":"https://formandrefine.com/#website","url":"https://formandrefine.com/","name":"Form &amp; Refine","description":"Form and Refine is a Danish design brand. We form collections of Nordic design that will refine as the years progress.","potentialAction":[{"@type":"SearchAction","target":{"@type":"EntryPoint","urlTemplate":"https://formandrefine.com/?s={search_term_string}"},"query-input":{"@type":"PropertyValueSpecification","valueRequired":true,"valueName":"search_term_string"}}],"inLanguage":"de"}]}</script>
<!-- / Yoast SEO plugin. -->

Recycelte Abfälle - Form &amp; Refine

Für unsere Remake-Kollektion verwenden wir ein Material aus recycelten Abfällen namens Recoma Packwall Design Board. Das Material wird in Europa aus post-konsumierten und post-industriellen Verpackungsabfällen hergestellt. Es wird in einem patentierten Verfahren hergestellt, bei dem gemischte Kunststoffe und Aluminium unter Hitze und Druck ohne Verwendung von Bindemitteln oder Klebstoffen komprimiert werden.    Das Material offenbart seine [...]
