{"id":27755,"date":"2026-03-09T09:59:42","date_gmt":"2026-03-09T08:59:42","guid":{"rendered":"https:\/\/formandrefine.com\/materials\/kiefer\/"},"modified":"2026-04-21T08:37:36","modified_gmt":"2026-04-21T06:37:36","slug":"kiefer","status":"publish","type":"adt_materials","link":"https:\/\/formandrefine.com\/de\/materials\/kiefer\/","title":{"rendered":"Kiefer"},"content":{"rendered":"<p><span data-contrast=\"none\">Kiefer ist ein nat\u00fcrlicher Rohstoff, der durch verantwortungsvolle Waldbewirtschaftung wieder aufgeforstet und erneuert werden kann. Da Holz eine wichtige Rolle in unseren Produkten spielt, legen wir gro\u00dfen Wert darauf, es aus verantwortungsvoll bewirtschafteten W\u00e4ldern zu beziehen. Das von uns verwendete Kiefernholz stammt aus FSC\u00ae-zertifizierten W\u00e4ldern in Europa und hat seinen Ursprung in Bosnien. Um den Transportaufwand zu minimieren, wird das Holz in Werkst\u00e4tten in der N\u00e4he der Quelle verarbeitet, in der Regel in einer Entfernung von maximal 100 km.\u00a0<\/span><span data-ccp-props=\"{&quot;201341983&quot;:0,&quot;335559740&quot;:276}\">\u00a0<\/span><\/p>\n<p><span data-contrast=\"none\">Wir haben Kiefer in unsere Kollektion aufgenommen, um eine Alternative zu Eiche anzubieten. Kiefer w\u00e4chst schneller als Eiche und hat ein helleres Aussehen mit besser sichtbaren Astl\u00f6chern, was ihr einen unverwechselbaren und charakteristischen Ausdruck verleiht.\u00a0<\/span><span data-ccp-props=\"{&quot;201341983&quot;:0,&quot;335559740&quot;:276}\">\u00a0<\/span><\/p>\n<p><span data-contrast=\"none\">Kiefer ist ein leichtes und vielseitiges Weichholz, das sich leicht bearbeiten l\u00e4sst und pr\u00e4zise Handwerkskunst erm\u00f6glicht. Es wird mit traditionellen Holzbearbeitungstechniken geschnitten, gehobelt und montiert, die die nat\u00fcrliche Sch\u00f6nheit des Materials hervorheben.<\/span><span data-ccp-props=\"{&quot;201341983&quot;:0,&quot;335559740&quot;:276}\">\u00a0<\/span><\/p>\n<p><span data-contrast=\"none\">Mit der Zeit entwickelt Kiefer eine warme Patina. Die Farbe ver\u00e4ndert sich von einem hellen Ton zu einem tieferen, goldenen Farbton mit sanften orangefarbenen Untert\u00f6nen, der das Leben des Holzes und seinen nat\u00fcrlichen Alterungsprozess widerspiegelt.<\/span><\/p>\n","protected":false},"featured_media":27653,"template":"","class_list":["post-27755","adt_materials","type-adt_materials","status-publish","has-post-thumbnail","hentry"],"acf":[],"yoast_head":"<!-- This site is optimized with the Yoast SEO plugin v25.9 - https:\/\/yoast.com\/wordpress\/plugins\/seo\/ -->\n<title>Kiefer - Form &amp; Refine<\/title>\n<meta name=\"robots\" content=\"index, follow, max-snippet:-1, max-image-preview:large, max-video-preview:-1\" \/>\n<link rel=\"canonical\" href=\"https:\/\/formandrefine.com\/de\/materials\/kiefer\/\" \/>\n<meta property=\"og:locale\" content=\"de_DE\" \/>\n<meta property=\"og:type\" content=\"article\" \/>\n<meta property=\"og:title\" content=\"Kiefer - Form &amp; Refine\" \/>\n<meta property=\"og:description\" content=\"Kiefer ist ein nat\u00fcrlicher Rohstoff, der durch verantwortungsvolle Waldbewirtschaftung wieder aufgeforstet und erneuert werden kann. Da Holz eine wichtige Rolle in unseren Produkten spielt, legen wir gro\u00dfen Wert darauf, es aus verantwortungsvoll bewirtschafteten W\u00e4ldern zu beziehen. Das von uns verwendete Kiefernholz stammt aus FSC\u00ae-zertifizierten W\u00e4ldern in Europa und hat seinen Ursprung in Bosnien. Um den [...]\" \/>\n<meta property=\"og:url\" content=\"https:\/\/formandrefine.com\/de\/materials\/kiefer\/\" \/>\n<meta property=\"og:site_name\" content=\"Form &amp; Refine\" \/>\n<meta property=\"article:modified_time\" content=\"2026-04-21T06:37:36+00:00\" \/>\n<meta property=\"og:image\" content=\"https:\/\/formandrefine.com\/wp-content\/uploads\/2026\/03\/Pine_wide.webp\" \/>\n\t<meta property=\"og:image:width\" content=\"1920\" \/>\n\t<meta property=\"og:image:height\" content=\"1080\" \/>\n\t<meta property=\"og:image:type\" content=\"image\/webp\" \/>\n<meta name=\"twitter:card\" content=\"summary_large_image\" \/>\n<meta name=\"twitter:label1\" content=\"Gesch\u00e4tzte Lesezeit\" \/>\n\t<meta name=\"twitter:data1\" content=\"1\u00a0Minute\" \/>\n<script type=\"application\/ld+json\" class=\"yoast-schema-graph\">{\"@context\":\"https:\/\/schema.org\",\"@graph\":[{\"@type\":\"WebPage\",\"@id\":\"https:\/\/formandrefine.com\/de\/materials\/kiefer\/\",\"url\":\"https:\/\/formandrefine.com\/de\/materials\/kiefer\/\",\"name\":\"Kiefer - Form &amp; Refine\",\"isPartOf\":{\"@id\":\"https:\/\/formandrefine.com\/#website\"},\"primaryImageOfPage\":{\"@id\":\"https:\/\/formandrefine.com\/de\/materials\/kiefer\/#primaryimage\"},\"image\":{\"@id\":\"https:\/\/formandrefine.com\/de\/materials\/kiefer\/#primaryimage\"},\"thumbnailUrl\":\"https:\/\/formandrefine.com\/wp-content\/uploads\/2026\/03\/Pine_wide.webp\",\"datePublished\":\"2026-03-09T08:59:42+00:00\",\"dateModified\":\"2026-04-21T06:37:36+00:00\",\"breadcrumb\":{\"@id\":\"https:\/\/formandrefine.com\/de\/materials\/kiefer\/#breadcrumb\"},\"inLanguage\":\"de\",\"potentialAction\":[{\"@type\":\"ReadAction\",\"target\":[\"https:\/\/formandrefine.com\/de\/materials\/kiefer\/\"]}]},{\"@type\":\"ImageObject\",\"inLanguage\":\"de\",\"@id\":\"https:\/\/formandrefine.com\/de\/materials\/kiefer\/#primaryimage\",\"url\":\"https:\/\/formandrefine.com\/wp-content\/uploads\/2026\/03\/Pine_wide.webp\",\"contentUrl\":\"https:\/\/formandrefine.com\/wp-content\/uploads\/2026\/03\/Pine_wide.webp\",\"width\":1920,\"height\":1080},{\"@type\":\"BreadcrumbList\",\"@id\":\"https:\/\/formandrefine.com\/de\/materials\/kiefer\/#breadcrumb\",\"itemListElement\":[{\"@type\":\"ListItem\",\"position\":1,\"name\":\"Home\",\"item\":\"https:\/\/formandrefine.com\/de\/\"},{\"@type\":\"ListItem\",\"position\":2,\"name\":\"Materials\",\"item\":\"https:\/\/formandrefine.com\/da\/materials\/\"},{\"@type\":\"ListItem\",\"position\":3,\"name\":\"Kiefer\"}]},{\"@type\":\"WebSite\",\"@id\":\"https:\/\/formandrefine.com\/#website\",\"url\":\"https:\/\/formandrefine.com\/\",\"name\":\"Form &amp; Refine\",\"description\":\"Form and Refine is a Danish design brand. We form collections of Nordic design that will refine as the years progress.\",\"potentialAction\":[{\"@type\":\"SearchAction\",\"target\":{\"@type\":\"EntryPoint\",\"urlTemplate\":\"https:\/\/formandrefine.com\/?s={search_term_string}\"},\"query-input\":{\"@type\":\"PropertyValueSpecification\",\"valueRequired\":true,\"valueName\":\"search_term_string\"}}],\"inLanguage\":\"de\"}]}<\/script>\n<!-- \/ Yoast SEO plugin. -->","yoast_head_json":{"title":"Kiefer - Form &amp; Refine","robots":{"index":"index","follow":"follow","max-snippet":"max-snippet:-1","max-image-preview":"max-image-preview:large","max-video-preview":"max-video-preview:-1"},"canonical":"https:\/\/formandrefine.com\/de\/materials\/kiefer\/","og_locale":"de_DE","og_type":"article","og_title":"Kiefer - Form &amp; Refine","og_description":"Kiefer ist ein nat\u00fcrlicher Rohstoff, der durch verantwortungsvolle Waldbewirtschaftung wieder aufgeforstet und erneuert werden kann. Da Holz eine wichtige Rolle in unseren Produkten spielt, legen wir gro\u00dfen Wert darauf, es aus verantwortungsvoll bewirtschafteten W\u00e4ldern zu beziehen. Das von uns verwendete Kiefernholz stammt aus FSC\u00ae-zertifizierten W\u00e4ldern in Europa und hat seinen Ursprung in Bosnien. Um den [...]","og_url":"https:\/\/formandrefine.com\/de\/materials\/kiefer\/","og_site_name":"Form &amp; Refine","article_modified_time":"2026-04-21T06:37:36+00:00","og_image":[{"width":1920,"height":1080,"url":"https:\/\/formandrefine.com\/wp-content\/uploads\/2026\/03\/Pine_wide.webp","type":"image\/webp"}],"twitter_card":"summary_large_image","twitter_misc":{"Gesch\u00e4tzte Lesezeit":"1\u00a0Minute"},"schema":{"@context":"https:\/\/schema.org","@graph":[{"@type":"WebPage","@id":"https:\/\/formandrefine.com\/de\/materials\/kiefer\/","url":"https:\/\/formandrefine.com\/de\/materials\/kiefer\/","name":"Kiefer - Form &amp; Refine","isPartOf":{"@id":"https:\/\/formandrefine.com\/#website"},"primaryImageOfPage":{"@id":"https:\/\/formandrefine.com\/de\/materials\/kiefer\/#primaryimage"},"image":{"@id":"https:\/\/formandrefine.com\/de\/materials\/kiefer\/#primaryimage"},"thumbnailUrl":"https:\/\/formandrefine.com\/wp-content\/uploads\/2026\/03\/Pine_wide.webp","datePublished":"2026-03-09T08:59:42+00:00","dateModified":"2026-04-21T06:37:36+00:00","breadcrumb":{"@id":"https:\/\/formandrefine.com\/de\/materials\/kiefer\/#breadcrumb"},"inLanguage":"de","potentialAction":[{"@type":"ReadAction","target":["https:\/\/formandrefine.com\/de\/materials\/kiefer\/"]}]},{"@type":"ImageObject","inLanguage":"de","@id":"https:\/\/formandrefine.com\/de\/materials\/kiefer\/#primaryimage","url":"https:\/\/formandrefine.com\/wp-content\/uploads\/2026\/03\/Pine_wide.webp","contentUrl":"https:\/\/formandrefine.com\/wp-content\/uploads\/2026\/03\/Pine_wide.webp","width":1920,"height":1080},{"@type":"BreadcrumbList","@id":"https:\/\/formandrefine.com\/de\/materials\/kiefer\/#breadcrumb","itemListElement":[{"@type":"ListItem","position":1,"name":"Home","item":"https:\/\/formandrefine.com\/de\/"},{"@type":"ListItem","position":2,"name":"Materials","item":"https:\/\/formandrefine.com\/da\/materials\/"},{"@type":"ListItem","position":3,"name":"Kiefer"}]},{"@type":"WebSite","@id":"https:\/\/formandrefine.com\/#website","url":"https:\/\/formandrefine.com\/","name":"Form &amp; Refine","description":"Form and Refine is a Danish design brand. We form collections of Nordic design that will refine as the years progress.","potentialAction":[{"@type":"SearchAction","target":{"@type":"EntryPoint","urlTemplate":"https:\/\/formandrefine.com\/?s={search_term_string}"},"query-input":{"@type":"PropertyValueSpecification","valueRequired":true,"valueName":"search_term_string"}}],"inLanguage":"de"}]}},"_links":{"self":[{"href":"https:\/\/formandrefine.com\/de\/wp-json\/wp\/v2\/adt_materials\/27755","targetHints":{"allow":["GET"]}}],"collection":[{"href":"https:\/\/formandrefine.com\/de\/wp-json\/wp\/v2\/adt_materials"}],"about":[{"href":"https:\/\/formandrefine.com\/de\/wp-json\/wp\/v2\/types\/adt_materials"}],"wp:featuredmedia":[{"embeddable":true,"href":"https:\/\/formandrefine.com\/de\/wp-json\/wp\/v2\/media\/27653"}],"wp:attachment":[{"href":"https:\/\/formandrefine.com\/de\/wp-json\/wp\/v2\/media?parent=27755"}],"curies":[{"name":"wp","href":"https:\/\/api.w.org\/{rel}","templated":true}]}}

<p><span data-contrast="none">Kiefer ist ein natürlicher Rohstoff, der durch verantwortungsvolle Waldbewirtschaftung wieder aufgeforstet und erneuert werden kann. Da Holz eine wichtige Rolle in unseren Produkten spielt, legen wir großen Wert darauf, es aus verantwortungsvoll bewirtschafteten Wäldern zu beziehen. Das von uns verwendete Kiefernholz stammt aus FSC®-zertifizierten Wäldern in Europa und hat seinen Ursprung in Bosnien. Um den Transportaufwand zu minimieren, wird das Holz in Werkstätten in der Nähe der Quelle verarbeitet, in der Regel in einer Entfernung von maximal 100 km. </span><span data-ccp-props="{&quot;201341983&quot;:0,&quot;335559740&quot;:276}"> </span></p>
<p><span data-contrast="none">Wir haben Kiefer in unsere Kollektion aufgenommen, um eine Alternative zu Eiche anzubieten. Kiefer wächst schneller als Eiche und hat ein helleres Aussehen mit besser sichtbaren Astlöchern, was ihr einen unverwechselbaren und charakteristischen Ausdruck verleiht. </span><span data-ccp-props="{&quot;201341983&quot;:0,&quot;335559740&quot;:276}"> </span></p>
<p><span data-contrast="none">Kiefer ist ein leichtes und vielseitiges Weichholz, das sich leicht bearbeiten lässt und präzise Handwerkskunst ermöglicht. Es wird mit traditionellen Holzbearbeitungstechniken geschnitten, gehobelt und montiert, die die natürliche Schönheit des Materials hervorheben.</span><span data-ccp-props="{&quot;201341983&quot;:0,&quot;335559740&quot;:276}"> </span></p>
<p><span data-contrast="none">Mit der Zeit entwickelt Kiefer eine warme Patina. Die Farbe verändert sich von einem hellen Ton zu einem tieferen, goldenen Farbton mit sanften orangefarbenen Untertönen, der das Leben des Holzes und seinen natürlichen Alterungsprozess widerspiegelt.</span></p>

<!-- This site is optimized with the Yoast SEO plugin v25.9 - https://yoast.com/wordpress/plugins/seo/ -->
<title>Kiefer - Form &amp; Refine</title>
<meta name="robots" content="index, follow, max-snippet:-1, max-image-preview:large, max-video-preview:-1" />
<link rel="canonical" href="https://formandrefine.com/de/materials/kiefer/" />
<meta property="og:locale" content="de_DE" />
<meta property="og:type" content="article" />
<meta property="og:title" content="Kiefer - Form &amp; Refine" />
<meta property="og:description" content="Kiefer ist ein natürlicher Rohstoff, der durch verantwortungsvolle Waldbewirtschaftung wieder aufgeforstet und erneuert werden kann. Da Holz eine wichtige Rolle in unseren Produkten spielt, legen wir großen Wert darauf, es aus verantwortungsvoll bewirtschafteten Wäldern zu beziehen. Das von uns verwendete Kiefernholz stammt aus FSC®-zertifizierten Wäldern in Europa und hat seinen Ursprung in Bosnien. Um den [...]" />
<meta property="og:url" content="https://formandrefine.com/de/materials/kiefer/" />
<meta property="og:site_name" content="Form &amp; Refine" />
<meta property="article:modified_time" content="2026-04-21T06:37:36+00:00" />
<meta property="og:image" content="https://formandrefine.com/wp-content/uploads/2026/03/Pine_wide.webp" />
	<meta property="og:image:width" content="1920" />
	<meta property="og:image:height" content="1080" />
	<meta property="og:image:type" content="image/webp" />
<meta name="twitter:card" content="summary_large_image" />
<meta name="twitter:label1" content="Geschätzte Lesezeit" />
	<meta name="twitter:data1" content="1 Minute" />
<script type="application/ld+json" class="yoast-schema-graph">{"@context":"https://schema.org","@graph":[{"@type":"WebPage","@id":"https://formandrefine.com/de/materials/kiefer/","url":"https://formandrefine.com/de/materials/kiefer/","name":"Kiefer - Form &amp; Refine","isPartOf":{"@id":"https://formandrefine.com/#website"},"primaryImageOfPage":{"@id":"https://formandrefine.com/de/materials/kiefer/#primaryimage"},"image":{"@id":"https://formandrefine.com/de/materials/kiefer/#primaryimage"},"thumbnailUrl":"https://formandrefine.com/wp-content/uploads/2026/03/Pine_wide.webp","datePublished":"2026-03-09T08:59:42+00:00","dateModified":"2026-04-21T06:37:36+00:00","breadcrumb":{"@id":"https://formandrefine.com/de/materials/kiefer/#breadcrumb"},"inLanguage":"de","potentialAction":[{"@type":"ReadAction","target":["https://formandrefine.com/de/materials/kiefer/"]}]},{"@type":"ImageObject","inLanguage":"de","@id":"https://formandrefine.com/de/materials/kiefer/#primaryimage","url":"https://formandrefine.com/wp-content/uploads/2026/03/Pine_wide.webp","contentUrl":"https://formandrefine.com/wp-content/uploads/2026/03/Pine_wide.webp","width":1920,"height":1080},{"@type":"BreadcrumbList","@id":"https://formandrefine.com/de/materials/kiefer/#breadcrumb","itemListElement":[{"@type":"ListItem","position":1,"name":"Home","item":"https://formandrefine.com/de/"},{"@type":"ListItem","position":2,"name":"Materials","item":"https://formandrefine.com/da/materials/"},{"@type":"ListItem","position":3,"name":"Kiefer"}]},{"@type":"WebSite","@id":"https://formandrefine.com/#website","url":"https://formandrefine.com/","name":"Form &amp; Refine","description":"Form and Refine is a Danish design brand. We form collections of Nordic design that will refine as the years progress.","potentialAction":[{"@type":"SearchAction","target":{"@type":"EntryPoint","urlTemplate":"https://formandrefine.com/?s={search_term_string}"},"query-input":{"@type":"PropertyValueSpecification","valueRequired":true,"valueName":"search_term_string"}}],"inLanguage":"de"}]}</script>
<!-- / Yoast SEO plugin. -->

Kiefer ist ein natürlicher Rohstoff, der durch verantwortungsvolle Waldbewirtschaftung wieder aufgeforstet und erneuert werden kann. Da Holz eine wichtige Rolle in unseren Produkten spielt, legen wir großen Wert darauf, es aus verantwortungsvoll bewirtschafteten Wäldern zu beziehen. Das von uns verwendete Kiefernholz stammt aus FSC®-zertifizierten Wäldern in Europa und hat seinen Ursprung in Bosnien. Um den [...]
