{"id":27756,"date":"2026-03-09T10:01:39","date_gmt":"2026-03-09T09:01:39","guid":{"rendered":"https:\/\/formandrefine.com\/materials\/stahl\/"},"modified":"2026-03-09T10:01:39","modified_gmt":"2026-03-09T09:01:39","slug":"stahl","status":"publish","type":"adt_materials","link":"https:\/\/formandrefine.com\/de\/materials\/stahl\/","title":{"rendered":"Stahl"},"content":{"rendered":"<p><span data-contrast=\"none\">Stahl ist ein robustes, recycelbares Material. Dank seiner Festigkeit und Langlebigkeit eignet er sich ideal f\u00fcr langlebige M\u00f6belkomponenten. Seine glatte, k\u00fchle Oberfl\u00e4che und seine subtile Reflektionsf\u00e4higkeit verleihen ihm ein klares, modernes Aussehen. Je nach Oberfl\u00e4chenbehandlung kann Stahl elegant und minimalistisch wirken oder einen eher taktilen, strukturierten Charakter erhalten. Dank dieser Eigenschaften k\u00f6nnen wir Stahl sowohl strukturell als auch als sichtbares, ausdrucksstarkes Element in unseren Designs einsetzen, das nat\u00fcrliche Materialien wie Holz und Stein erg\u00e4nzt.<\/span><span data-ccp-props=\"{&quot;201341983&quot;:0,&quot;335559740&quot;:276}\">\u00a0<\/span><\/p>\n<p><span data-contrast=\"none\">Da Stahl ohne Qualit\u00e4tsverlust recycelt werden kann, passt er gut zu unserem Engagement f\u00fcr Kreislaufwirtschaft und Langlebigkeit im Design.<\/span><span data-ccp-props=\"{&quot;201341983&quot;:0,&quot;335559740&quot;:276}\">\u00a0<\/span><\/p>\n","protected":false},"featured_media":27651,"template":"","class_list":["post-27756","adt_materials","type-adt_materials","status-publish","has-post-thumbnail","hentry"],"acf":[],"yoast_head":"<!-- This site is optimized with the Yoast SEO plugin v25.9 - https:\/\/yoast.com\/wordpress\/plugins\/seo\/ -->\n<title>Stahl - Form &amp; Refine<\/title>\n<meta name=\"robots\" content=\"index, follow, max-snippet:-1, max-image-preview:large, max-video-preview:-1\" \/>\n<link rel=\"canonical\" href=\"https:\/\/formandrefine.com\/de\/materials\/stahl\/\" \/>\n<meta property=\"og:locale\" content=\"de_DE\" \/>\n<meta property=\"og:type\" content=\"article\" \/>\n<meta property=\"og:title\" content=\"Stahl - Form &amp; Refine\" \/>\n<meta property=\"og:description\" content=\"Stahl ist ein robustes, recycelbares Material. Dank seiner Festigkeit und Langlebigkeit eignet er sich ideal f\u00fcr langlebige M\u00f6belkomponenten. Seine glatte, k\u00fchle Oberfl\u00e4che und seine subtile Reflektionsf\u00e4higkeit verleihen ihm ein klares, modernes Aussehen. Je nach Oberfl\u00e4chenbehandlung kann Stahl elegant und minimalistisch wirken oder einen eher taktilen, strukturierten Charakter erhalten. Dank dieser Eigenschaften k\u00f6nnen wir Stahl sowohl [...]\" \/>\n<meta property=\"og:url\" content=\"https:\/\/formandrefine.com\/de\/materials\/stahl\/\" \/>\n<meta property=\"og:site_name\" content=\"Form &amp; Refine\" \/>\n<meta property=\"og:image\" content=\"https:\/\/formandrefine.com\/wp-content\/uploads\/2026\/03\/Steel_wide.webp\" \/>\n\t<meta property=\"og:image:width\" content=\"1920\" \/>\n\t<meta property=\"og:image:height\" content=\"1080\" \/>\n\t<meta property=\"og:image:type\" content=\"image\/webp\" \/>\n<meta name=\"twitter:card\" content=\"summary_large_image\" \/>\n<meta name=\"twitter:label1\" content=\"Gesch\u00e4tzte Lesezeit\" \/>\n\t<meta name=\"twitter:data1\" content=\"1\u00a0Minute\" \/>\n<script type=\"application\/ld+json\" class=\"yoast-schema-graph\">{\"@context\":\"https:\/\/schema.org\",\"@graph\":[{\"@type\":\"WebPage\",\"@id\":\"https:\/\/formandrefine.com\/de\/materials\/stahl\/\",\"url\":\"https:\/\/formandrefine.com\/de\/materials\/stahl\/\",\"name\":\"Stahl - Form &amp; Refine\",\"isPartOf\":{\"@id\":\"https:\/\/formandrefine.com\/#website\"},\"primaryImageOfPage\":{\"@id\":\"https:\/\/formandrefine.com\/de\/materials\/stahl\/#primaryimage\"},\"image\":{\"@id\":\"https:\/\/formandrefine.com\/de\/materials\/stahl\/#primaryimage\"},\"thumbnailUrl\":\"https:\/\/formandrefine.com\/wp-content\/uploads\/2026\/03\/Steel_wide.webp\",\"datePublished\":\"2026-03-09T09:01:39+00:00\",\"breadcrumb\":{\"@id\":\"https:\/\/formandrefine.com\/de\/materials\/stahl\/#breadcrumb\"},\"inLanguage\":\"de\",\"potentialAction\":[{\"@type\":\"ReadAction\",\"target\":[\"https:\/\/formandrefine.com\/de\/materials\/stahl\/\"]}]},{\"@type\":\"ImageObject\",\"inLanguage\":\"de\",\"@id\":\"https:\/\/formandrefine.com\/de\/materials\/stahl\/#primaryimage\",\"url\":\"https:\/\/formandrefine.com\/wp-content\/uploads\/2026\/03\/Steel_wide.webp\",\"contentUrl\":\"https:\/\/formandrefine.com\/wp-content\/uploads\/2026\/03\/Steel_wide.webp\",\"width\":1920,\"height\":1080},{\"@type\":\"BreadcrumbList\",\"@id\":\"https:\/\/formandrefine.com\/de\/materials\/stahl\/#breadcrumb\",\"itemListElement\":[{\"@type\":\"ListItem\",\"position\":1,\"name\":\"Home\",\"item\":\"https:\/\/formandrefine.com\/de\/\"},{\"@type\":\"ListItem\",\"position\":2,\"name\":\"Materials\",\"item\":\"https:\/\/formandrefine.com\/da\/materials\/\"},{\"@type\":\"ListItem\",\"position\":3,\"name\":\"Stahl\"}]},{\"@type\":\"WebSite\",\"@id\":\"https:\/\/formandrefine.com\/#website\",\"url\":\"https:\/\/formandrefine.com\/\",\"name\":\"Form &amp; Refine\",\"description\":\"Form and Refine is a Danish design brand. We form collections of Nordic design that will refine as the years progress.\",\"potentialAction\":[{\"@type\":\"SearchAction\",\"target\":{\"@type\":\"EntryPoint\",\"urlTemplate\":\"https:\/\/formandrefine.com\/?s={search_term_string}\"},\"query-input\":{\"@type\":\"PropertyValueSpecification\",\"valueRequired\":true,\"valueName\":\"search_term_string\"}}],\"inLanguage\":\"de\"}]}<\/script>\n<!-- \/ Yoast SEO plugin. -->","yoast_head_json":{"title":"Stahl - Form &amp; Refine","robots":{"index":"index","follow":"follow","max-snippet":"max-snippet:-1","max-image-preview":"max-image-preview:large","max-video-preview":"max-video-preview:-1"},"canonical":"https:\/\/formandrefine.com\/de\/materials\/stahl\/","og_locale":"de_DE","og_type":"article","og_title":"Stahl - Form &amp; Refine","og_description":"Stahl ist ein robustes, recycelbares Material. Dank seiner Festigkeit und Langlebigkeit eignet er sich ideal f\u00fcr langlebige M\u00f6belkomponenten. Seine glatte, k\u00fchle Oberfl\u00e4che und seine subtile Reflektionsf\u00e4higkeit verleihen ihm ein klares, modernes Aussehen. Je nach Oberfl\u00e4chenbehandlung kann Stahl elegant und minimalistisch wirken oder einen eher taktilen, strukturierten Charakter erhalten. Dank dieser Eigenschaften k\u00f6nnen wir Stahl sowohl [...]","og_url":"https:\/\/formandrefine.com\/de\/materials\/stahl\/","og_site_name":"Form &amp; Refine","og_image":[{"width":1920,"height":1080,"url":"https:\/\/formandrefine.com\/wp-content\/uploads\/2026\/03\/Steel_wide.webp","type":"image\/webp"}],"twitter_card":"summary_large_image","twitter_misc":{"Gesch\u00e4tzte Lesezeit":"1\u00a0Minute"},"schema":{"@context":"https:\/\/schema.org","@graph":[{"@type":"WebPage","@id":"https:\/\/formandrefine.com\/de\/materials\/stahl\/","url":"https:\/\/formandrefine.com\/de\/materials\/stahl\/","name":"Stahl - Form &amp; Refine","isPartOf":{"@id":"https:\/\/formandrefine.com\/#website"},"primaryImageOfPage":{"@id":"https:\/\/formandrefine.com\/de\/materials\/stahl\/#primaryimage"},"image":{"@id":"https:\/\/formandrefine.com\/de\/materials\/stahl\/#primaryimage"},"thumbnailUrl":"https:\/\/formandrefine.com\/wp-content\/uploads\/2026\/03\/Steel_wide.webp","datePublished":"2026-03-09T09:01:39+00:00","breadcrumb":{"@id":"https:\/\/formandrefine.com\/de\/materials\/stahl\/#breadcrumb"},"inLanguage":"de","potentialAction":[{"@type":"ReadAction","target":["https:\/\/formandrefine.com\/de\/materials\/stahl\/"]}]},{"@type":"ImageObject","inLanguage":"de","@id":"https:\/\/formandrefine.com\/de\/materials\/stahl\/#primaryimage","url":"https:\/\/formandrefine.com\/wp-content\/uploads\/2026\/03\/Steel_wide.webp","contentUrl":"https:\/\/formandrefine.com\/wp-content\/uploads\/2026\/03\/Steel_wide.webp","width":1920,"height":1080},{"@type":"BreadcrumbList","@id":"https:\/\/formandrefine.com\/de\/materials\/stahl\/#breadcrumb","itemListElement":[{"@type":"ListItem","position":1,"name":"Home","item":"https:\/\/formandrefine.com\/de\/"},{"@type":"ListItem","position":2,"name":"Materials","item":"https:\/\/formandrefine.com\/da\/materials\/"},{"@type":"ListItem","position":3,"name":"Stahl"}]},{"@type":"WebSite","@id":"https:\/\/formandrefine.com\/#website","url":"https:\/\/formandrefine.com\/","name":"Form &amp; Refine","description":"Form and Refine is a Danish design brand. We form collections of Nordic design that will refine as the years progress.","potentialAction":[{"@type":"SearchAction","target":{"@type":"EntryPoint","urlTemplate":"https:\/\/formandrefine.com\/?s={search_term_string}"},"query-input":{"@type":"PropertyValueSpecification","valueRequired":true,"valueName":"search_term_string"}}],"inLanguage":"de"}]}},"_links":{"self":[{"href":"https:\/\/formandrefine.com\/de\/wp-json\/wp\/v2\/adt_materials\/27756","targetHints":{"allow":["GET"]}}],"collection":[{"href":"https:\/\/formandrefine.com\/de\/wp-json\/wp\/v2\/adt_materials"}],"about":[{"href":"https:\/\/formandrefine.com\/de\/wp-json\/wp\/v2\/types\/adt_materials"}],"wp:featuredmedia":[{"embeddable":true,"href":"https:\/\/formandrefine.com\/de\/wp-json\/wp\/v2\/media\/27651"}],"wp:attachment":[{"href":"https:\/\/formandrefine.com\/de\/wp-json\/wp\/v2\/media?parent=27756"}],"curies":[{"name":"wp","href":"https:\/\/api.w.org\/{rel}","templated":true}]}}

<p><span data-contrast="none">Stahl ist ein robustes, recycelbares Material. Dank seiner Festigkeit und Langlebigkeit eignet er sich ideal für langlebige Möbelkomponenten. Seine glatte, kühle Oberfläche und seine subtile Reflektionsfähigkeit verleihen ihm ein klares, modernes Aussehen. Je nach Oberflächenbehandlung kann Stahl elegant und minimalistisch wirken oder einen eher taktilen, strukturierten Charakter erhalten. Dank dieser Eigenschaften können wir Stahl sowohl strukturell als auch als sichtbares, ausdrucksstarkes Element in unseren Designs einsetzen, das natürliche Materialien wie Holz und Stein ergänzt.</span><span data-ccp-props="{&quot;201341983&quot;:0,&quot;335559740&quot;:276}"> </span></p>
<p><span data-contrast="none">Da Stahl ohne Qualitätsverlust recycelt werden kann, passt er gut zu unserem Engagement für Kreislaufwirtschaft und Langlebigkeit im Design.</span><span data-ccp-props="{&quot;201341983&quot;:0,&quot;335559740&quot;:276}"> </span></p>

<!-- This site is optimized with the Yoast SEO plugin v25.9 - https://yoast.com/wordpress/plugins/seo/ -->
<title>Stahl - Form &amp; Refine</title>
<meta name="robots" content="index, follow, max-snippet:-1, max-image-preview:large, max-video-preview:-1" />
<link rel="canonical" href="https://formandrefine.com/de/materials/stahl/" />
<meta property="og:locale" content="de_DE" />
<meta property="og:type" content="article" />
<meta property="og:title" content="Stahl - Form &amp; Refine" />
<meta property="og:description" content="Stahl ist ein robustes, recycelbares Material. Dank seiner Festigkeit und Langlebigkeit eignet er sich ideal für langlebige Möbelkomponenten. Seine glatte, kühle Oberfläche und seine subtile Reflektionsfähigkeit verleihen ihm ein klares, modernes Aussehen. Je nach Oberflächenbehandlung kann Stahl elegant und minimalistisch wirken oder einen eher taktilen, strukturierten Charakter erhalten. Dank dieser Eigenschaften können wir Stahl sowohl [...]" />
<meta property="og:url" content="https://formandrefine.com/de/materials/stahl/" />
<meta property="og:site_name" content="Form &amp; Refine" />
<meta property="og:image" content="https://formandrefine.com/wp-content/uploads/2026/03/Steel_wide.webp" />
	<meta property="og:image:width" content="1920" />
	<meta property="og:image:height" content="1080" />
	<meta property="og:image:type" content="image/webp" />
<meta name="twitter:card" content="summary_large_image" />
<meta name="twitter:label1" content="Geschätzte Lesezeit" />
	<meta name="twitter:data1" content="1 Minute" />
<script type="application/ld+json" class="yoast-schema-graph">{"@context":"https://schema.org","@graph":[{"@type":"WebPage","@id":"https://formandrefine.com/de/materials/stahl/","url":"https://formandrefine.com/de/materials/stahl/","name":"Stahl - Form &amp; Refine","isPartOf":{"@id":"https://formandrefine.com/#website"},"primaryImageOfPage":{"@id":"https://formandrefine.com/de/materials/stahl/#primaryimage"},"image":{"@id":"https://formandrefine.com/de/materials/stahl/#primaryimage"},"thumbnailUrl":"https://formandrefine.com/wp-content/uploads/2026/03/Steel_wide.webp","datePublished":"2026-03-09T09:01:39+00:00","breadcrumb":{"@id":"https://formandrefine.com/de/materials/stahl/#breadcrumb"},"inLanguage":"de","potentialAction":[{"@type":"ReadAction","target":["https://formandrefine.com/de/materials/stahl/"]}]},{"@type":"ImageObject","inLanguage":"de","@id":"https://formandrefine.com/de/materials/stahl/#primaryimage","url":"https://formandrefine.com/wp-content/uploads/2026/03/Steel_wide.webp","contentUrl":"https://formandrefine.com/wp-content/uploads/2026/03/Steel_wide.webp","width":1920,"height":1080},{"@type":"BreadcrumbList","@id":"https://formandrefine.com/de/materials/stahl/#breadcrumb","itemListElement":[{"@type":"ListItem","position":1,"name":"Home","item":"https://formandrefine.com/de/"},{"@type":"ListItem","position":2,"name":"Materials","item":"https://formandrefine.com/da/materials/"},{"@type":"ListItem","position":3,"name":"Stahl"}]},{"@type":"WebSite","@id":"https://formandrefine.com/#website","url":"https://formandrefine.com/","name":"Form &amp; Refine","description":"Form and Refine is a Danish design brand. We form collections of Nordic design that will refine as the years progress.","potentialAction":[{"@type":"SearchAction","target":{"@type":"EntryPoint","urlTemplate":"https://formandrefine.com/?s={search_term_string}"},"query-input":{"@type":"PropertyValueSpecification","valueRequired":true,"valueName":"search_term_string"}}],"inLanguage":"de"}]}</script>
<!-- / Yoast SEO plugin. -->

Stahl ist ein robustes, recycelbares Material. Dank seiner Festigkeit und Langlebigkeit eignet er sich ideal für langlebige Möbelkomponenten. Seine glatte, kühle Oberfläche und seine subtile Reflektionsfähigkeit verleihen ihm ein klares, modernes Aussehen. Je nach Oberflächenbehandlung kann Stahl elegant und minimalistisch wirken oder einen eher taktilen, strukturierten Charakter erhalten. Dank dieser Eigenschaften können wir Stahl sowohl [...]
